000
CXUS53 KIND 011539
CLMLAF
CLIMATE REPORT
NATIONAL WEATHER SERVICE INDIANAPOLIS IN
1139 AM EDT MON MAY 01 2023
...................................
...THE LAFAYETTE IN CLIMATE SUMMARY FOR THE MONTH OF APRIL 2023...
CLIMATE NORMAL PERIOD 1991 TO 2020
CLIMATE RECORD PERIOD 9999 TO 9999
WEATHER OBSERVED NORMAL DEPART LAST YEAR`S
VALUE DATE(S) VALUE FROM VALUE DATE(S)
NORMAL
................................................................
TEMPERATURE (F)
HIGHEST 83 04/20 83 04/23
LOWEST 27 04/18 28 04/02
04/24
04/10
AVG. MAXIMUM 64.9 61.9 3.0 59.8
AVG. MINIMUM 39.1 40.3 -1.2 39.5
MEAN 52.0 51.1 0.9 49.6
DAYS MAX >= 90 0 0.0 0.0 0
DAYS MAX <= 32 0 0.0 0.0 0
DAYS MIN <= 32 7 5.6 1.4 10
DAYS MIN <= 0 0 0.0 0.0 0
PRECIPITATION (INCHES)
TOTALS 1.20R 3.84 -2.64 2.01
DAILY AVG. 0.04 0.13 -0.09 0.07
DAYS >= .01 6 11.6 -5.6 11
DAYS >= .10 2 7.3 -5.3 4
DAYS >= .50 1 2.7 -1.7 1
DAYS >= 1.00 0 1.0 -1.0 0
GREATEST
24 HR. TOTAL 0.78 04/20 TO 04/20
DEGREE DAYS
HEATING TOTAL 393 425 -32 467
SINCE 7/1 5003 5631 -628 MM
COOLING TOTAL 11 8 3 13
SINCE 1/1 11 10 1 MM
................................................................
WIND (MPH)
AVERAGE WIND SPEED 7.9
HIGHEST WIND SPEED/DIRECTION 38/270 DATE 04/01
HIGHEST GUST SPEED/DIRECTION 53/240 DATE 04/01
SKY COVER
AVERAGE SKY COVER 0.34
AVERAGE RH (PERCENT) 62
WEATHER CONDITIONS. NUMBER OF DAYS WITH
THUNDERSTORM 2 MIXED PRECIP 0
HEAVY RAIN 1 RAIN 3
LIGHT RAIN 14 FREEZING RAIN 0
LT FREEZING RAIN 0 HAIL 0
HEAVY SNOW 0 SNOW 0
LIGHT SNOW 1 SLEET 0
FOG 8 FOG W/VIS <= 1/4 MILE 0
HAZE 3
- INDICATES NEGATIVE NUMBERS.
R INDICATES RECORD WAS SET OR TIED.
MM INDICATES DATA IS MISSING.
T INDICATES TRACE AMOUNT.
$$