000
CXUS52 KTBW 020049
CF6LAL
PRELIMINARY LOCAL CLIMATOLOGICAL DATA (WS FORM: F-6)
STATION: LAKELAND LINDER
MONTH: MARCH
YEAR: 2022
LATITUDE: 28 0 N
LONGITUDE: 82 3 W
TEMPERATURE IN F: :PCPN: SNOW: WIND :SUNSHINE: SKY :PK WND
================================================================================
1 2 3 4 5 6A 6B 7 8 9 10 11 12 13 14 15 16 17 18
12Z AVG MX 2MIN
DY MAX MIN AVG DEP HDD CDD WTR SNW DPTH SPD SPD DIR MIN PSBL S-S WX SPD DR
================================================================================
1 83 58 71 4 0 6 0.00 0.0 0 6.2 9 30 M M 8 17 40
2 80 49 65 -2 0 0 0.00 0.0 0 3.6 12 30 M M 0 M M
3 83 50 67 0 0 2 0.00 0.0 0 1.8 6 80 M M 1 M M
4 85 55 70 3 0 5 0.00 0.0 0 5.3 12 90 M M 1 20 90
5 87 60 74 7 0 9 0.00 0.0 0 10.4 18 90 M M 1 23 110
6 87 64 76 9 0 11 0.00 0.0 0 10.5 18 120 M M 2 27 120
7 86 65 76 8 0 11 0.00 0.0 0 6.9 15 230 M M 4 21 230
8 88 67 78 10 0 13 0.32 0.0 0 4.4 12 270 M M 6 17 250
9 84 66 75 7 0 10 0.85 0.0 0 6.0 20 250 M M 6 3 36 170
10 85 66 76 8 0 11 0.04 0.0 0 4.7 20 180 M M 7 1 32 180
11 88 68 78 10 0 13 0.00 0.0 0 9.7 21 230 M M 2 25 220
12 85 60 73 5 0 8 0.44 0.0 0 15.0 27 320 M M 6 3 33 320
13 67 36 52 -16 13 0 0.00 0.0 0 10.7 15 60 M M 1 21 40
14 78 51 65 -3 0 0 0.00 0.0 0 10.4 16 90 M M 2 25 90
15 M M M M M M 0.00 0.0 0 9.0 18 130 M M 6 24 110
16 84 64 74 5 0 9 1.35 0.0 0 6.4 13 220 M M 6 13 17 220
17 M M M M M M M M M 3.0 7 250 M M 5 12 M M
18 91 60 76 7 0 11 0.00 0.0 0 5.0 12 240 M M 1 M M
19 90 65 78 9 0 13 0.00 0.0 0 6.8 12 270 M M 5 1 18 240
20 88 66 77 8 0 12 0.00 0.0 0 6.8 12 360 M M 3 18 350
21 81 52 67 -2 0 2 0.00 0.0 0 9.6 17 90 M M 1 23 100
22 86 63 75 6 0 10 0.00 0.0 0 9.7 18 120 M M 2 23 130
23 89 69 79 9 0 14 0.00 0.0 0 11.4 18 180 M M 3 25 180
24 88 65 77 7 0 12 0.05 0.0 0 7.7 16 210 M M 9 22 210
25 78 59 69 -1 0 4 0.00 0.0 0 8.3 15 280 M M 4 24 290
26 79 51 65 -5 0 0 0.00 0.0 0 6.5 17 300 M M 0 23 300
27 90 70 80 10 0 15 0.00 0.0 0 5.8 12 300 M M 0 22 300
28 85 54 70 0 0 5 0.00 0.0 0 5.1 14 300 M M 0 17 300
29 87 53 70 0 0 5 0.00 0.0 0 2.9 10 110 M M 2 12 17 110
30 87 60 74 4 0 9 0.00 0.0 0 11.6 22 140 M M 1 30 150
31 M M M M M M 0.00 0.0 0 13.7 21 200 M M 5 27 170
================================================================================
SM 2369 1666 13 220 3.05 0.0 234.9 M 100
================================================================================
AV 84.6 59.5 7.6 FASTST M M 3 MAX(MPH)
MISC ----> 27 320 36 170
================================================================================
NOTES:
# LAST OF SEVERAL OCCURRENCES
COLUMN 17 PEAK WIND IN M.P.H.
PRELIMINARY LOCAL CLIMATOLOGICAL DATA (WS FORM: F-6) , PAGE 2
STATION: LAKELAND LINDER
MONTH: MARCH
YEAR: 2022
LATITUDE: 28 0 N
LONGITUDE: 82 3 W
[TEMPERATURE DATA] [PRECIPITATION DATA] SYMBOLS USED IN COLUMN 16
AVERAGE MONTHLY: 72.1 TOTAL FOR MONTH: 3.05 1 = FOG OR MIST
DPTR FM NORMAL: 3.8 DPTR FM NORMAL: -0.01 2 = FOG REDUCING VISIBILITY
HIGHEST: 91 ON 18 GRTST 24HR 1.35 ON 16-16 TO 1/4 MILE OR LESS
LOWEST: 36 ON 13 3 = THUNDER
SNOW, ICE PELLETS, HAIL 4 = ICE PELLETS
TOTAL MONTH: 0.0 INCH 5 = HAIL
GRTST 24HR 0.0 6 = FREEZING RAIN OR DRIZZLE
GRTST DEPTH: 0 7 = DUSTSTORM OR SANDSTORM:
VSBY 1/2 MILE OR LESS
8 = SMOKE OR HAZE
[NO. OF DAYS WITH] [WEATHER - DAYS WITH] 9 = BLOWING SNOW
X = TORNADO
MAX 32 OR BELOW: 0 0.01 INCH OR MORE: 6
MAX 90 OR ABOVE: 3 0.10 INCH OR MORE: 4
MIN 32 OR BELOW: 0 0.50 INCH OR MORE: 2
MIN 0 OR BELOW: 0 1.00 INCH OR MORE: 1
[HDD (BASE 65) ]
TOTAL THIS MO. 13 CLEAR (SCALE 0-3) 17
DPTR FM NORMAL -24 PTCLDY (SCALE 4-7) 13
TOTAL FM JUL 1 294 CLOUDY (SCALE 8-10) 1
DPTR FM NORMAL -147
[CDD (BASE 65) ]
TOTAL THIS MO. 220
DPTR FM NORMAL 72 [PRESSURE DATA]
TOTAL FM JAN 1 398 HIGHEST SLP M ON M
DPTR FM NORMAL 117 LOWEST SLP M ON M
[REMARKS]
#FINAL-03-22#