000
CXUS55 KVEF 010910
CF6LAS
PRELIMINARY LOCAL CLIMATOLOGICAL DATA (WS FORM: F-6)
STATION: LAS VEGAS NV
MONTH: OCTOBER
YEAR: 2022
LATITUDE: 36 4 N
LONGITUDE: 115 10 W
TEMPERATURE IN F: :PCPN: SNOW: WIND :SUNSHINE: SKY :PK WND
================================================================================
1 2 3 4 5 6A 6B 7 8 9 10 11 12 13 14 15 16 17 18
12Z AVG MX 2MIN
DY MAX MIN AVG DEP HDD CDD WTR SNW DPTH SPD SPD DIR MIN PSBL S-S WX SPD DR
================================================================================
1 94 70 82 5 0 17 0.00 0.0 0 5.7 13 230 M M 1 23 240
2 93 74 84 7 0 19 0.00 0.0 0 6.3 15 220 M M 1 24 220
3 92 73 83 7 0 18 0.00 0.0 0 4.3 14 40 M M 2 20 40
4 90 74 82 6 0 17 0.00 0.0 0 3.5 9 60 M M 3 13 60
5 91 71 81 6 0 16 0.00 0.0 0 2.9 12 50 M M 1 15 40
6 91 69 80 5 0 15 0.00 0.0 0 3.8 12 60 M M 1 17 30
7 91 69 80 6 0 15 0.00 0.0 0 6.0 15 20 M M 1 22 80
8 90 69 80 6 0 15 0.00 0.0 0 3.0 9 20 M M 2 14 20
9 88 69 79 6 0 14 0.00 0.0 0 3.5 10 70 M M 2 16 50
10 90 69 80 7 0 15 0.00 0.0 0 3.5 15 190 M M 5 23 190
11 90 67 79 7 0 14 0.00 0.0 0 3.8 10 240 M M 2 15 230
12 90 67 79 7 0 14 0.00 0.0 0 3.5 9 70 M M 1 14 310
13 90 66 78 6 0 13 0.00 0.0 0 3.3 10 10 M M 1 8 16 20
14 90 65 78 7 0 13 0.00 0.0 0 3.5 8 40 M M 0 13 20
15 85 65 75 4 0 10 0.00 0.0 0 4.3 20 180 M M 5 31 170
16 82 66 74 4 0 9 0.00 0.0 0 3.2 12 40 M M 5 15 60
17 84 65 75 5 0 10 0.00 0.0 0 2.8 12 30 M M 1 20 120
18 86 64 75 5 0 10 0.00 0.0 0 3.7 10 60 M M 1 16 80
19 87 64 76 7 0 11 0.00 0.0 0 6.1 15 40 M M 1 20 40
20 86 63 75 6 0 10 0.00 0.0 0 3.2 9 220 M M 3 13 220
21 85 62 74 6 0 9 0.00 0.0 0 4.1 15 190 M M 3 21 180
22 83 59 71 3 0 6 0.00 0.0 0 17.9 36 220 M M 5 78 53 200
23 65 54 60 -7 5 0 0.00 0.0 0 16.5 30 20 M M 4 41 10
24 64 50 57 -10 8 0 0.00 0.0 0 8.2 22 340 M M 0 33 350
25 70 48 59 -7 6 0 0.00 0.0 0 2.3 7 220 M M 2 8 11 40
26 73 50 62 -4 3 0 0.00 0.0 0 4.6 23 360 M M 2 32 340
27 66 52 59 -7 6 0 0.00 0.0 0 9.9 21 30 M M 2 29 20
28 69 48 59 -6 6 0 0.00 0.0 0 2.9 9 30 M M 2 13 40
29 74 48 61 -4 4 0 0.00 0.0 0 3.0 7 200 M M 3 9 230
30 77 51 64 0 1 0 0.00 0.0 0 5.0 15 50 M M 2 20 50
31 76 51 64 0 1 0 0.00 0.0 0 3.0 9 70 M M 4 13 60
================================================================================
SM 2582 1932 40 290 0.00 0.0 157.3 M 68
================================================================================
AV 83.3 62.3 5.1 FASTST M M 2 MAX(MPH)
MISC ----> 36 220 53 200
================================================================================
NOTES:
# LAST OF SEVERAL OCCURRENCES
COLUMN 17 PEAK WIND IN M.P.H.
PRELIMINARY LOCAL CLIMATOLOGICAL DATA (WS FORM: F-6) , PAGE 2
STATION: LAS VEGAS NV
MONTH: OCTOBER
YEAR: 2022
LATITUDE: 36 4 N
LONGITUDE: 115 10 W
[TEMPERATURE DATA] [PRECIPITATION DATA] SYMBOLS USED IN COLUMN 16
AVERAGE MONTHLY: 72.8 TOTAL FOR MONTH: 0.00 1 = FOG OR MIST
DPTR FM NORMAL: 2.4 DPTR FM NORMAL: -0.32 2 = FOG REDUCING VISIBILITY
HIGHEST: 94 ON 1 GRTST 24HR 0.00 ON 1- 1 TO 1/4 MILE OR LESS
LOWEST: 48 ON 29,28 3 = THUNDER
SNOW, ICE PELLETS, HAIL 4 = ICE PELLETS
TOTAL MONTH: 0.0 INCH 5 = HAIL
GRTST 24HR 0.0 6 = FREEZING RAIN OR DRIZZLE
GRTST DEPTH: 0 7 = DUSTSTORM OR SANDSTORM:
VSBY 1/2 MILE OR LESS
8 = SMOKE OR HAZE
[NO. OF DAYS WITH] [WEATHER - DAYS WITH] 9 = BLOWING SNOW
X = TORNADO
MAX 32 OR BELOW: 0 0.01 INCH OR MORE: 0
MAX 90 OR ABOVE: 13 0.10 INCH OR MORE: 0
MIN 32 OR BELOW: 0 0.50 INCH OR MORE: 0
MIN 0 OR BELOW: 0 1.00 INCH OR MORE: 0
[HDD (BASE 65) ]
TOTAL THIS MO. 40 CLEAR (SCALE 0-3) 25
DPTR FM NORMAL 8 PTCLDY (SCALE 4-7) 6
TOTAL FM JUL 1 40 CLOUDY (SCALE 8-10) 0
DPTR FM NORMAL 11
[CDD (BASE 65) ]
TOTAL THIS MO. 290
DPTR FM NORMAL 90 [PRESSURE DATA]
TOTAL FM JAN 1 4012 HIGHEST SLP M ON M
DPTR FM NORMAL 306 LOWEST SLP 29.29 ON 22
[REMARKS]
#FINAL-10-22#