000
CXUS56 KLOX 011155
CF6LAX
PRELIMINARY LOCAL CLIMATOLOGICAL DATA (WS FORM: F-6)
STATION: LOS ANGELES INTL AIRPORT CA
MONTH: SEPTEMBER
YEAR: 2022
LATITUDE: 33 55 N
LONGITUDE: 118 24 W
TEMPERATURE IN F: :PCPN: SNOW: WIND :SUNSHINE: SKY :PK WND
================================================================================
1 2 3 4 5 6A 6B 7 8 9 10 11 12 13 14 15 16 17 18
12Z AVG MX 2MIN
DY MAX MIN AVG DEP HDD CDD WTR SNW DPTH SPD SPD DIR MIN PSBL S-S WX SPD DR
================================================================================
1 88 70 79 8 0 14 0.00 M M 5.6 14 260 M M 5 8 18 260
2 90 72 81 10 0 16 0.00 M M 6.5 15 260 M M 2 18 260
3 92 72 82 11 0 17 0.00 M M 6.6 15 260 M M 2 21 280
4 100 77 89 18 0 24 0.00 M M 6.4 14 270 M M 4 20 190
5 91 73 82 11 0 17 0.00 M M 6.8 15 260 M M 2 20 280
6 86 73 80 9 0 15 0.00 M M 7.4 15 270 M M 2 8 19 270
7 87 72 80 9 0 15 0.00 M M 7.2 17 270 M M 3 21 280
8 97 73 85 14 0 20 T M M 7.7 20 260 M M 6 24 260
9 102 71 87 16 0 22 0.13 M M 8.5 32 100 M M 8 1 39 120
10 81 71 76 5 0 11 T M M 4.9 12 230 M M 9 1 19 150
11 85 75 80 9 0 15 0.00 M M 9.1 21 270 M M 7 23 270
12 84 71 78 8 0 13 0.00 M M 9.8 20 270 M M 4 23 270
13 80 70 75 5 0 10 0.00 M M 6.5 17 260 M M 3 25 290
14 80 68 74 4 0 9 0.00 M M 7.8 18 260 M M 4 23 270
15 78 66 72 2 0 7 0.00 M M 8.2 18 270 M M 3 24 270
16 78 65 72 2 0 7 0.00 M M 8.0 18 260 M M 2 27 260
17 77 65 71 1 0 6 0.00 M M 7.0 16 250 M M 5 19 220
18 74 67 71 1 0 6 0.00 M M 10.4 17 250 M M 5 22 200
19 77 64 71 1 0 6 0.00 M M 9.5 20 250 M M 2 24 260
20 77 66 72 2 0 7 0.00 M M 11.8 23 250 M M 3 28 280
21 77 63 70 0 0 5 0.00 M M 10.6 25 260 M M 1 30 250
22 80 62 71 1 0 6 0.00 M M 6.7 16 250 M M 1 20 250
23 81 63 72 2 0 7 0.00 M M 6.5 15 260 M M 2 21 270
24 80 69 75 6 0 10 0.00 M M 8.1 18 260 M M 2 24 230
25 78 68 73 4 0 8 0.00 M M 7.7 22 260 M M 2 26 250
26 80 68 74 5 0 9 0.00 M M 7.1 21 260 M M 2 24 260
27 81 68 75 6 0 10 0.00 M M 6.9 16 260 M M 3 19 260
28 83 69 76 7 0 11 0.00 M M 5.9 15 260 M M 1 19 270
29 76 67 72 3 0 7 0.00 M M 6.6 17 260 M M 4 18 23 270
30 76 67 72 3 0 7 0.00 M M 6.3 14 260 M M 6 17 260
================================================================================
SM 2496 2065 0 337 0.13 M 228.1 M 105
================================================================================
AV 83.2 68.8 7.6 FASTST M M 4 MAX(MPH)
MISC ----> 32 100 39 120
================================================================================
NOTES:
# LAST OF SEVERAL OCCURRENCES
COLUMN 17 PEAK WIND IN M.P.H.
PRELIMINARY LOCAL CLIMATOLOGICAL DATA (WS FORM: F-6) , PAGE 2
STATION: LOS ANGELES INTL AIRPORT CA
MONTH: SEPTEMBER
YEAR: 2022
LATITUDE: 33 55 N
LONGITUDE: 118 24 W
[TEMPERATURE DATA] [PRECIPITATION DATA] SYMBOLS USED IN COLUMN 16
AVERAGE MONTHLY: 76.0 TOTAL FOR MONTH: 0.13 1 = FOG OR MIST
DPTR FM NORMAL: 5.9 DPTR FM NORMAL: 0.02 2 = FOG REDUCING VISIBILITY
HIGHEST: 102 ON 9 GRTST 24HR 0.13 ON 9- 9 TO 1/4 MILE OR LESS
LOWEST: 62 ON 22 3 = THUNDER
SNOW, ICE PELLETS, HAIL 4 = ICE PELLETS
TOTAL MONTH: M 5 = HAIL
GRTST 24HR M ON M 6 = FREEZING RAIN OR DRIZZLE
GRTST DEPTH: M ON M 7 = DUSTSTORM OR SANDSTORM:
VSBY 1/2 MILE OR LESS
8 = SMOKE OR HAZE
[NO. OF DAYS WITH] [WEATHER - DAYS WITH] 9 = BLOWING SNOW
X = TORNADO
MAX 32 OR BELOW: 0 0.01 INCH OR MORE: 1
MAX 90 OR ABOVE: 6 0.10 INCH OR MORE: 1
MIN 32 OR BELOW: 0 0.50 INCH OR MORE: 0
MIN 0 OR BELOW: 0 1.00 INCH OR MORE: 0
[HDD (BASE 65) ]
TOTAL THIS MO. 0 CLEAR (SCALE 0-3) 17
DPTR FM NORMAL -2 PTCLDY (SCALE 4-7) 11
TOTAL FM JUL 1 0 CLOUDY (SCALE 8-10) 2
DPTR FM NORMAL -3
[CDD (BASE 65) ]
TOTAL THIS MO. 337
DPTR FM NORMAL 182 [PRESSURE DATA]
TOTAL FM JAN 1 921 HIGHEST SLP 30.02 ON 24
DPTR FM NORMAL 327 LOWEST SLP 29.49 ON 9
[REMARKS]
#FINAL-09-22#