000
CXUS55 KLBF 011510
CF6LBF
PRELIMINARY LOCAL CLIMATOLOGICAL DATA (WS FORM: F-6)
STATION: NORTH PLATTE
MONTH: NOVEMBER
YEAR: 2021
LATITUDE: 41 7 N
LONGITUDE: 100 41 W
TEMPERATURE IN F: :PCPN: SNOW: WIND :SUNSHINE: SKY :PK WND
================================================================================
1 2 3 4 5 6A 6B 7 8 9 10 11 12 13 14 15 16 17 18
12Z AVG MX 2MIN
DY MAX MIN AVG DEP HDD CDD WTR SNW DPTH SPD SPD DIR MIN PSBL S-S WX SPD DR
================================================================================
1 35 33 34 -9 31 0 0.21 2.2 3 4.5 8 90 M M 10 1 10 90
2 40 33 37 -5 28 0 0.00 0.0 3 4.7 10 210 M M 10 1 14 210
3 55 31 43 1 22 0 0.00 0.0 0 5.2 12 250 M M 6 15 250
4 69 25 47 5 18 0 0.00 0.0 0 4.7 15 200 M M 2 1 21 200
5 75 33 54 13 11 0 0.00 0.0 0 6.0 16 300 M M 0 21 310
6 75 29 52 11 13 0 0.00 0.0 0 4.4 14 190 M M 0 18 190
7 81 35 58 18 7 0 0.00 0.0 0 6.4 18 30 M M 0 25 30
8 58 37 48 8 17 0 0.00 0.0 0 9.3 24 20 M M 0 34 20
9 58 28 43 3 22 0 0.00 0.0 0 4.5 13 120 M M 1 17 120
10 57 29 43 4 22 0 0.04 0.0 0 7.0 25 350 M M 5 1 37 340
11 51 27 39 0 26 0 0.00 0.0 0 18.4 36 300 M M 2 51 290
12 45 21 33 -5 32 0 0.00 0.0 0 17.3 35 320 M M 0 48 310
13 64 23 44 6 21 0 T 0.0 0 5.3 30 20 M M 3 48 340
14 59 27 43 5 22 0 0.00 0.0 0 7.2 18 220 M M 4 24 210
15 76 34 55 18 10 0 0.00 0.0 0 6.4 16 320 M M 0 23 300
16 66 34 50 13 15 0 0.00 0.0 0 5.8 26 20 M M 0 38 20
17 47 14 31 -5 34 0 0.00 0.0 0 11.5 31 310 M M 1 42 310
18 51 12 32 -4 33 0 0.00 0.0 0 7.0 16 180 M M 0 22 160
19 58 27 43 7 22 0 0.00 0.0 0 4.8 15 160 M M 1 23 160
20 56 24 40 5 25 0 0.00 0.0 0 6.7 17 360 M M 4 22 70
21 52 17 35 0 30 0 0.00 0.0 0 5.8 18 340 M M 0 28 340
22 65 22 44 10 21 0 0.00 0.0 0 5.4 13 290 M M 0 18 290
23 69 21 45 11 20 0 0.00 0.0 0 4.4 17 190 M M 0 23 170
24 56 23 40 6 25 0 0.00 0.0 0 11.8 28 340 M M 4 38 330
25 52 11 32 -1 33 0 0.00 0.0 0 6.0 17 230 M M 1 23 220
26 69 24 47 14 18 0 0.00 0.0 0 7.5 15 260 M M 0 20 250
27 61 26 44 12 21 0 0.00 0.0 0 9.3 26 330 M M 0 37 310
28 63 20 42 10 23 0 0.00 0.0 0 4.2 14 270 M M 0 19 290
29 73 28 51 19 14 0 0.00 0.0 0 6.6 20 10 M M 0 29 360
30 62 29 46 15 19 0 0.00 0.0 0 4.8 17 190 M M 2 24 210
================================================================================
SM 1798 777 655 0 0.25 2.2 212.9 M 56
================================================================================
AV 59.9 25.9 7.1 FASTST M M 2 MAX(MPH)
MISC ----> 36 300 51 290
================================================================================
NOTES:
# LAST OF SEVERAL OCCURRENCES
COLUMN 17 PEAK WIND IN M.P.H.
PRELIMINARY LOCAL CLIMATOLOGICAL DATA (WS FORM: F-6) , PAGE 2
STATION: NORTH PLATTE
MONTH: NOVEMBER
YEAR: 2021
LATITUDE: 41 7 N
LONGITUDE: 100 41 W
[TEMPERATURE DATA] [PRECIPITATION DATA] SYMBOLS USED IN COLUMN 16
AVERAGE MONTHLY: 42.9 TOTAL FOR MONTH: 0.25 1 = FOG OR MIST
DPTR FM NORMAL: 5.9 DPTR FM NORMAL: -0.24 2 = FOG REDUCING VISIBILITY
HIGHEST: 81 ON 7 GRTST 24HR 0.45 ON 31- 1 TO 1/4 MILE OR LESS
LOWEST: 11 ON 25 3 = THUNDER
SNOW, ICE PELLETS, HAIL 4 = ICE PELLETS
TOTAL MONTH: 4.7 INCHES 5 = HAIL
GRTST 24HR 2.2 ON 1- 1 6 = FREEZING RAIN OR DRIZZLE
GRTST DEPTH: 3 ON 2, 1 7 = DUSTSTORM OR SANDSTORM:
VSBY 1/2 MILE OR LESS
8 = SMOKE OR HAZE
[NO. OF DAYS WITH] [WEATHER - DAYS WITH] 9 = BLOWING SNOW
X = TORNADO
MAX 32 OR BELOW: 0 0.01 INCH OR MORE: 2
MAX 90 OR ABOVE: 0 0.10 INCH OR MORE: 1
MIN 32 OR BELOW: 23 0.50 INCH OR MORE: 0
MIN 0 OR BELOW: 0 1.00 INCH OR MORE: 0
[HDD (BASE 65) ]
TOTAL THIS MO. 655 CLEAR (SCALE 0-3) 23
DPTR FM NORMAL -185 PTCLDY (SCALE 4-7) 5
TOTAL FM JUL 1 1082 CLOUDY (SCALE 8-10) 2
DPTR FM NORMAL -359
[CDD (BASE 65) ]
TOTAL THIS MO. 0
DPTR FM NORMAL 0 [PRESSURE DATA]
TOTAL FM JAN 1 1168 HIGHEST SLP 30.57 ON 25
DPTR FM NORMAL 265 LOWEST SLP 29.54 ON 24
[REMARKS]
#FINAL-11-21#