414
CXUS55 KLBF 011200
CF6LBF
PRELIMINARY LOCAL CLIMATOLOGICAL DATA (WS FORM: F-6)
STATION: NORTH PLATTE
MONTH: APRIL
YEAR: 2020
LATITUDE: 41 7 N
LONGITUDE: 100 41 W
TEMPERATURE IN F: :PCPN: SNOW: WIND :SUNSHINE: SKY :PK WND
================================================================================
1 2 3 4 5 6A 6B 7 8 9 10 11 12 13 14 15 16 17 18
12Z AVG MX 2MIN
DY MAX MIN AVG DEP HDD CDD WTR SNW DPTH SPD SPD DIR MIN PSBL S-S WX SPD DR
================================================================================
1 67 36 52 9 13 0 0.00 0.0 0 10.5 29 50 M M 1 40 40
2 38 19 29 -14 36 0 T T 0 18.6 31 40 M M 10 16 41 30
3 44 15 30 -14 35 0 0.00 0.0 0 10.1 20 350 M M 2 26 360
4 57 19 38 -6 27 0 0.00 0.0 0 9.9 21 190 M M 1 33 180
5 66 28 47 3 18 0 0.00 0.0 0 11.9 24 180 M M 0 37 200
6 79 38 59 15 6 0 0.00 0.0 0 3.2 9 160 M M 4 1 14 260
7 80 35 58 13 7 0 0.00 0.0 0 10.8 37 320 M M 0 49 310
8 65 34 50 5 15 0 0.00 0.0 0 9.7 24 40 M M 0 33 40
9 56 24 40 -5 25 0 0.00 0.0 0 10.0 24 20 M M 2 36 30
10 74 22 48 2 17 0 0.00 0.0 0 9.3 25 210 M M 0 33 200
11 72 33 53 7 12 0 0.01 0.0 0 10.3 29 40 M M 1 3 39 30
12 37 16 27 -19 38 0 0.12 1.5 T 22.3 39 30 M M 7 1238 54 40
13 38 12 25 -22 40 0 0.00 0.0 T 10.6 22 330 M M 4 30 340
14 51 15 33 -14 32 0 0.00 0.0 0 11.2 31 330 M M 4 44 330
15 57 19 38 -9 27 0 T 0.0 0 7.9 21 10 M M 6 32 10
16 38 21 30 -18 35 0 0.19 1.8 0 12.9 23 90 M M 10 1 29 90
17 50 16 33 -15 32 0 0.00 0.0 1 9.8 23 290 M M 2 18 31 280
18 72 23 48 0 17 0 0.00 0.0 0 5.8 15 50 M M 0 21 50
19 64 32 48 -1 17 0 0.07 0.0 0 6.3 28 340 M M 2 13 40 350
20 69 30 50 1 15 0 0.00 0.0 0 9.3 26 330 M M 3 12 37 350
21 77 29 53 4 12 0 0.00 0.0 0 8.7 20 240 M M 1 27 240
22 78 37 58 8 7 0 0.00 0.0 0 8.9 24 30 M M 1 1 38 60
23 77 36 57 7 8 0 0.02 0.0 0 7.6 31 20 M M 2 44 10
24 65 38 52 2 13 0 0.20 0.0 0 10.9 25 340 M M 6 3 36 340
25 66 34 50 -1 15 0 0.00 0.0 0 9.1 24 330 M M 1 33 10
26 80 32 56 5 9 0 0.00 0.0 0 8.6 24 210 M M 1 34 210
27 83 39 61 9 4 0 0.00 0.0 0 4.5 13 330 M M 0 18 340
28 72 42 57 5 8 0 T 0.0 0 16.5 36 10 M M 2 52 10
29 72 40 56 4 9 0 0.00 0.0 0 13.9 28 350 M M 0 43 350
30 85 33 59 6 6 0 0.00 0.0 0 10.2 24 210 M M 0 33 180
================================================================================
SM 1929 847 555 0 0.61 3.3 309.3 M 73
================================================================================
AV 64.3 28.2 10.3 FASTST M M 2 MAX(MPH)
MISC ----> # 39 30 # 54 40
================================================================================
NOTES:
# LAST OF SEVERAL OCCURRENCES
COLUMN 17 PEAK WIND IN M.P.H.
PRELIMINARY LOCAL CLIMATOLOGICAL DATA (WS FORM: F-6) , PAGE 2
STATION: NORTH PLATTE
MONTH: APRIL
YEAR: 2020
LATITUDE: 41 7 N
LONGITUDE: 100 41 W
[TEMPERATURE DATA] [PRECIPITATION DATA] SYMBOLS USED IN COLUMN 16
AVERAGE MONTHLY: 46.3 TOTAL FOR MONTH: 0.61 1 = FOG OR MIST
DPTR FM NORMAL: -1.3 DPTR FM NORMAL: -1.66 2 = FOG REDUCING VISIBILITY
HIGHEST: 85 ON 30 GRTST 24HR 0.20 ON 24-24 TO 1/4 MILE OR LESS
LOWEST: 12 ON 13 3 = THUNDER
SNOW, ICE PELLETS, HAIL 4 = ICE PELLETS
TOTAL MONTH: 3.3 INCHES 5 = HAIL
GRTST 24HR 1.8 ON 16-16 6 = FREEZING RAIN OR DRIZZLE
GRTST DEPTH: 1 ON 17 7 = DUSTSTORM OR SANDSTORM:
VSBY 1/2 MILE OR LESS
8 = SMOKE OR HAZE
[NO. OF DAYS WITH] [WEATHER - DAYS WITH] 9 = BLOWING SNOW
X = TORNADO
MAX 32 OR BELOW: 0 0.01 INCH OR MORE: 6
MAX 90 OR ABOVE: 0 0.10 INCH OR MORE: 3
MIN 32 OR BELOW: 17 0.50 INCH OR MORE: 0
MIN 0 OR BELOW: 0 1.00 INCH OR MORE: 0
[HDD (BASE 65) ]
TOTAL THIS MO. 555 CLEAR (SCALE 0-3) 22
DPTR FM NORMAL 30 PTCLDY (SCALE 4-7) 6
TOTAL FM JUL 1 5960 CLOUDY (SCALE 8-10) 2
DPTR FM NORMAL -430
[CDD (BASE 65) ]
TOTAL THIS MO. 0
DPTR FM NORMAL -3 [PRESSURE DATA]
TOTAL FM JAN 1 0 HIGHEST SLP 30.40 ON 3
DPTR FM NORMAL -3 LOWEST SLP 29.48 ON 11
[REMARKS]
#FINAL-04-20#