000
CXUS53 KLBF 011410
CF6LBF
PRELIMINARY LOCAL CLIMATOLOGICAL DATA (WS FORM: F-6)
STATION: NORTH PLATTE
MONTH: OCTOBER
YEAR: 2023
LATITUDE: 41 7 N
LONGITUDE: 100 41 W
TEMPERATURE IN F: :PCPN: SNOW: WIND :SUNSHINE: SKY :PK WND
================================================================================
1 2 3 4 5 6A 6B 7 8 9 10 11 12 13 14 15 16 17 18
12Z AVG MX 2MIN
DY MAX MIN AVG DEP HDD CDD WTR SNW DPTH SPD SPD DIR MIN PSBL S-S WX SPD DR
================================================================================
1 87 68 78 21 0 13 0.00 0.0 0 14.8 30 180 M M 0 49 170
2 90 60 75 18 0 10 0.00 0.0 0 15.0 25 170 M M 0 43 170
3 75 44 60 4 5 0 0.13 0.0 0 6.7 25 300 M M 4 3 35 310
4 71 38 55 -1 10 0 0.00 0.0 0 4.7 13 290 M M 1 17 300
5 70 44 57 2 8 0 0.00 0.0 0 8.1 18 330 M M 4 26 360
6 57 29 43 -12 22 0 T 0.0 0 10.9 29 320 M M 3 41 330
7 72 25 49 -5 16 0 0.00 0.0 0 3.5 15 230 M M 0 21 190
8 79 32 56 2 9 0 0.00 0.0 0 5.4 15 360 M M 0 21 360
9 73 32 53 0 12 0 0.00 0.0 0 2.4 9 180 M M 0 13 170
10 77 39 58 5 7 0 0.00 0.0 0 7.3 18 160 M M 0 27 180
11 76 37 57 5 8 0 0.04 0.0 0 9.5 22 100 M M 0 3 28 90
12 67 41 54 2 11 0 0.33 0.0 0 13.8 31 320 M M 9 13 45 330
13 49 41 45 -7 20 0 0.04 0.0 0 24.1 36 330 M M 9 1 54 330
14 51 37 44 -7 21 0 0.00 0.0 0 10.0 16 360 M M 8 23 330
15 54 30 42 -8 23 0 0.00 0.0 0 3.3 10 30 M M 5 1 17 40
16 72 26 49 -1 16 0 0.00 0.0 0 1.2 8 120 M M 1 12 11 130
17 84 33 59 9 6 0 0.00 0.0 0 4.6 20 200 M M 0 28 210
18 70 36 53 4 12 0 0.00 0.0 0 13.8 31 310 M M 0 41 320
19 81 35 58 9 7 0 0.00 0.0 0 10.0 26 330 M M 0 37 330
20 86 33 60 12 5 0 0.00 0.0 0 5.8 15 310 M M 0 23 330
21 73 36 55 7 10 0 0.00 0.0 0 6.9 16 70 M M 0 22 70
22 67 37 52 5 13 0 0.00 0.0 0 6.7 21 100 M M 0 27 90
23 76 32 54 7 11 0 0.00 0.0 0 3.4 13 150 M M 0 17 130
24 55 46 51 5 14 0 0.00 0.0 0 7.7 18 30 M M 7 26 30
25 52 47 50 4 15 0 0.02 0.0 0 5.0 10 80 M M 10 1 14 90
26 53 31 42 -4 23 0 0.02 0.0 0 11.8 22 330 M M 10 1 34 330
27 39 19 29 -16 36 0 0.00 0.0 0 10.3 24 330 M M 1 34 330
28 30 25 28 -17 37 0 0.06 0.6 0 8.4 14 40 M M 8 1 18 40
29 37 16 27 -17 38 0 0.07 0.6 1 7.8 21 350 M M 7 1 30 340
30 47 9 28 -16 37 0 0.00 0.0 0 9.6 23 350 M M 0 35 350
31 39 9 24 -19 41 0 0.00 0.0 0 5.8 15 360 M M 0 25 10
================================================================================
SM 2009 1067 493 23 0.71 1.2 258.3 M 87
================================================================================
AV 64.8 34.4 8.3 FASTST M M 3 MAX(MPH)
MISC ----> 36 330 54 330
================================================================================
NOTES:
# LAST OF SEVERAL OCCURRENCES
COLUMN 17 PEAK WIND IN M.P.H.
PRELIMINARY LOCAL CLIMATOLOGICAL DATA (WS FORM: F-6) , PAGE 2
STATION: NORTH PLATTE
MONTH: OCTOBER
YEAR: 2023
LATITUDE: 41 7 N
LONGITUDE: 100 41 W
[TEMPERATURE DATA] [PRECIPITATION DATA] SYMBOLS USED IN COLUMN 16
AVERAGE MONTHLY: 49.6 TOTAL FOR MONTH: 0.71 1 = FOG OR MIST
DPTR FM NORMAL: -0.6 DPTR FM NORMAL: -0.94 2 = FOG REDUCING VISIBILITY
HIGHEST: 90 ON 2 GRTST 24HR 0.37 ON 11-12 TO 1/4 MILE OR LESS
LOWEST: 9 ON 31,30 3 = THUNDER
SNOW, ICE PELLETS, HAIL 4 = ICE PELLETS
TOTAL MONTH: 1.2 INCHES 5 = HAIL
GRTST 24HR 0.6 ON 28-28 6 = FREEZING RAIN OR DRIZZLE
GRTST DEPTH: 1 ON 29 7 = DUSTSTORM OR SANDSTORM:
VSBY 1/2 MILE OR LESS
8 = SMOKE OR HAZE
[NO. OF DAYS WITH] [WEATHER - DAYS WITH] 9 = BLOWING SNOW
X = TORNADO
MAX 32 OR BELOW: 1 0.01 INCH OR MORE: 8
MAX 90 OR ABOVE: 1 0.10 INCH OR MORE: 2
MIN 32 OR BELOW: 13 0.50 INCH OR MORE: 0
MIN 0 OR BELOW: 0 1.00 INCH OR MORE: 0
[HDD (BASE 65) ]
TOTAL THIS MO. 493 CLEAR (SCALE 0-3) 20
DPTR FM NORMAL 26 PTCLDY (SCALE 4-7) 7
TOTAL FM JUL 1 550 CLOUDY (SCALE 8-10) 4
DPTR FM NORMAL -51
[CDD (BASE 65) ]
TOTAL THIS MO. 23
DPTR FM NORMAL 17 [PRESSURE DATA]
TOTAL FM JAN 1 913 HIGHEST SLP 30.62 ON 31
DPTR FM NORMAL 10 LOWEST SLP 29.25 ON 12
[REMARKS]
#FINAL-10-23#