000
CXUS53 KLBF 011041
CLMLBF
CLIMATE REPORT
NATIONAL WEATHER SERVICE NORTH PLATTE NE
541 AM CDT TUE AUG 01 2023
...................................
...THE NORTH PLATTE CLIMATE SUMMARY FOR THE MONTH OF JULY 2023...
CLIMATE NORMAL PERIOD 1991 TO 2020
CLIMATE RECORD PERIOD 1874 TO 2023
WEATHER OBSERVED NORMAL DEPART LAST YEAR`S
VALUE DATE(S) VALUE FROM VALUE DATE(S)
NORMAL
................................................................
TEMPERATURE (F)
RECORD
HIGH 112 07/11/1954
LOW 39 07/04/1997
HIGHEST 102 07/27 100 2 107 07/14
LOWEST 51 07/09 48 3 55 07/12
AVG. MAXIMUM 86.3 89.7 -3.4 93.7
AVG. MINIMUM 61.1 61.4 -0.3 64.0
MEAN 73.7 75.6 -1.9 78.9
DAYS MAX >= 90 10 14.4 -4.4 20
DAYS MAX <= 32 0 0.0 0.0 0
DAYS MIN <= 32 0 0.0 0.0 0
DAYS MIN <= 0 0 0.0 0.0 0
PRECIPITATION (INCHES)
RECORD
MAXIMUM 8.47 1879
MINIMUM 0.14 2014
TOTALS 3.27 3.18 0.09 4.03
DAILY AVG. 0.11 0.10 0.01 0.13
DAYS >= .01 16 10.2 5.8 10
DAYS >= .10 9 5.9 3.1 8
DAYS >= .50 1 2.3 -1.3 4
DAYS >= 1.00 0 0.9 -0.9 1
GREATEST
24 HR. TOTAL 0.94 07/10 TO 07/10 1.06 07/21 TO 07/21
SNOWFALL (INCHES)
RECORDS
TOTAL T 2019
TOTALS TR 0.0 0.0 0.0
SINCE 7/1 T 0.0 0.0 MM
SNOWDEPTH AVG. 0 0
DAYS >= 1.0 0 0.0 0.0 0
GREATEST
SNOW DEPTH 0 0 MM
24 HR TOTAL MM
DEGREE DAYS
HEATING TOTAL 11 3 8 0
SINCE 7/1 11 0 11 MM
COOLING TOTAL 290 330 -40 438
SINCE 1/1 478 544 -66 MM
................................................................
WIND (MPH)
AVERAGE WIND SPEED 6.5
HIGHEST WIND SPEED/DIRECTION 39/010 DATE 07/22
HIGHEST GUST SPEED/DIRECTION 58/250 DATE 07/13
SKY COVER
POSSIBLE SUNSHINE (PERCENT) MM
AVERAGE SKY COVER 0.23
NUMBER OF DAYS FAIR 23
NUMBER OF DAYS PC 6
NUMBER OF DAYS CLOUDY 2
AVERAGE RH (PERCENT) 71
WEATHER CONDITIONS. NUMBER OF DAYS WITH
THUNDERSTORM 15 MIXED PRECIP 0
HEAVY RAIN 7 RAIN 7
LIGHT RAIN 21 FREEZING RAIN 0
LT FREEZING RAIN 0 HAIL 3
HEAVY SNOW 0 SNOW 0
LIGHT SNOW 0 SLEET 0
FOG 20 FOG W/VIS <= 1/4 MILE 5
HAZE 5
- INDICATES NEGATIVE NUMBERS.
R INDICATES RECORD WAS SET OR TIED.
MM INDICATES DATA IS MISSING.
T INDICATES TRACE AMOUNT.
$$