000
CXUS52 KILM 011917
CF6LBT
PRELIMINARY LOCAL CLIMATOLOGICAL DATA (WS FORM: F-6)
STATION: LUMBERTON NORTH CAROLINA
MONTH: FEBRUARY
YEAR: 2022
LATITUDE: 34 35 N
LONGITUDE: 79 4 W
TEMPERATURE IN F: :PCPN: SNOW: WIND :SUNSHINE: SKY :PK WND
================================================================================
1 2 3 4 5 6A 6B 7 8 9 10 11 12 13 14 15 16 17 18
12Z AVG MX 2MIN
DY MAX MIN AVG DEP HDD CDD WTR SNW DPTH SPD SPD DIR MIN PSBL S-S WX SPD DR
================================================================================
1 56 32 44 -2 21 0 0.00 M M M M M M M M M M
2 66 30 48 2 17 0 0.00 M M M M M M M M M M
3 74 51 63 17 2 0 0.00 M M M M M M M M M M
4 73 59 66 20 0 1 0.09 M M M M M M M M M M
5 57 33 45 -1 20 0 0.00 M M M M M M M M M M
6 49 29 39 -7 26 0 0.03 M M M M M M M M M M
7 42 38 40 -7 25 0 0.70 M M M M M M M M M M
8 51 33 42 -5 23 0 0.00 M M M M M M M M M M
9 59 28 44 -3 21 0 0.00 M M M M M M M M M M
10 68 32 50 3 15 0 0.00 M M M M M M M M M M
11 70 35 53 6 12 0 0.00 M M M M M M M M M M
12 70 39 55 7 10 0 0.00 M M M M M M M M M M
13 54 38 46 -2 19 0 0.00 M M M M M M M M M M
14 55 27 41 -7 24 0 0.00 M M M M M M M M M M
15 58 27 43 -5 22 0 0.00 M M M M M M M M M M
16 64 34 49 1 16 0 0.00 M M M M M M M M M M
17 75 53 64 16 1 0 0.00 M M M M M M M M M M
18 76 47 62 14 3 0 0.08 M M M M M M M M M M
19 61 35 48 -1 17 0 0.00 M M M M M M M M M M
20 58 30 44 -5 21 0 0.00 M M M M M M M M M M
21 74 37 56 7 9 0 0.00 M M M M M M M M M M
22 75 57 66 17 0 1 0.00 M M M M M M M M M M
23 78 58 68 18 0 3 0.00 M M M M M M M M M M
24 77 53 65 15 0 0 0.00 M M M M M M M M M M
25 84 54 69 19 0 4 0.00 M M M M M M M M M M
26 61 47 54 4 11 0 0.00 M M M M M M M M M M
27 47 43 45 -5 20 0 0.39 M M M M M M M M M M
28 61 37 49 -2 16 0 0.00 M M M M M M M M M M
================================================================================
SM 1793 1116 371 9 1.29 M M M M
================================================================================
AV 64.0 39.9 M FASTST M M M MAX(MPH)
MISC ----> M M M M
================================================================================
NOTES:
# LAST OF SEVERAL OCCURRENCES
COLUMN 17 PEAK WIND IN M.P.H.
PRELIMINARY LOCAL CLIMATOLOGICAL DATA (WS FORM: F-6) , PAGE 2
STATION: LUMBERTON NORTH CAROLINA
MONTH: FEBRUARY
YEAR: 2022
LATITUDE: 34 35 N
LONGITUDE: 79 4 W
[TEMPERATURE DATA] [PRECIPITATION DATA] SYMBOLS USED IN COLUMN 16
AVERAGE MONTHLY: 51.9 TOTAL FOR MONTH: 1.29 1 = FOG OR MIST
DPTR FM NORMAL: 3.9 DPTR FM NORMAL: -1.48 2 = FOG REDUCING VISIBILITY
HIGHEST: 84 ON 25 GRTST 24HR 0.70 ON 7- 7 TO 1/4 MILE OR LESS
LOWEST: 27 ON 15,14 3 = THUNDER
SNOW, ICE PELLETS, HAIL 4 = ICE PELLETS
TOTAL MONTH: M 5 = HAIL
GRTST 24HR M ON M 6 = FREEZING RAIN OR DRIZZLE
GRTST DEPTH: M ON M 7 = DUSTSTORM OR SANDSTORM:
VSBY 1/2 MILE OR LESS
8 = SMOKE OR HAZE
[NO. OF DAYS WITH] [WEATHER - DAYS WITH] 9 = BLOWING SNOW
X = TORNADO
MAX 32 OR BELOW: 0 0.01 INCH OR MORE: 5
MAX 90 OR ABOVE: 0 0.10 INCH OR MORE: 2
MIN 32 OR BELOW: 8 0.50 INCH OR MORE: 1
MIN 0 OR BELOW: 0 1.00 INCH OR MORE: 0
[HDD (BASE 65) ]
TOTAL THIS MO. 371 CLEAR (SCALE 0-3) 0
DPTR FM NORMAL -110 PTCLDY (SCALE 4-7) 0
TOTAL FM JUL 1 1833 CLOUDY (SCALE 8-10) 28
DPTR FM NORMAL -273
[CDD (BASE 65) ]
TOTAL THIS MO. 9
DPTR FM NORMAL 4 [PRESSURE DATA]
TOTAL FM JAN 1 20 HIGHEST SLP M ON M
DPTR FM NORMAL 18 LOWEST SLP M ON M
[REMARKS]
#FINAL-02-22#