000
CXUS52 KILM 011851
CLMLBT
CLIMATE REPORT
NATIONAL WEATHER SERVICE WILMINGTON NC
251 PM EDT MON MAY 01 2023
...................................
...THE LUMBERTON NORTH CAROLINA CLIMATE SUMMARY FOR THE MONTH OF APRIL 2023...
CLIMATE NORMAL PERIOD 1991 TO 2020
CLIMATE RECORD PERIOD 1903 TO 2023
WEATHER OBSERVED NORMAL DEPART LAST YEAR`S
VALUE DATE(S) VALUE FROM VALUE DATE(S)
NORMAL
................................................................
TEMPERATURE (F)
RECORD
HIGH 96 04/24/1925
LOW 22 04/08/2007
HIGHEST 86 04/19 MM MM 88
04/20
LOWEST 34 04/11 MM MM 36
AVG. MAXIMUM 75.5 74.7 0.8 76.4
AVG. MINIMUM 50.8 50.7 0.1 50.6
MEAN 63.2 62.7 0.5 63.5
DAYS MAX >= 90 0 0.5 -0.5 0
DAYS MAX <= 32 0 0.0 0.0 0
DAYS MIN <= 32 0 0.7 -0.7 0
DAYS MIN <= 0 0 0.0 0.0 0
PRECIPITATION (INCHES)
RECORD
MAXIMUM 13.74 1918
MINIMUM 0.11 1976
TOTALS 5.60 2.85 2.75
DAILY AVG. 0.19 0.09 0.10
DAYS >= .01 13 8.3 4.7
DAYS >= .10 10 5.0 5.0
DAYS >= .50 3 2.2 0.8
DAYS >= 1.00 2 0.8 1.2
GREATEST
24 HR. TOTAL 1.95 04/08 TO 04/09 1.18 04/05 TO 04/05
STORM TOTAL 1.89
(MM/DD(HH))
DEGREE DAYS
HEATING TOTAL 117 136 -19 115
SINCE 7/1 2101 2583 -482
COOLING TOTAL 70 67 3 77
SINCE 1/1 122 89 33
FREEZE DATES
RECORD
EARLIEST 10/03/1981
LATEST 05/10/1980
EARLIEST 10/20
LATEST 03/28
................................................................
WIND (MPH)
AVERAGE WIND SPEED 6.7
RESULTANT WIND SPEED/DIRECTION 1/190
HIGHEST WIND SPEED/DIRECTION 31/280 DATE 04/30
HIGHEST GUST SPEED/DIRECTION 40/290 DATE 04/30
SKY COVER
AVERAGE SKY COVER 0.33
AVERAGE RH (PERCENT) 72
WEATHER CONDITIONS. NUMBER OF DAYS WITH
THUNDERSTORM 3 MIXED PRECIP MM
HEAVY RAIN 7 RAIN 9
LIGHT RAIN 13 FREEZING RAIN 0
LT FREEZING RAIN 0 HAIL MM
HEAVY SNOW 0 SNOW 0
LIGHT SNOW 0 SLEET MM
FOG 19 FOG W/VIS <= 1/4 MILE 1
HAZE 2
- INDICATES NEGATIVE NUMBERS.
R INDICATES RECORD WAS SET OR TIED.
MM INDICATES DATA IS MISSING.
T INDICATES TRACE AMOUNT.
$$