000
CXUS54 KHGX 011510
CF6LBX
PRELIMINARY LOCAL CLIMATOLOGICAL DATA (WS FORM: F-6)
STATION: ANGLETON/LAKE_JACKS
MONTH: NOVEMBER
YEAR: 2023
LATITUDE: 29 6 N
LONGITUDE: 95 28 W
TEMPERATURE IN F: :PCPN: SNOW: WIND :SUNSHINE: SKY :PK WND
================================================================================
1 2 3 4 5 6A 6B 7 8 9 10 11 12 13 14 15 16 17 18
12Z AVG MX 2MIN
DY MAX MIN AVG DEP HDD CDD WTR SNW DPTH SPD SPD DIR MIN PSBL S-S WX SPD DR
================================================================================
1 64 35 50 -18 15 0 0.00 0.0 0 4.8 15 50 M M 0 1 20 40
2 67 33 50 -17 15 0 0.00 0.0 0 5.4 14 90 M M 1 1 20 90
3 75 48 62 -5 3 0 0.00 0.0 0 5.5 12 100 M M 1 12 18 120
4 80 55 68 1 0 3 0.00 0.0 0 5.8 16 130 M M 4 12 23 120
5 82 59 71 5 0 6 0.00 0.0 0 3.7 13 120 M M 4 12 19 160
6 83 59 71 5 0 6 0.00 0.0 0 5.0 16 190 M M 1 12 22 190
7 84 59 72 6 0 7 0.00 0.0 0 8.2 24 190 M M 3 12 30 170
8 83 63 73 8 0 8 0.00 0.0 0 8.0 20 170 M M 1 1 25 170
9 85 64 75 10 0 10 0.56 0.0 0 3.6 16 140 M M 6 1 22 140
10 71 56 64 -1 1 0 0.35 0.0 0 9.4 16 10 M M 10 1 24 10
11 61 56 59 -5 6 0 0.00 0.0 0 8.5 13 20 M M 10 1 18 10
12 63 59 61 -3 4 0 0.27 0.0 0 7.5 14 20 M M 10 1 18 20
13 63 60 62 -2 3 0 1.00 0.0 0 10.7 18 50 M M 10 1 27 60
14 71 57 64 0 1 0 T 0.0 0 7.2 14 10 M M 9 1 26 220
15 76 51 64 1 1 0 0.00 0.0 0 6.6 16 360 M M 2 12 21 10
16 64 59 62 -1 3 0 0.00 0.0 0 3.0 12 20 M M 10 16 10
17 79 52 66 3 0 1 0.00 0.0 0 1.7 9 190 M M 3 12 14 180
18 75 53 64 1 1 0 0.00 0.0 0 3.9 13 40 M M 6 12 19 360
19 74 52 63 1 2 0 0.00 0.0 0 5.9 16 130 M M 8 12 22 130
20 84 66 75 13 0 10 0.03 0.0 0 9.3 24 190 M M 5 1 34 180
21 66 48 57 -5 8 0 0.00 0.0 0 13.1 23 350 M M 2 37 360
22 58 43 51 -11 14 0 0.00 0.0 0 3.9 12 350 M M 0 17 350
23 60 40 50 -11 15 0 0.04 0.0 0 1.9 8 60 M M 8 10 50
24 68 45 57 -4 8 0 0.00 0.0 0 7.3 15 40 M M 5 1 21 40
25 66 47 57 -4 8 0 0.00 0.0 0 8.5 18 80 M M 7 1 25 70
26 66 42 54 -7 11 0 T 0.0 0 11.9 22 10 M M 7 31 350
27 58 40 49 -11 16 0 0.00 0.0 0 6.9 17 10 M M 7 24 50
28 63 38 51 -9 14 0 0.00 0.0 0 5.5 13 110 M M 6 20 10
29 68 39 54 -6 11 0 0.00 0.0 0 6.7 15 140 M M 6 18 23 140
30 74 63 69 9 0 4 2.26 0.0 0 10.3 30 150 M M 9 13 44 150
================================================================================
SM 2131 1541 160 55 4.51 0.0 199.7 M 161
================================================================================
AV 71.0 51.4 6.7 FASTST M M 5 MAX(MPH)
MISC ----> 30 150 44 150
================================================================================
NOTES:
# LAST OF SEVERAL OCCURRENCES
COLUMN 17 PEAK WIND IN M.P.H.
PRELIMINARY LOCAL CLIMATOLOGICAL DATA (WS FORM: F-6) , PAGE 2
STATION: ANGLETON/LAKE_JACKS
MONTH: NOVEMBER
YEAR: 2023
LATITUDE: 29 6 N
LONGITUDE: 95 28 W
[TEMPERATURE DATA] [PRECIPITATION DATA] SYMBOLS USED IN COLUMN 16
AVERAGE MONTHLY: 61.2 TOTAL FOR MONTH: 4.51 1 = FOG OR MIST
DPTR FM NORMAL: -2.2 DPTR FM NORMAL: 0.91 2 = FOG REDUCING VISIBILITY
HIGHEST: 85 ON 9 GRTST 24HR 2.26 ON 30-30 TO 1/4 MILE OR LESS
LOWEST: 33 ON 2 3 = THUNDER
SNOW, ICE PELLETS, HAIL 4 = ICE PELLETS
TOTAL MONTH: 0.0 INCH 5 = HAIL
GRTST 24HR 0.0 6 = FREEZING RAIN OR DRIZZLE
GRTST DEPTH: 0 7 = DUSTSTORM OR SANDSTORM:
VSBY 1/2 MILE OR LESS
8 = SMOKE OR HAZE
[NO. OF DAYS WITH] [WEATHER - DAYS WITH] 9 = BLOWING SNOW
X = TORNADO
MAX 32 OR BELOW: 0 0.01 INCH OR MORE: 7
MAX 90 OR ABOVE: 0 0.10 INCH OR MORE: 5
MIN 32 OR BELOW: 0 0.50 INCH OR MORE: 3
MIN 0 OR BELOW: 0 1.00 INCH OR MORE: 2
[HDD (BASE 65) ]
TOTAL THIS MO. 160 CLEAR (SCALE 0-3) 10
DPTR FM NORMAL 26 PTCLDY (SCALE 4-7) 13
TOTAL FM JUL 1 204 CLOUDY (SCALE 8-10) 7
DPTR FM NORMAL 49
[CDD (BASE 65) ]
TOTAL THIS MO. 55
DPTR FM NORMAL -31 [PRESSURE DATA]
TOTAL FM JAN 1 3541 HIGHEST SLP 30.46 ON 1
DPTR FM NORMAL 360 LOWEST SLP 29.66 ON 30
[REMARKS]
#FINAL-11-23#