000
CXUS52 KMLB 010628
CF6LEE
PRELIMINARY LOCAL CLIMATOLOGICAL DATA (WS FORM: F-6)
STATION: LEESBURG
MONTH: JUNE
YEAR: 2023
LATITUDE: 28 49 N
LONGITUDE: 81 49 W
TEMPERATURE IN F: :PCPN: SNOW: WIND :SUNSHINE: SKY :PK WND
================================================================================
1 2 3 4 5 6A 6B 7 8 9 10 11 12 13 14 15 16 17 18
12Z AVG MX 2MIN
DY MAX MIN AVG DEP HDD CDD WTR SNW DPTH SPD SPD DIR MIN PSBL S-S WX SPD DR
================================================================================
1 91 73 82 2 0 17 T 0.0 0 10.3 20 50 M M 4 29 40
2 90 70 80 -1 0 15 0.00 0.0 0 9.7 18 40 M M 4 26 30
3 90 69 80 -1 0 15 0.01 0.0 0 6.1 18 40 M M 5 3 23 60
4 89 69 79 -2 0 14 T 0.0 0 11.2 25 10 M M 5 12 33 20
5 88 69 79 -2 0 14 0.00 0.0 0 10.2 20 40 M M 2 27 40
6 89 66 78 -3 0 13 0.00 0.0 0 5.8 10 160 M M 0 17 180
7 89 72 81 0 0 16 0.82 0.0 0 6.2 31 200 M M 2 123 58 210
8 88 72 80 -1 0 15 0.53 0.0 0 6.4 21 300 M M 2 123 35 290
9 90 70 80 -2 0 15 0.02 0.0 0 4.9 24 330 M M 2 3 34 330
10 91 70 81 -1 0 16 0.01 0.0 0 2.8 22 290 M M 2 3 39 280
11 92 72 82 0 0 17 0.02 0.0 0 4.1 14 160 M M 1 13 20 130
12 92 73 83 1 0 18 0.00 0.0 0 6.6 14 280 M M 1 3 23 220
13 92 74 83 1 0 18 0.00 0.0 0 6.5 15 270 M M 1 25 290
14 93 71 82 0 0 17 0.01 0.0 0 7.8 31 340 M M 2 13 48 340
15 94 68 81 -1 0 16 1.05 0.0 0 9.7 28 50 M M 4 138 37 350
16 89 72 81 -1 0 16 0.00 0.0 0 8.1 23 260 M M 2 3 37 250
17 89 69 79 -3 0 14 2.34 0.0 0 6.9 24 210 M M 4 138 36 230
18 89 70 80 -2 0 15 0.00 0.0 0 6.1 16 280 M M 3 27 290
19 93 74 84 2 0 19 0.01 0.0 0 5.0 15 220 M M 0 3 26 280
20 83 73 78 -4 0 13 0.68 0.0 0 8.8 28 280 M M 5 13 42 280
21 84 70 77 -5 0 12 0.20 0.0 0 11.2 23 230 M M 4 13 43 240
22 89 70 80 -2 0 15 0.67 0.0 0 7.6 20 140 M M 3 13 28 140
23 91 71 81 -1 0 16 0.26 0.0 0 6.9 24 270 M M 3 13 40 270
24 92 73 83 1 0 18 0.00 0.0 0 5.9 14 260 M M 1 23 250
25 92 72 82 0 0 17 0.00 0.0 0 4.6 14 110 M M 2 19 120
26 93 72 83 0 0 18 0.00 0.0 0 4.5 10 270 M M 0 16 260
27 93 73 83 0 0 18 0.00 0.0 0 6.4 14 280 M M 2 21 240
28 92 76 84 1 0 19 0.12 0.0 0 5.1 28 280 M M 5 13 41 300
29 96 76 86 3 0 21 0.00 0.0 0 6.5 17 60 M M 0 24 100
30 94 72 83 0 0 18 0.00 0.0 0 6.6 18 40 M M 1 1 24 20
================================================================================
SM 2717 2141 0 485 6.75 0.0 208.5 M 72
================================================================================
AV 90.6 71.4 7.0 FASTST M M 2 MAX(MPH)
MISC ----> # 31 200 58 210
================================================================================
NOTES:
# LAST OF SEVERAL OCCURRENCES
COLUMN 17 PEAK WIND IN M.P.H.
PRELIMINARY LOCAL CLIMATOLOGICAL DATA (WS FORM: F-6) , PAGE 2
STATION: LEESBURG
MONTH: JUNE
YEAR: 2023
LATITUDE: 28 49 N
LONGITUDE: 81 49 W
[TEMPERATURE DATA] [PRECIPITATION DATA] SYMBOLS USED IN COLUMN 16
AVERAGE MONTHLY: 81.0 TOTAL FOR MONTH: 6.75 1 = FOG OR MIST
DPTR FM NORMAL: -0.9 DPTR FM NORMAL: -0.23 2 = FOG REDUCING VISIBILITY
HIGHEST: 96 ON 29 GRTST 24HR 2.34 ON 17-17 TO 1/4 MILE OR LESS
LOWEST: 66 ON 6 3 = THUNDER
SNOW, ICE PELLETS, HAIL 4 = ICE PELLETS
TOTAL MONTH: 0.0 INCH 5 = HAIL
GRTST 24HR 0.0 6 = FREEZING RAIN OR DRIZZLE
GRTST DEPTH: 0 7 = DUSTSTORM OR SANDSTORM:
VSBY 1/2 MILE OR LESS
8 = SMOKE OR HAZE
[NO. OF DAYS WITH] [WEATHER - DAYS WITH] 9 = BLOWING SNOW
X = TORNADO
MAX 32 OR BELOW: 0 0.01 INCH OR MORE: 15
MAX 90 OR ABOVE: 19 0.10 INCH OR MORE: 9
MIN 32 OR BELOW: 0 0.50 INCH OR MORE: 6
MIN 0 OR BELOW: 0 1.00 INCH OR MORE: 2
[HDD (BASE 65) ]
TOTAL THIS MO. 0 CLEAR (SCALE 0-3) 21
DPTR FM NORMAL 0 PTCLDY (SCALE 4-7) 9
TOTAL FM JUL 1 375 CLOUDY (SCALE 8-10) 0
DPTR FM NORMAL -255
[CDD (BASE 65) ]
TOTAL THIS MO. 485
DPTR FM NORMAL -22 [PRESSURE DATA]
TOTAL FM JAN 1 1637 HIGHEST SLP M ON M
DPTR FM NORMAL 288 LOWEST SLP 29.68 ON 3
[REMARKS]
#FINAL-06-23#