000
CXUS52 KMLB 011245
CF6LEE
PRELIMINARY LOCAL CLIMATOLOGICAL DATA (WS FORM: F-6)
STATION: LEESBURG
MONTH: FEBRUARY
YEAR: 2021
LATITUDE: 28 49 N
LONGITUDE: 81 49 W
TEMPERATURE IN F: :PCPN: SNOW: WIND :SUNSHINE: SKY :PK WND
================================================================================
1 2 3 4 5 6A 6B 7 8 9 10 11 12 13 14 15 16 17 18
12Z AVG MX 2MIN
DY MAX MIN AVG DEP HDD CDD WTR SNW DPTH SPD SPD DIR MIN PSBL S-S WX SPD DR
================================================================================
1 66 44 55 -5 10 0 0.32 0.0 0 12.7 23 270 M M 9 1 32 260
2 54 40 47 -13 18 0 0.00 0.0 0 12.5 22 320 M M 3 30 300
3 59 38 49 -11 16 0 0.00 0.0 0 7.2 15 310 M M 0 8 20 310
4 66 36 51 -9 14 0 0.00 0.0 0 2.9 8 280 M M 0 8 13 160
5 77 47 62 2 3 0 0.00 0.0 0 10.0 16 200 M M 2 22 190
6 74 55 65 4 0 0 0.09 0.0 0 6.9 15 30 M M 7 1 27 130
7 77 56 67 6 0 2 0.46 0.0 0 8.3 25 260 M M 6 13 35 280
8 73 55 64 3 1 0 T 0.0 0 7.2 14 80 M M 10 18 80
9 85 65 75 14 0 10 0.00 0.0 0 5.0 20 330 M M 7 12 25 330
10 84 63 74 13 0 9 0.00 0.0 0 3.5 9 280 M M 3 12 11 270
11 84 61 73 12 0 8 0.00 0.0 0 2.3 9 290 M M 3 12 12 290
12 84 65 75 13 0 10 0.27 0.0 0 4.4 12 340 M M 4 1 14 330
13 79 66 73 11 0 8 0.85 0.0 0 4.8 22 290 M M 4 123 28 280
14 80 66 73 11 0 8 0.33 0.0 0 5.8 20 210 M M 7 13 30 220
15 84 66 75 13 0 10 0.04 0.0 0 8.7 20 190 M M 7 1 27 200
16 70 54 62 0 3 0 0.03 0.0 0 9.5 20 280 M M 5 1 25 280
17 65 53 59 -3 6 0 T 0.0 0 6.4 13 110 M M 9 18 16 70
18 87 62 75 13 0 10 0.00 0.0 0 8.8 16 180 M M 6 25 170
19 77 52 65 3 0 0 0.69 0.0 0 9.8 17 310 M M 6 138 24 250
20 67 46 57 -6 8 0 0.00 0.0 0 10.4 17 50 M M 2 23 40
21 74 48 61 -2 4 0 0.00 0.0 0 10.7 22 100 M M 2 27 100
22 81 58 70 7 0 5 0.00 0.0 0 6.5 20 220 M M 4 26 220
23 76 54 65 2 0 0 0.10 0.0 0 6.2 14 350 M M 4 1 17 340
24 80 52 66 3 0 1 0.00 0.0 0 2.7 9 290 M M 1 14 150
25 81 51 66 3 0 1 0.00 0.0 0 3.3 13 330 M M 0 19 350
26 83 59 71 8 0 6 0.00 0.0 0 4.0 13 100 M M 2 16 110
27 86 63 75 11 0 10 0.00 0.0 0 5.2 13 110 M M 2 16 110
28 87 69 78 14 0 13 0.00 0.0 0 5.3 12 170 M M 2 20 110
================================================================================
SM 2140 1544 83 111 3.18 0.0 191.0 M 117
================================================================================
AV 76.4 55.1 6.8 FASTST M M 4 MAX(MPH)
MISC ----> 25 260 35 280
================================================================================
NOTES:
# LAST OF SEVERAL OCCURRENCES
COLUMN 17 PEAK WIND IN M.P.H.
PRELIMINARY LOCAL CLIMATOLOGICAL DATA (WS FORM: F-6) , PAGE 2
STATION: LEESBURG
MONTH: FEBRUARY
YEAR: 2021
LATITUDE: 28 49 N
LONGITUDE: 81 49 W
[TEMPERATURE DATA] [PRECIPITATION DATA] SYMBOLS USED IN COLUMN 16
AVERAGE MONTHLY: 65.8 TOTAL FOR MONTH: 3.18 1 = FOG OR MIST
DPTR FM NORMAL: 4.0 DPTR FM NORMAL: 0.30 2 = FOG REDUCING VISIBILITY
HIGHEST: 87 ON 28,18 GRTST 24HR 1.12 ON 12-13 TO 1/4 MILE OR LESS
LOWEST: 36 ON 4 3 = THUNDER
SNOW, ICE PELLETS, HAIL 4 = ICE PELLETS
TOTAL MONTH: 0.0 INCH 5 = HAIL
GRTST 24HR 0.0 6 = FREEZING RAIN OR DRIZZLE
GRTST DEPTH: 0 7 = DUSTSTORM OR SANDSTORM:
VSBY 1/2 MILE OR LESS
8 = SMOKE OR HAZE
[NO. OF DAYS WITH] [WEATHER - DAYS WITH] 9 = BLOWING SNOW
X = TORNADO
MAX 32 OR BELOW: 0 0.01 INCH OR MORE: 10
MAX 90 OR ABOVE: 0 0.10 INCH OR MORE: 7
MIN 32 OR BELOW: 0 0.50 INCH OR MORE: 2
MIN 0 OR BELOW: 0 1.00 INCH OR MORE: 0
[HDD (BASE 65) ]
TOTAL THIS MO. 83 CLEAR (SCALE 0-3) 11
DPTR FM NORMAL -56 PTCLDY (SCALE 4-7) 14
TOTAL FM JUL 1 509 CLOUDY (SCALE 8-10) 3
DPTR FM NORMAL -102
[CDD (BASE 65) ]
TOTAL THIS MO. 111
DPTR FM NORMAL 62 [PRESSURE DATA]
TOTAL FM JAN 1 155 HIGHEST SLP 30.39 ON 20
DPTR FM NORMAL 77 LOWEST SLP 29.78 ON 7
[REMARKS]
#FINAL-02-21#
USED LSBF1 FOR MAX TEMP ON 02/05 DUE TO ASOS EQUIPMENT FAILUR