000
CXUS51 KOKX 010702
CF6LGA
PRELIMINARY LOCAL CLIMATOLOGICAL DATA (WS FORM: F-6)
STATION: LAGUARDIA NY
MONTH: JUNE
YEAR: 2020
LATITUDE: 40 46 N
LONGITUDE: 73 54 W
TEMPERATURE IN F: :PCPN: SNOW: WIND :SUNSHINE: SKY :PK WND
================================================================================
1 2 3 4 5 6A 6B 7 8 9 10 11 12 13 14 15 16 17 18
12Z AVG MX 2MIN
DY MAX MIN AVG DEP HDD CDD WTR SNW DPTH SPD SPD DIR MIN PSBL S-S WX SPD DR
================================================================================
1 72 54 63 -5 2 0 0.00 0.0 0 10.0 22 320 M M 4 30 320
2 76 63 70 2 0 5 T 0.0 0 8.3 18 270 M M 8 23 250
3 82 63 73 5 0 8 0.19 0.0 0 8.9 24 350 M M 8 3 32 250
4 88 69 79 10 0 14 0.14 0.0 0 7.2 18 210 M M 7 3 24 210
5 83 69 76 7 0 11 0.27 0.0 0 8.8 18 170 M M 9 13 23 170
6 90 69 80 11 0 15 0.11 0.0 0 8.9 29 330 M M 7 138 35 330
7 78 65 72 2 0 7 0.00 0.0 0 11.2 24 320 M M 5 30 320
8 81 63 72 2 0 7 0.00 0.0 0 7.0 16 310 M M 4 20 320
9 91 68 80 10 0 15 0.00 0.0 0 8.3 17 230 M M 3 23 200
10 85 69 77 6 0 12 0.00 0.0 0 12.6 24 160 M M 7 30 170
11 83 70 77 6 0 12 0.05 0.0 0 10.3 17 170 M M 8 138 25 160
12 88 70 79 8 0 14 0.00 0.0 0 8.8 17 270 M M 5 25 280
13 77 60 69 -3 0 4 0.00 0.0 0 10.4 18 20 M M 4 26 330
14 75 55 65 -7 0 0 0.00 0.0 0 8.7 17 40 M M 3 22 40
15 77 62 70 -2 0 5 0.00 0.0 0 8.7 17 50 M M 5 21 50
16 80 63 72 0 0 7 0.00 0.0 0 8.3 17 90 M M 5 22 40
17 79 63 71 -2 0 6 0.00 0.0 0 10.0 20 50 M M 6 23 60
18 78 65 72 -1 0 7 0.00 0.0 0 7.8 14 160 M M 9 18 18 170
19 86 67 77 4 0 12 0.00 0.0 0 8.4 20 180 M M 7 1 25 170
20 88 72 80 6 0 15 0.00 0.0 0 7.0 21 160 M M 7 24 160
21 88 73 81 7 0 16 0.00 0.0 0 7.1 15 190 M M 7 19 160
22 93 75 84 10 0 19 0.00 0.0 0 7.9 22 170 M M 5 26 180
23 87 76 82 8 0 17 T 0.0 0 11.0 22 160 M M 4 27 160
24 89 76 83 8 0 18 T 0.0 0 11.1 23 300 M M 7 29 310
25 89 74 82 7 0 17 0.00 0.0 0 8.6 22 190 M M 7 26 190
26 90 73 82 7 0 17 0.00 0.0 0 9.0 20 260 M M 6 25 270
27 85 73 79 4 0 14 0.25 0.0 0 6.0 29 320 M M 6 8 34 320
28 93 72 83 7 0 18 0.02 0.0 0 5.5 22 300 M M 7 3 28 290
29 89 72 81 5 0 16 0.07 0.0 0 8.7 29 10 M M 3 3 39 20
30 81 70 76 0 0 11 T 0.0 0 7.3 15 60 M M 6 3 19 50
================================================================================
SM 2521 2033 2 339 1.10 0.0 261.8 M 179
================================================================================
AV 84.0 67.8 8.7 FASTST M M 6 MAX(MPH)
MISC ----> # 29 330 # 39 20
================================================================================
NOTES:
# LAST OF SEVERAL OCCURRENCES
COLUMN 17 PEAK WIND IN M.P.H.
PRELIMINARY LOCAL CLIMATOLOGICAL DATA (WS FORM: F-6) , PAGE 2
STATION: LAGUARDIA NY
MONTH: JUNE
YEAR: 2020
LATITUDE: 40 46 N
LONGITUDE: 73 54 W
[TEMPERATURE DATA] [PRECIPITATION DATA] SYMBOLS USED IN COLUMN 16
AVERAGE MONTHLY: 75.9 TOTAL FOR MONTH: 1.10 1 = FOG OR MIST
DPTR FM NORMAL: 3.7 DPTR FM NORMAL: -2.84 2 = FOG REDUCING VISIBILITY
HIGHEST: 93 ON 28,22 GRTST 24HR 0.27 ON 5- 5 TO 1/4 MILE OR LESS
LOWEST: 54 ON 1 3 = THUNDER
SNOW, ICE PELLETS, HAIL 4 = ICE PELLETS
TOTAL MONTH: 0.0 INCH 5 = HAIL
GRTST 24HR 0.0 6 = FREEZING RAIN OR DRIZZLE
GRTST DEPTH: 0 7 = DUSTSTORM OR SANDSTORM:
VSBY 1/2 MILE OR LESS
8 = SMOKE OR HAZE
[NO. OF DAYS WITH] [WEATHER - DAYS WITH] 9 = BLOWING SNOW
X = TORNADO
MAX 32 OR BELOW: 0 0.01 INCH OR MORE: 8
MAX 90 OR ABOVE: 5 0.10 INCH OR MORE: 5
MIN 32 OR BELOW: 0 0.50 INCH OR MORE: 0
MIN 0 OR BELOW: 0 1.00 INCH OR MORE: 0
[HDD (BASE 65) ]
TOTAL THIS MO. 2 CLEAR (SCALE 0-3) 1
DPTR FM NORMAL -14 PTCLDY (SCALE 4-7) 27
TOTAL FM JUL 1 4193 CLOUDY (SCALE 8-10) 2
DPTR FM NORMAL -471
[CDD (BASE 65) ]
TOTAL THIS MO. 339
DPTR FM NORMAL 108 [PRESSURE DATA]
TOTAL FM JAN 1 385 HIGHEST SLP M ON M
DPTR FM NORMAL 88 LOWEST SLP 29.62 ON 24
[REMARKS]
#FINAL-06-20#