000
CXUS56 KLOX 011155
CF6LGB
PRELIMINARY LOCAL CLIMATOLOGICAL DATA (WS FORM: F-6)
STATION: LONG BEACH AIRPORT CA
MONTH: OCTOBER
YEAR: 2022
LATITUDE: 33 49 N
LONGITUDE: 118 9 W
TEMPERATURE IN F: :PCPN: SNOW: WIND :SUNSHINE: SKY :PK WND
================================================================================
1 2 3 4 5 6A 6B 7 8 9 10 11 12 13 14 15 16 17 18
12Z AVG MX 2MIN
DY MAX MIN AVG DEP HDD CDD WTR SNW DPTH SPD SPD DIR MIN PSBL S-S WX SPD DR
================================================================================
1 75 67 71 0 0 6 0.00 M M 5.7 13 200 M M 7 16 180
2 80 68 74 3 0 9 0.00 M M 5.7 15 290 M M 5 8 18 310
3 80 65 73 2 0 8 0.00 M M 3.9 14 310 M M 0 8 16 300
4 81 65 73 3 0 8 0.00 M M 4.0 12 170 M M 0 15 220
5 79 69 74 4 0 9 0.00 M M 4.3 12 190 M M 6 8 16 210
6 77 69 73 3 0 8 0.00 M M 3.6 12 200 M M 8 8 15 180
7 80 68 74 4 0 9 0.00 M M 4.6 13 300 M M 4 8 16 200
8 83 67 75 5 0 10 0.00 M M 4.3 12 290 M M 3 8 15 300
9 80 66 73 3 0 8 0.00 M M 5.2 14 260 M M 5 8 17 260
10 77 66 72 3 0 7 0.00 M M 3.7 12 290 M M 6 15 210
11 75 68 72 3 0 7 0.01 M M 3.9 21 280 M M 7 3 25 270
12 77 68 73 4 0 8 0.10 M M 5.5 20 330 M M 5 138 22 320
13 72 67 70 1 0 5 0.00 M M 3.9 10 190 M M 9 8 14 200
14 72 66 69 0 0 4 0.00 M M 3.5 9 210 M M 10 18 12 170
15 73 65 69 0 0 4 0.07 M M 4.0 13 240 M M 9 138 16 250
16 75 62 69 1 0 4 0.00 M M 4.1 13 290 M M 4 18 15 290
17 81 60 71 3 0 6 0.00 M M 3.8 14 300 M M 0 19 290
18 94 63 79 11 0 14 0.00 M M 4.3 16 300 M M 0 8 19 310
19 95 65 80 12 0 15 0.00 M M 3.7 14 210 M M 0 8 18 200
20 92 68 80 12 0 15 0.00 M M 4.5 18 290 M M 0 22 300
21 76 66 71 3 0 6 0.00 M M 5.5 10 170 M M 6 1 14 210
22 72 64 68 1 0 3 T M M 6.0 15 220 M M 9 8 19 200
23 72 60 66 -1 0 1 T M M 4.5 15 300 M M 2 8 19 310
24 80 56 68 1 0 3 0.00 M M 5.9 16 290 M M 0 8 19 320
25 77 55 66 -1 0 1 0.00 M M 2.6 13 200 M M 0 8 15 200
26 73 57 65 -2 0 0 0.00 M M 2.9 13 180 M M 1 15 180
27 74 59 67 0 0 2 0.00 M M 3.2 13 300 M M 3 16 190
28 77 57 67 1 0 2 0.00 M M 3.6 15 300 M M 0 8 19 280
29 80 56 68 2 0 3 0.00 M M 3.2 15 300 M M 0 8 17 300
30 78 56 67 1 0 2 0.00 M M 3.0 13 310 M M 0 8 14 320
31 77 57 67 1 0 2 0.00 M M 2.9 9 210 M M 1 18 12 220
================================================================================
SM 2434 1965 0 189 0.18 M 129.5 M 110
================================================================================
AV 78.5 63.4 4.2 FASTST M M 4 MAX(MPH)
MISC ----> 21 280 25 270
================================================================================
NOTES:
# LAST OF SEVERAL OCCURRENCES
COLUMN 17 PEAK WIND IN M.P.H.
PRELIMINARY LOCAL CLIMATOLOGICAL DATA (WS FORM: F-6) , PAGE 2
STATION: LONG BEACH AIRPORT CA
MONTH: OCTOBER
YEAR: 2022
LATITUDE: 33 49 N
LONGITUDE: 118 9 W
[TEMPERATURE DATA] [PRECIPITATION DATA] SYMBOLS USED IN COLUMN 16
AVERAGE MONTHLY: 71.0 TOTAL FOR MONTH: 0.18 1 = FOG OR MIST
DPTR FM NORMAL: 2.6 DPTR FM NORMAL: -0.35 2 = FOG REDUCING VISIBILITY
HIGHEST: 95 ON 19 GRTST 24HR 0.11 ON 11-12 TO 1/4 MILE OR LESS
LOWEST: 55 ON 25 3 = THUNDER
SNOW, ICE PELLETS, HAIL 4 = ICE PELLETS
TOTAL MONTH: M 5 = HAIL
GRTST 24HR M ON M 6 = FREEZING RAIN OR DRIZZLE
GRTST DEPTH: M ON M 7 = DUSTSTORM OR SANDSTORM:
VSBY 1/2 MILE OR LESS
8 = SMOKE OR HAZE
[NO. OF DAYS WITH] [WEATHER - DAYS WITH] 9 = BLOWING SNOW
X = TORNADO
MAX 32 OR BELOW: 0 0.01 INCH OR MORE: 3
MAX 90 OR ABOVE: 3 0.10 INCH OR MORE: 1
MIN 32 OR BELOW: 0 0.50 INCH OR MORE: 0
MIN 0 OR BELOW: 0 1.00 INCH OR MORE: 0
[HDD (BASE 65) ]
TOTAL THIS MO. 0 CLEAR (SCALE 0-3) 14
DPTR FM NORMAL -19 PTCLDY (SCALE 4-7) 13
TOTAL FM JUL 1 0 CLOUDY (SCALE 8-10) 4
DPTR FM NORMAL -17
[CDD (BASE 65) ]
TOTAL THIS MO. 189
DPTR FM NORMAL 65 [PRESSURE DATA]
TOTAL FM JAN 1 1618 HIGHEST SLP 30.17 ON 28
DPTR FM NORMAL 483 LOWEST SLP 29.74 ON 22
[REMARKS]
#FINAL-10-22#