000
CXUS56 KLOX 011655
CF6LGB
PRELIMINARY LOCAL CLIMATOLOGICAL DATA (WS FORM: F-6)
STATION: LONG BEACH AIRPORT CA
MONTH: MAY
YEAR: 2020
LATITUDE: 33 49 N
LONGITUDE: 118 9 W
TEMPERATURE IN F: :PCPN: SNOW: WIND :SUNSHINE: SKY :PK WND
================================================================================
1 2 3 4 5 6A 6B 7 8 9 10 11 12 13 14 15 16 17 18
12Z AVG MX 2MIN
DY MAX MIN AVG DEP HDD CDD WTR SNW DPTH SPD SPD DIR MIN PSBL S-S WX SPD DR
================================================================================
1 72 63 68 4 0 3 0.00 0.0 0 5.6 14 200 M M 4 8 17 180
2 78 60 69 5 0 4 0.00 0.0 0 5.2 17 310 M M 2 20 310
3 76 59 68 3 0 3 0.00 0.0 0 5.8 14 310 M M 2 18 180
4 82 56 69 4 0 4 0.00 0.0 0 4.4 13 290 M M 1 15 290
5 90 60 75 10 0 10 0.00 0.0 0 5.3 17 300 M M 0 26 130
6 93 60 77 12 0 12 0.00 0.0 0 4.0 16 300 M M 0 1 23 320
7 82 63 73 8 0 8 0.00 0.0 0 4.4 12 210 M M 0 15 220
8 74 62 68 3 0 3 0.00 0.0 0 4.9 13 150 M M 2 128 21 170
9 72 62 67 2 0 2 0.00 0.0 M 5.8 12 200 M M 2 8 15 200
10 73 62 68 3 0 3 0.00 0.0 0 5.4 15 290 M M 7 18 19 280
11 73 60 67 2 0 2 0.00 0.0 0 7.4 18 290 M M 4 22 290
12 71 56 64 -1 1 0 0.00 0.0 0 6.3 16 220 M M 6 21 230
13 72 57 65 -1 0 0 0.00 0.0 0 5.2 15 290 M M 1 20 220
14 76 57 67 1 0 2 0.00 0.0 0 5.8 21 290 M M 1 26 290
15 79 60 70 4 0 5 0.00 0.0 0 6.4 15 300 M M 2 20 290
16 76 62 69 3 0 4 0.00 0.0 0 4.4 13 200 M M 0 17 200
17 72 63 68 2 0 3 0.00 0.0 0 7.7 16 290 M M 5 20 290
18 73 61 67 1 0 2 0.04 0.0 0 8.3 17 280 M M 8 18 23 280
19 71 57 64 -2 1 0 0.00 0.0 0 7.9 20 280 M M 1 25 280
20 75 56 66 0 0 1 0.00 0.0 0 5.8 16 290 M M 0 22 290
21 83 58 71 5 0 6 0.00 0.0 0 6.3 21 300 M M 0 25 300
22 71 62 67 1 0 2 0.00 0.0 0 8.5 16 150 M M 5 20 160
23 73 62 68 2 0 3 0.00 0.0 0 7.6 15 300 M M 4 19 300
24 78 59 69 3 0 4 0.00 0.0 0 5.8 16 300 M M 2 20 290
25 81 60 71 5 0 6 0.00 0.0 0 5.6 13 280 M M 2 18 17 280
26 82 60 71 5 0 6 0.00 0.0 0 5.8 14 310 M M 2 18 18 310
27 79 59 69 3 0 4 0.00 0.0 0 6.3 15 310 M M 4 18 19 300
28 74 61 68 2 0 3 0.00 0.0 0 5.3 14 170 M M 8 8 18 200
29 71 61 66 0 0 1 0.00 0.0 0 5.2 13 210 M M 9 17 210
30 79 63 71 4 0 6 0.00 0.0 0 8.6 22 290 M M 4 28 300
31 79 60 70 3 0 5 0.00 0.0 0 6.9 21 290 M M 0 24 290
================================================================================
SM 2380 1861 2 117 0.04 0.0 187.9 M 88
================================================================================
AV 76.8 60.0 6.1 FASTST M M 3 MAX(MPH)
MISC ----> # 22 290 # 28 300
================================================================================
NOTES:
# LAST OF SEVERAL OCCURRENCES
COLUMN 17 PEAK WIND IN M.P.H.
PRELIMINARY LOCAL CLIMATOLOGICAL DATA (WS FORM: F-6) , PAGE 2
STATION: LONG BEACH AIRPORT CA
MONTH: MAY
YEAR: 2020
LATITUDE: 33 49 N
LONGITUDE: 118 9 W
[TEMPERATURE DATA] [PRECIPITATION DATA] SYMBOLS USED IN COLUMN 16
AVERAGE MONTHLY: 68.4 TOTAL FOR MONTH: 0.04 1 = FOG OR MIST
DPTR FM NORMAL: 2.8 DPTR FM NORMAL: -0.17 2 = FOG REDUCING VISIBILITY
HIGHEST: 93 ON 6 GRTST 24HR 0.04 ON 18-18 TO 1/4 MILE OR LESS
LOWEST: 56 ON 20,12 3 = THUNDER
SNOW, ICE PELLETS, HAIL 4 = ICE PELLETS
TOTAL MONTH: 0.0 INCH 5 = HAIL
GRTST 24HR 0.0 6 = FREEZING RAIN OR DRIZZLE
GRTST DEPTH: 0 7 = DUSTSTORM OR SANDSTORM:
VSBY 1/2 MILE OR LESS
8 = SMOKE OR HAZE
[NO. OF DAYS WITH] [WEATHER - DAYS WITH] 9 = BLOWING SNOW
X = TORNADO
MAX 32 OR BELOW: 0 0.01 INCH OR MORE: 1
MAX 90 OR ABOVE: 2 0.10 INCH OR MORE: 0
MIN 32 OR BELOW: 0 0.50 INCH OR MORE: 0
MIN 0 OR BELOW: 0 1.00 INCH OR MORE: 0
[HDD (BASE 65) ]
TOTAL THIS MO. 2 CLEAR (SCALE 0-3) 19
DPTR FM NORMAL -35 PTCLDY (SCALE 4-7) 11
TOTAL FM JUL 1 1134 CLOUDY (SCALE 8-10) 1
DPTR FM NORMAL -79
[CDD (BASE 65) ]
TOTAL THIS MO. 117
DPTR FM NORMAL 61 [PRESSURE DATA]
TOTAL FM JAN 1 169 HIGHEST SLP 30.07 ON 20
DPTR FM NORMAL 66 LOWEST SLP 29.80 ON 7
[REMARKS]
#FINAL-05-20#