000
CXUS54 KFWD 010731
CF6LHB
PRELIMINARY LOCAL CLIMATOLOGICAL DATA (WS FORM: F-6)
STATION: HEARNE
MONTH: APRIL
YEAR: 2021
LATITUDE: 30 52 N
LONGITUDE: 96 36 W
TEMPERATURE IN F: :PCPN: SNOW: WIND :SUNSHINE: SKY :PK WND
================================================================================
1 2 3 4 5 6A 6B 7 8 9 10 11 12 13 14 15 16 17 18
12Z AVG MX 2MIN
DY MAX MIN AVG DEP HDD CDD WTR SNW DPTH SPD SPD DIR MIN PSBL S-S WX SPD DR
================================================================================
1 70 36 53 M 12 0 0.00 M M 2.9 13 60 M M 0 23 60
2 71 37 54 M 11 0 0.00 M M 5.6 13 150 M M 0 18 130
3 68 51 60 M 5 0 0.01 M M 4.1 14 180 M M 7 18 150
4 69 49 59 M 6 0 0.00 M M 2.1 8 160 M M 4 M M
5 80 57 69 M 0 4 0.00 M M 7.6 15 190 M M 6 12 23 180
6 85 66 76 M 0 11 0.00 M M 13.3 21 170 M M 8 32 160
7 85 53 69 M 0 4 0.00 M M 8.2 16 200 M M 6 1 22 340
8 87 44 66 M 0 1 0.39 M M 3.6 12 160 M M 2 3 21 150
9 87 70 79 M 0 14 0.00 M M 0.0 M M M M 7 8 M M
10 77 51 64 M 1 0 0.00 M M 0.0 M M M M 1 1 M M
11 85 44 65 M 0 0 0.00 M M 0.0 M M M M 0 M M
12 84 55 70 M 0 5 0.00 0.0 M 0.0 M M M M 3 M M
13 84 68 76 M 0 11 0.00 M M 0.0 M M M M 9 M M
14 78 67 73 M 0 8 0.05 M M 0.0 M M M M 10 1 M M
15 67 60 64 M 1 0 0.61 M M 0.0 M M M M 10 13 M M
16 68 59 64 M 1 0 0.14 M M 0.0 M M M M 9 1 M M
17 62 50 56 M 9 0 0.00 M M 0.0 M M M M 7 M M
18 67 44 56 M 9 0 0.00 M M 0.0 M M M M 1 1 M M
19 72 47 60 M 5 0 0.00 M M 0.0 M M M M 2 M M
20 79 47 63 M 2 0 0.00 M M 0.0 M M M M 2 M M
21 65 43 54 M 11 0 0.00 M M 0.0 M M M M 2 M M
22 70 49 60 M 5 0 M M M 0.0 M M M M 8 M M
23 74 65 70 M 0 5 0.24 M M 0.0 M M M M 10 13 M M
24 79 60 70 M 0 5 M M M 0.0 M M M M 3 12 M M
25 84 54 69 M 0 4 0.00 M M 0.0 M M M M 0 M M
26 82 65 74 M 0 9 0.00 M M 0.0 M M M M 4 M M
27 79 70 75 M 0 10 M M M 0.0 M M M M 7 18 M M
28 88 72 80 M 0 15 0.00 M M 0.0 M M M M 9 8 M M
29 84 71 78 M 0 13 0.28 M M 0.0 M M M M 6 18 M M
30 74 69 72 M 0 7 0.22 M M 0.0 M M M M 8 M M
================================================================================
SM 2304 1673 78 126 1.94 0.0 47.3 M 151
================================================================================
AV 76.8 55.8 1.6 FASTST M M 5 MAX(MPH)
MISC ----> 21 170 32 160
================================================================================
NOTES:
# LAST OF SEVERAL OCCURRENCES
COLUMN 17 PEAK WIND IN M.P.H.
PRELIMINARY LOCAL CLIMATOLOGICAL DATA (WS FORM: F-6) , PAGE 2
STATION: HEARNE
MONTH: APRIL
YEAR: 2021
LATITUDE: 30 52 N
LONGITUDE: 96 36 W
[TEMPERATURE DATA] [PRECIPITATION DATA] SYMBOLS USED IN COLUMN 16
AVERAGE MONTHLY: 66.3 TOTAL FOR MONTH: 1.94 1 = FOG OR MIST
DPTR FM NORMAL: 0.0 DPTR FM NORMAL: M 2 = FOG REDUCING VISIBILITY
HIGHEST: 88 ON 28 GRTST 24HR 0.61 ON 15-15 TO 1/4 MILE OR LESS
LOWEST: 36 ON 1 3 = THUNDER
SNOW, ICE PELLETS, HAIL 4 = ICE PELLETS
TOTAL MONTH: 0.0 INCH 5 = HAIL
GRTST 24HR 0.0 6 = FREEZING RAIN OR DRIZZLE
GRTST DEPTH: M ON M 7 = DUSTSTORM OR SANDSTORM:
VSBY 1/2 MILE OR LESS
8 = SMOKE OR HAZE
[NO. OF DAYS WITH] [WEATHER - DAYS WITH] 9 = BLOWING SNOW
X = TORNADO
MAX 32 OR BELOW: 0 0.01 INCH OR MORE: 8
MAX 90 OR ABOVE: 0 0.10 INCH OR MORE: 6
MIN 32 OR BELOW: 0 0.50 INCH OR MORE: 1
MIN 0 OR BELOW: 0 1.00 INCH OR MORE: 0
[HDD (BASE 65) ]
TOTAL THIS MO. 78 CLEAR (SCALE 0-3) 12
DPTR FM NORMAL M PTCLDY (SCALE 4-7) 11
TOTAL FM JUL 1 1818 CLOUDY (SCALE 8-10) 7
DPTR FM NORMAL M
[CDD (BASE 65) ]
TOTAL THIS MO. 126
DPTR FM NORMAL M [PRESSURE DATA]
TOTAL FM JAN 1 207 HIGHEST SLP M ON M
DPTR FM NORMAL M LOWEST SLP M ON M
[REMARKS]
#FINAL-04-21#