000
CXUS55 KPUB 011210
CF6LHX
PRELIMINARY LOCAL CLIMATOLOGICAL DATA (WS FORM: F-6)
STATION: LA JUNTA CO
MONTH: APRIL
YEAR: 2022
LATITUDE: 38 2 N
LONGITUDE: 103 31 W
TEMPERATURE IN F: :PCPN: SNOW: WIND :SUNSHINE: SKY :PK WND
================================================================================
1 2 3 4 5 6A 6B 7 8 9 10 11 12 13 14 15 16 17 18
12Z AVG MX 2MIN
DY MAX MIN AVG DEP HDD CDD WTR SNW DPTH SPD SPD DIR MIN PSBL S-S WX SPD DR
================================================================================
1 64 38 51 1 14 0 T M M 13.1 31 350 M M 2 40 350
2 75 29 52 2 13 0 0.00 M M 7.6 18 260 M M 0 22 120
3 65 38 52 1 13 0 0.00 M M 11.6 22 350 M M 4 37 50
4 73 43 58 7 7 0 0.11 M M 10.7 22 250 M M 4 1 31 180
5 81 44 63 12 2 0 0.00 M M 18.3 43 20 M M 3 8 54 20
6 58 38 48 -3 17 0 0.00 M M 22.1 40 340 M M 1 58 310
7 61 31 46 -5 19 0 0.00 M M 18.1 36 350 M M 0 48 350
8 70 30 50 -2 15 0 0.00 M M 7.0 16 330 M M 0 23 330
9 85 34 60 8 5 0 0.00 M M 11.6 26 260 M M 0 34 260
10 67 40 54 2 11 0 0.00 M M 11.8 35 350 M M 1 45 40
11 78 29 54 2 11 0 0.00 M M 12.2 30 160 M M 0 43 190
12 79 36 58 6 7 0 0.00 M M 22.9 46 260 M M 0 60 270
13 54 28 41 -11 24 0 T M M 11.5 32 310 M M 3 48 260
14 71 20 46 -7 19 0 0.00 M M 5.3 15 170 M M 0 22 160
15 80 34 57 4 8 0 0.00 M M 12.5 39 80 M M 0 51 80
16 61 28 45 -8 20 0 0.00 M M 16.2 32 120 M M 0 41 130
17 83 31 57 4 8 0 0.00 M M 8.8 30 60 M M 0 40 110
18 72 33 53 -1 12 0 0.00 M M 15.6 31 130 M M 0 41 130
19 86 40 63 9 2 0 0.00 M M 13.3 28 240 M M 0 36 250
20 81 51 66 12 0 1 0.00 M M 16.4 30 350 M M 0 40 350
21 87 43 65 11 0 0 0.00 M M 12.3 26 130 M M 1 33 140
22 94 51 73 18 0 8 0.00 M M 25.0 48 200 M M 1 8 65 190
23 77 50 64 9 1 0 0.00 M M 19.4 40 250 M M 1 52 250
24 65 40 53 -2 12 0 0.02 M M 8.7 22 10 M M 7 30 130
25 60 35 48 -8 17 0 T M M 9.2 18 100 M M 7 25 110
26 80 40 60 4 5 0 0.00 M M 14.5 28 210 M M 0 37 200
27 81 52 67 11 0 2 T M M 10.6 30 250 M M 1 3 39 260
28 86 43 65 9 0 0 0.00 M M 8.3 17 80 M M 0 29 200
29 81 46 64 7 1 0 0.00 M M 24.8 44 360 M M 0 8 59 280
30 69 37 53 -4 12 0 0.00 M M 11.0 23 360 M M 0 31 360
================================================================================
SM 2224 1132 275 11 0.13 M 410.4 M 36
================================================================================
AV 74.1 37.7 13.7 FASTST M M 1 MAX(MPH)
MISC ----> 48 200 65 190
================================================================================
NOTES:
# LAST OF SEVERAL OCCURRENCES
COLUMN 17 PEAK WIND IN M.P.H.
PRELIMINARY LOCAL CLIMATOLOGICAL DATA (WS FORM: F-6) , PAGE 2
STATION: LA JUNTA CO
MONTH: APRIL
YEAR: 2022
LATITUDE: 38 2 N
LONGITUDE: 103 31 W
[TEMPERATURE DATA] [PRECIPITATION DATA] SYMBOLS USED IN COLUMN 16
AVERAGE MONTHLY: 55.9 TOTAL FOR MONTH: 0.13 1 = FOG OR MIST
DPTR FM NORMAL: 2.7 DPTR FM NORMAL: -1.09 2 = FOG REDUCING VISIBILITY
HIGHEST: 94 ON 22 GRTST 24HR 0.11 ON 4- 4 TO 1/4 MILE OR LESS
LOWEST: 20 ON 14 3 = THUNDER
SNOW, ICE PELLETS, HAIL 4 = ICE PELLETS
TOTAL MONTH: M 5 = HAIL
GRTST 24HR M ON M 6 = FREEZING RAIN OR DRIZZLE
GRTST DEPTH: M ON M 7 = DUSTSTORM OR SANDSTORM:
VSBY 1/2 MILE OR LESS
8 = SMOKE OR HAZE
[NO. OF DAYS WITH] [WEATHER - DAYS WITH] 9 = BLOWING SNOW
X = TORNADO
MAX 32 OR BELOW: 0 0.01 INCH OR MORE: 2
MAX 90 OR ABOVE: 1 0.10 INCH OR MORE: 1
MIN 32 OR BELOW: 8 0.50 INCH OR MORE: 0
MIN 0 OR BELOW: 0 1.00 INCH OR MORE: 0
[HDD (BASE 65) ]
TOTAL THIS MO. 275 CLEAR (SCALE 0-3) 26
DPTR FM NORMAL -85 PTCLDY (SCALE 4-7) 4
TOTAL FM JUL 1 4258 CLOUDY (SCALE 8-10) 0
DPTR FM NORMAL -637
[CDD (BASE 65) ]
TOTAL THIS MO. 11
DPTR FM NORMAL 4 [PRESSURE DATA]
TOTAL FM JAN 1 11 HIGHEST SLP 30.37 ON 25
DPTR FM NORMAL 3 LOWEST SLP 29.11 ON 22
[REMARKS]
#FINAL-04-22#