000
CXUS55 KBOU 010927
CF6LIC
PRELIMINARY LOCAL CLIMATOLOGICAL DATA (WS FORM: F-6)
STATION: LIMON CO
MONTH: OCTOBER
YEAR: 2020
LATITUDE: 39 10 N
LONGITUDE: 103 42 W
TEMPERATURE IN F: :PCPN: SNOW: WIND :SUNSHINE: SKY :PK WND
================================================================================
1 2 3 4 5 6A 6B 7 8 9 10 11 12 13 14 15 16 17 18
12Z AVG MX 2MIN
DY MAX MIN AVG DEP HDD CDD WTR SNW DPTH SPD SPD DIR MIN PSBL S-S WX SPD DR
================================================================================
1 69 34 52 M 13 0 0.00 M M 6.2 15 150 M M 2 19 140
2 76 34 55 M 10 0 0.00 M M 8.9 23 30 M M 1 31 30
3 66 33 50 M 15 0 0.00 M M 7.8 23 10 M M 0 30 10
4 81 31 56 M 9 0 0.00 M M 5.6 20 150 M M 0 25 160
5 82 38 60 M 5 0 0.00 M M 10.8 25 330 M M 1 33 340
6 86 32 59 M 6 0 0.00 M M 4.9 13 200 M M 0 23 190
7 86 37 62 M 3 0 0.00 M M 6.6 14 360 M M 0 18 50
8 87 37 62 M 3 0 0.00 M M 5.9 18 160 M M 0 25 160
9 85 45 65 M 0 0 0.00 M M 6.9 20 340 M M 0 24 330
10 82 37 60 M 5 0 0.00 M M 10.6 31 150 M M 0 41 160
11 81 30 56 M 9 0 0.00 M M 17.0 52 330 M M 1 8 69 340
12 73 21 47 M 18 0 0.00 M M 7.5 25 210 M M 0 33 200
13 73 34 54 M 11 0 0.00 M M 9.1 25 170 M M 0 34 170
14 80 38 59 M 6 0 0.00 M M 10.4 27 60 M M 0 35 70
15 51 35 43 M 22 0 0.00 M M 6.1 24 50 M M 8 31 40
16 61 20 41 M 24 0 0.00 M M 8.3 20 190 M M 1 27 160
17 75 37 56 M 9 0 0.00 M M 8.0 20 40 M M 2 26 70
18 37 30 34 M 31 0 0.00 M M 12.6 21 170 M M 9 1 28 170
19 68 24 46 M 19 0 0.00 M M 7.3 24 130 M M 0 29 130
20 76 24 50 M 15 0 0.00 M M 7.1 22 60 M M 0 28 60
21 74 28 51 M 14 0 0.00 M M 10.6 22 150 M M 0 29 180
22 48 24 36 M 29 0 T M M 17.5 26 350 M M 7 18 36 10
23 34 22 28 M 37 0 0.00 M M 12.8 24 170 M M 7 34 170
24 56 20 38 M 27 0 0.00 M M 11.2 18 110 M M 2 29 170
25 29 9 19 M 46 0 0.13 M M 16.0 22 10 M M 10 1268 28 330
26 15 -5 5 M 60 0 0.08 M M 4.4 12 50 M M 5 18 16 60
27 38 -7 16 M 49 0 0.00 M M 4.8 16 290 M M 0 19 290
28 45 14 30 M 35 0 0.00 M M 12.6 26 340 M M 1 36 340
29 64 28 46 M 19 0 0.00 M M 6.6 14 290 M M 2 19 200
30 66 24 45 M 20 0 0.00 M M 8.0 29 180 M M 0 40 190
31 61 22 42 M 23 0 0.00 M M 9.6 25 10 M M 0 32 10
================================================================================
SM 2005 830 592 0 0.21 M 281.7 M 59
================================================================================
AV 64.7 26.8 9.1 FASTST M M 2 MAX(MPH)
MISC ----> 52 330 69 340
================================================================================
NOTES:
# LAST OF SEVERAL OCCURRENCES
COLUMN 17 PEAK WIND IN M.P.H.
PRELIMINARY LOCAL CLIMATOLOGICAL DATA (WS FORM: F-6) , PAGE 2
STATION: LIMON CO
MONTH: OCTOBER
YEAR: 2020
LATITUDE: 39 10 N
LONGITUDE: 103 42 W
[TEMPERATURE DATA] [PRECIPITATION DATA] SYMBOLS USED IN COLUMN 16
AVERAGE MONTHLY: 45.7 TOTAL FOR MONTH: 0.21 1 = FOG OR MIST
DPTR FM NORMAL: -1.0 DPTR FM NORMAL: -0.80 2 = FOG REDUCING VISIBILITY
HIGHEST: 87 ON 8 GRTST 24HR 0.20 ON 25-26 TO 1/4 MILE OR LESS
LOWEST: -7 ON 27 3 = THUNDER
SNOW, ICE PELLETS, HAIL 4 = ICE PELLETS
TOTAL MONTH: M 5 = HAIL
GRTST 24HR M ON M 6 = FREEZING RAIN OR DRIZZLE
GRTST DEPTH: M ON M 7 = DUSTSTORM OR SANDSTORM:
VSBY 1/2 MILE OR LESS
8 = SMOKE OR HAZE
[NO. OF DAYS WITH] [WEATHER - DAYS WITH] 9 = BLOWING SNOW
X = TORNADO
MAX 32 OR BELOW: 2 0.01 INCH OR MORE: 2
MAX 90 OR ABOVE: 0 0.10 INCH OR MORE: 1
MIN 32 OR BELOW: 19 0.50 INCH OR MORE: 0
MIN 0 OR BELOW: 2 1.00 INCH OR MORE: 0
[HDD (BASE 65) ]
TOTAL THIS MO. 592 CLEAR (SCALE 0-3) 25
DPTR FM NORMAL M PTCLDY (SCALE 4-7) 3
TOTAL FM JUL 1 771 CLOUDY (SCALE 8-10) 3
DPTR FM NORMAL 771
[CDD (BASE 65) ]
TOTAL THIS MO. 0
DPTR FM NORMAL M [PRESSURE DATA]
TOTAL FM JAN 1 636 HIGHEST SLP 30.50 ON 26
DPTR FM NORMAL 493 LOWEST SLP 29.51 ON 11
[REMARKS]
#FINAL-10-20#