000
CXHW51 PHFO 031816 CCA
CF6LIH
PRELIMINARY LOCAL CLIMATOLOGICAL DATA (WS FORM: F-6)
STATION: LIHUE HI
MONTH: OCTOBER
YEAR: 2021
LATITUDE: 21 58 N
LONGITUDE: 159 21 W
TEMPERATURE IN F: :PCPN: SNOW: WIND :SUNSHINE: SKY :PK WND
================================================================================
1 2 3 4 5 6A 6B 7 8 9 10 11 12 13 14 15 16 17 18
12Z AVG MX 2MIN
DY MAX MIN AVG DEP HDD CDD WTR SNW DPTH SPD SPD DIR MIN PSBL S-S WX SPD DR
================================================================================
1 84 70 77 -3 0 12 0.08 M M 13.1 18 50 M M 5 1 24 40
2 84 74 79 -1 0 14 T M M 14.6 22 60 M M 6 18 26 60
3 79 73 76 -4 0 11 0.23 M M 12.6 26 70 M M 8 18 32 70
4 83 74 79 -1 0 14 0.06 M M 15.8 25 60 M M 5 18 30 50
5 84 75 80 0 0 15 T M M 14.1 18 60 M M 3 26 60
6 84 76 80 0 0 15 0.01 M M 16.0 24 60 M M 3 28 60
7 83 72 78 -2 0 13 0.04 M M 17.4 26 60 M M 7 18 33 60
8 83 72 78 -1 0 13 0.08 M M 18.7 29 70 M M 6 18 33 70
9 84 71 78 -1 0 13 T M M 21.9 33 70 M M 8 18 40 70
10 84 73 79 0 0 14 0.01 M M 20.4 29 60 M M 6 18 36 60
11 85 75 80 1 0 15 0.01 M M 18.3 28 50 M M 5 1 36 40
12 81 75 78 -1 0 13 0.05 M M 16.6 23 50 M M 8 18 28 50
13 84 73 79 0 0 14 0.03 M M 17.4 24 70 M M 9 18 29 70
14 82 72 77 -2 0 12 0.05 M M 17.8 26 60 M M 6 18 32 70
15 81 71 76 -3 0 11 0.07 M M 18.4 31 40 M M 5 18 39 40
16 81 71 76 -3 0 11 T M M 15.9 26 70 M M 5 1 32 80
17 80 73 77 -2 0 12 0.01 M M 16.0 21 60 M M 4 18 25 80
18 81 72 77 -2 0 12 T M M 14.3 20 70 M M 4 23 70
19 80 68 74 -5 0 9 T M M 11.7 17 30 M M 4 21 20
20 82 66 74 -4 0 9 T M M 9.8 20 40 M M 2 1 22 40
21 82 70 76 -2 0 11 T M M 11.3 20 40 M M 5 1 24 20
22 82 73 78 0 0 13 0.03 M M 11.9 23 80 M M 7 1 27 80
23 83 75 79 1 0 14 0.01 M M 15.0 21 50 M M 5 1 24 60
24 83 73 78 0 0 13 0.03 M M 18.2 26 40 M M 6 1 30 60
25 80 73 77 -1 0 12 0.01 M M 13.8 21 60 M M 6 1 25 70
26 81 70 76 -2 0 11 0.00 M M 8.2 14 70 M M 2 17 70
27 81 67 74 -4 0 9 0.03 M M 9.3 16 50 M M 3 1 20 40
28 78 69 74 -4 0 9 0.17 M M 11.3 22 40 M M 7 1 25 40
29 81 67 74 -4 0 9 0.15 M M 6.7 12 10 M M 5 1 20 280
30 M 64 77 -1 0 12 0.30 M M 6.3 14 30 M M 4 1 16 40
31 M 61 76 -2 0 11 0.00 M M 7.4 16 10 M M 2 22 210
================================================================================
SM 2560 2208 0 376 1.46 M 440.2 M 161
================================================================================
AV 82.6 71.2 14.2 FASTST M M 5 MAX(MPH)
MISC ----> 33 70 40 70
================================================================================
NOTES:
# LAST OF SEVERAL OCCURRENCES
COLUMN 17 PEAK WIND IN M.P.H.
PRELIMINARY LOCAL CLIMATOLOGICAL DATA (WS FORM: F-6) , PAGE 2
STATION: LIHUE HI
MONTH: OCTOBER
YEAR: 2021
LATITUDE: 21 58 N
LONGITUDE: 159 21 W
[TEMPERATURE DATA] [PRECIPITATION DATA] SYMBOLS USED IN COLUMN 16
AVERAGE MONTHLY: 76.9 TOTAL FOR MONTH: 1.46 1 = FOG OR MIST
DPTR FM NORMAL: -1.8 DPTR FM NORMAL: -1.81 2 = FOG REDUCING VISIBILITY
HIGHEST: 90 ON 31,30 GRTST 24HR 0.34 ON 29-30 TO 1/4 MILE OR LESS
LOWEST: 61 ON 31 3 = THUNDER
SNOW, ICE PELLETS, HAIL 4 = ICE PELLETS
TOTAL MONTH: M 5 = HAIL
GRTST 24HR M ON M 6 = FREEZING RAIN OR DRIZZLE
GRTST DEPTH: M ON M 7 = DUSTSTORM OR SANDSTORM:
VSBY 1/2 MILE OR LESS
8 = SMOKE OR HAZE
[NO. OF DAYS WITH] [WEATHER - DAYS WITH] 9 = BLOWING SNOW
X = TORNADO
MAX 32 OR BELOW: 0 0.01 INCH OR MORE: 21
MAX 90 OR ABOVE: 2 0.10 INCH OR MORE: 4
MIN 32 OR BELOW: 0 0.50 INCH OR MORE: 0
MIN 0 OR BELOW: 0 1.00 INCH OR MORE: 0
[HDD (BASE 65) ]
TOTAL THIS MO. 0 CLEAR (SCALE 0-3) 5
DPTR FM NORMAL 0 PTCLDY (SCALE 4-7) 22
TOTAL FM JUL 1 0 CLOUDY (SCALE 8-10) 4
DPTR FM NORMAL 0
[CDD (BASE 65) ]
TOTAL THIS MO. 376
DPTR FM NORMAL -50 [PRESSURE DATA]
TOTAL FM JAN 1 3655 HIGHEST SLP 30.17 ON 13
DPTR FM NORMAL 143 LOWEST SLP 29.90 ON 4
[REMARKS]
#FINAL-10-21#