000
CXUS54 KLZK 051748
CF6LIT
PRELIMINARY LOCAL CLIMATOLOGICAL DATA (WS FORM: F-6)
STATION: LITTLE ROCK ADAMS FIELD
MONTH: DECEMBER
YEAR: 2022
LATITUDE: 34 43 N
LONGITUDE: 92 14 W
TEMPERATURE IN F: :PCPN: SNOW: WIND :SUNSHINE: SKY :PK WND
================================================================================
1 2 3 4 5 6A 6B 7 8 9 10 11 12 13 14 15 16 17 18
12Z AVG MX 2MIN
DY MAX MIN AVG DEP HDD CDD WTR SNW DPTH SPD SPD DIR MIN PSBL S-S WX SPD DR
================================================================================
1 49 31 40 -6 25 0 T 0.0 0 5.9 15 120 M M 7 8 17 120
2 63 41 52 6 13 0 0.02 0.0 0 4.5 14 250 M M 10 17 250
3 64 38 51 5 14 0 0.00 0.0 0 9.5 24 20 M M 5 1 30 360
4 42 37 40 -5 25 0 0.16 0.0 0 4.7 14 150 M M 8 18 17 150
5 51 41 46 1 19 0 0.17 0.0 0 2.6 8 170 M M 10 12 10 170
6 73 51 62 17 3 0 0.02 0.0 0 5.5 18 230 M M 10 128 24 230
7 69 58 64 19 1 0 0.69 0.0 0 5.4 10 80 M M 10 1 14 350
8 62 54 58 14 7 0 0.31 0.0 0 4.4 14 360 M M 10 12 16 350
9 67 50 59 15 6 0 0.00 0.0 0 3.1 12 10 M M 9 128 13 20
10 57 49 53 9 12 0 1.12 0.0 0 6.0 15 110 M M 10 123 19 60
11 54 48 51 7 14 0 0.03 0.0 0 8.1 13 70 M M 10 1 16 70
12 48 46 47 3 18 0 0.01 0.0 0 9.2 14 120 M M 10 18 16 120
13 64 48 56 13 9 0 2.61 0.0 0 8.6 25 140 M M 10 123 30 150
14 62 41 52 9 13 0 T 0.0 0 7.7 28 330 M M 7 18 35 330
15 51 34 43 0 22 0 0.00 0.0 0 8.4 18 270 M M 0 25 270
16 50 31 41 -2 24 0 0.00 0.0 0 8.9 17 270 M M 5 24 250
17 50 28 39 -3 26 0 0.00 0.0 0 9.7 26 320 M M 1 36 330
18 53 25 39 -3 26 0 0.00 0.0 0 3.1 12 140 M M 3 13 140
19 46 35 41 -1 24 0 0.00 0.0 0 6.4 13 130 M M 9 17 150
20 54 34 44 2 21 0 0.00 0.0 0 5.5 14 30 M M 5 17 20
21 48 30 39 -3 26 0 0.00 0.0 0 5.8 17 170 M M 5 20 170
22 46 7 27 -15 38 0 0.04 0.1 T 13.2 33 330 M M 8 18 43 330
23 20 2 11 -31 54 0 0.00 0.0 T 17.9 26 330 M M 2 36 320
24 33 14 24 -17 41 0 0.00 0.0 0 10.4 22 320 M M 4 30 330
25 40 22 31 -10 34 0 0.00 0.0 0 5.7 15 330 M M 4 20 330
26 44 29 37 -4 28 0 T T 0 6.4 18 360 M M 8 4 23 360
27 43 25 34 -7 31 0 0.00 0.0 0 5.8 12 170 M M 4 15 150
28 67 24 46 5 19 0 0.00 0.0 0 7.5 22 200 M M 4 27 210
29 74 61 68 27 0 3 0.42 0.0 0 11.0 21 200 M M 10 13 25 210
30 62 50 56 15 9 0 0.55 0.0 0 3.8 10 200 M M 9 128 14 200
31 64 47 56 15 9 0 0.00 0.0 0 3.5 10 180 M M 6 12 13 170
================================================================================
SM 1670 1131 611 3 6.15 0.1 218.2 M 213
================================================================================
AV 53.9 36.5 7.0 FASTST M M 7 MAX(MPH)
MISC ----> 33 330 43 330
================================================================================
NOTES:
# LAST OF SEVERAL OCCURRENCES
COLUMN 17 PEAK WIND IN M.P.H.
PRELIMINARY LOCAL CLIMATOLOGICAL DATA (WS FORM: F-6) , PAGE 2
STATION: LITTLE ROCK ADAMS FIELD
MONTH: DECEMBER
YEAR: 2022
LATITUDE: 34 43 N
LONGITUDE: 92 14 W
[TEMPERATURE DATA] [PRECIPITATION DATA] SYMBOLS USED IN COLUMN 16
AVERAGE MONTHLY: 45.2 TOTAL FOR MONTH: 6.15 1 = FOG OR MIST
DPTR FM NORMAL: 2.2 DPTR FM NORMAL: 1.07 2 = FOG REDUCING VISIBILITY
HIGHEST: 74 ON 29 GRTST 24HR 2.62 ON 12-13 TO 1/4 MILE OR LESS
LOWEST: 2 ON 23 3 = THUNDER
SNOW, ICE PELLETS, HAIL 4 = ICE PELLETS
TOTAL MONTH: 0.1 INCH 5 = HAIL
GRTST 24HR 0.1 ON 22-22 6 = FREEZING RAIN OR DRIZZLE
GRTST DEPTH: T 7 = DUSTSTORM OR SANDSTORM:
VSBY 1/2 MILE OR LESS
8 = SMOKE OR HAZE
[NO. OF DAYS WITH] [WEATHER - DAYS WITH] 9 = BLOWING SNOW
X = TORNADO
MAX 32 OR BELOW: 1 0.01 INCH OR MORE: 13
MAX 90 OR ABOVE: 0 0.10 INCH OR MORE: 8
MIN 32 OR BELOW: 12 0.50 INCH OR MORE: 4
MIN 0 OR BELOW: 0 1.00 INCH OR MORE: 2
[HDD (BASE 65) ]
TOTAL THIS MO. 611 CLEAR (SCALE 0-3) 4
DPTR FM NORMAL -73 PTCLDY (SCALE 4-7) 12
TOTAL FM JUL 1 1099 CLOUDY (SCALE 8-10) 15
DPTR FM NORMAL -165
[CDD (BASE 65) ]
TOTAL THIS MO. 3
DPTR FM NORMAL 2 [PRESSURE DATA]
TOTAL FM JAN 1 2569 HIGHEST SLP 30.66 ON 23
DPTR FM NORMAL 579 LOWEST SLP 29.65 ON 13
[REMARKS]
#FINAL-12-22#