000
CXUS54 KLZK 011130
CF6LIT
PRELIMINARY LOCAL CLIMATOLOGICAL DATA (WS FORM: F-6)
STATION: LITTLE ROCK ADAMS FIELD
MONTH: SEPTEMBER
YEAR: 2021
LATITUDE: 34 43 N
LONGITUDE: 92 14 W
TEMPERATURE IN F: :PCPN: SNOW: WIND :SUNSHINE: SKY :PK WND
================================================================================
1 2 3 4 5 6A 6B 7 8 9 10 11 12 13 14 15 16 17 18
12Z AVG MX 2MIN
DY MAX MIN AVG DEP HDD CDD WTR SNW DPTH SPD SPD DIR MIN PSBL S-S WX SPD DR
================================================================================
1 100 74 87 9 0 22 0.00 0.0 0 8.0 16 290 M M 3 3 21 310
2 91 72 82 4 0 17 0.00 0.0 0 6.7 12 110 M M 6 8 15 90
3 89 68 79 1 0 14 0.00 0.0 0 4.4 12 130 M M 8 15 150
4 97 70 84 6 0 19 0.00 0.0 0 6.8 17 160 M M 5 18 22 160
5 82 69 76 -1 0 11 0.01 0.0 0 5.8 18 20 M M 7 1 23 30
6 89 63 76 -1 0 11 0.00 0.0 0 4.2 13 60 M M 0 1 19 80
7 92 60 76 -1 0 11 0.00 0.0 0 4.0 10 140 M M 1 18 14 160
8 92 66 79 3 0 14 0.00 0.0 0 8.6 16 350 M M 5 22 330
9 90 60 75 -1 0 10 0.00 0.0 0 5.2 17 50 M M 1 8 21 50
10 91 60 76 0 0 11 0.00 0.0 0 5.0 14 150 M M 0 18 18 140
11 90 62 76 0 0 11 0.00 0.0 M 6.3 14 150 M M 0 17 210
12 90 61 76 1 0 11 0.00 0.0 0 4.6 17 190 M M 1 23 210
13 89 69 79 4 0 14 T 0.0 0 6.6 20 190 M M 7 27 190
14 91 72 82 7 0 17 0.00 0.0 0 4.6 18 150 M M 7 1 23 150
15 89 68 79 5 0 14 0.00 0.0 M 5.7 15 80 M M 6 22 90
16 89 69 79 5 0 14 0.00 0.0 M 8.2 17 80 M M 5 8 20 70
17 86 70 78 4 0 13 0.82 0.0 0 6.8 24 70 M M 8 1 29 60
18 89 73 81 8 0 16 0.04 0.0 0 6.9 25 40 M M 9 3 31 40
19 85 71 78 5 0 13 T 0.0 0 6.1 13 100 M M 8 1 16 80
20 91 67 79 6 0 14 0.00 0.0 0 4.9 12 190 M M 3 17 180
21 82 62 72 0 0 7 0.23 0.0 0 8.1 22 350 M M 7 13 30 330
22 80 59 70 -2 0 5 0.00 0.0 0 10.7 20 310 M M 1 26 330
23 79 52 66 -6 0 1 0.00 0.0 0 2.6 10 320 M M 0 1 15 260
24 83 50 67 -4 0 2 0.00 0.0 0 4.0 13 220 M M 5 1 17 210
25 86 55 71 0 0 6 0.00 0.0 0 4.3 12 360 M M 2 15 300
26 89 57 73 3 0 8 0.00 0.0 0 3.2 12 180 M M 1 1 22 180
27 88 60 74 4 0 9 0.00 0.0 0 5.0 14 190 M M 3 17 210
28 87 66 77 7 0 12 T 0.0 0 5.3 15 180 M M 6 1 19 180
29 85 68 77 8 0 12 0.00 0.0 0 6.0 15 120 M M 9 1 21 130
30 82 69 76 7 0 11 T 0.0 0 5.8 16 50 M M 8 21 60
================================================================================
SM 2643 1942 0 350 1.10 0.0 174.4 M 132
================================================================================
AV 88.1 64.7 5.8 FASTST M M 4 MAX(MPH)
MISC ----> 25 40 31 40
================================================================================
NOTES:
# LAST OF SEVERAL OCCURRENCES
COLUMN 17 PEAK WIND IN M.P.H.
PRELIMINARY LOCAL CLIMATOLOGICAL DATA (WS FORM: F-6) , PAGE 2
STATION: LITTLE ROCK ADAMS FIELD
MONTH: SEPTEMBER
YEAR: 2021
LATITUDE: 34 43 N
LONGITUDE: 92 14 W
[TEMPERATURE DATA] [PRECIPITATION DATA] SYMBOLS USED IN COLUMN 16
AVERAGE MONTHLY: 76.4 TOTAL FOR MONTH: 1.10 1 = FOG OR MIST
DPTR FM NORMAL: 2.4 DPTR FM NORMAL: -1.91 2 = FOG REDUCING VISIBILITY
HIGHEST: 100 ON 1 GRTST 24HR 0.82 ON 17-17 TO 1/4 MILE OR LESS
LOWEST: 50 ON 24 3 = THUNDER
SNOW, ICE PELLETS, HAIL 4 = ICE PELLETS
TOTAL MONTH: 0.0 INCH 5 = HAIL
GRTST 24HR 0.0 6 = FREEZING RAIN OR DRIZZLE
GRTST DEPTH: 0 7 = DUSTSTORM OR SANDSTORM:
VSBY 1/2 MILE OR LESS
8 = SMOKE OR HAZE
[NO. OF DAYS WITH] [WEATHER - DAYS WITH] 9 = BLOWING SNOW
X = TORNADO
MAX 32 OR BELOW: 0 0.01 INCH OR MORE: 4
MAX 90 OR ABOVE: 11 0.10 INCH OR MORE: 2
MIN 32 OR BELOW: 0 0.50 INCH OR MORE: 1
MIN 0 OR BELOW: 0 1.00 INCH OR MORE: 0
[HDD (BASE 65) ]
TOTAL THIS MO. 0 CLEAR (SCALE 0-3) 13
DPTR FM NORMAL -11 PTCLDY (SCALE 4-7) 14
TOTAL FM JUL 1 0 CLOUDY (SCALE 8-10) 3
DPTR FM NORMAL -8
[CDD (BASE 65) ]
TOTAL THIS MO. 350
DPTR FM NORMAL 69 [PRESSURE DATA]
TOTAL FM JAN 1 2022 HIGHEST SLP 30.26 ON 22
DPTR FM NORMAL 109 LOWEST SLP 29.75 ON 1
[REMARKS]
#FINAL-09-21#