000
CXUS54 KLZK 012052
CF6LIT
PRELIMINARY LOCAL CLIMATOLOGICAL DATA (WS FORM: F-6)
STATION: LITTLE ROCK ADAMS FIELD
MONTH: APRIL
YEAR: 2021
LATITUDE: 34 43 N
LONGITUDE: 92 14 W
TEMPERATURE IN F: :PCPN: SNOW: WIND :SUNSHINE: SKY :PK WND
================================================================================
1 2 3 4 5 6A 6B 7 8 9 10 11 12 13 14 15 16 17 18
12Z AVG MX 2MIN
DY MAX MIN AVG DEP HDD CDD WTR SNW DPTH SPD SPD DIR MIN PSBL S-S WX SPD DR
================================================================================
1 61 37 49 -9 16 0 0.00 0.0 0 7.4 17 360 M M 0 22 10
2 57 33 45 -13 20 0 0.00 0.0 0 4.9 14 130 M M 1 16 130
3 68 36 52 -6 13 0 0.00 0.0 0 4.0 13 200 M M 4 16 170
4 75 41 58 -1 7 0 0.00 0.0 0 5.4 15 200 M M 1 18 200
5 76 49 63 4 2 0 0.00 0.0 0 4.5 17 210 M M 5 21 210
6 78 51 65 6 0 0 0.00 0.0 0 8.3 14 180 M M 4 24 170
7 71 54 63 3 2 0 0.41 0.0 0 10.1 17 170 M M 8 3 28 170
8 76 46 61 1 4 0 0.00 0.0 0 9.8 23 220 M M 0 30 220
9 80 50 65 5 0 0 0.04 0.0 0 6.1 21 290 M M 5 3 26 300
10 68 49 59 -1 6 0 0.07 0.0 0 12.4 25 300 M M 4 13 35 330
11 80 46 63 2 2 0 0.00 0.0 0 8.3 17 270 M M 0 23 240
12 84 52 68 7 0 3 0.00 0.0 0 5.9 15 110 M M 3 19 110
13 73 58 66 5 0 1 0.00 0.0 0 8.7 21 40 M M 5 25 50
14 62 50 56 -6 9 0 0.54 0.0 0 8.0 20 40 M M 10 13 25 30
15 66 49 58 -4 7 0 0.06 0.0 0 8.1 17 30 M M 8 1 22 20
16 59 51 55 -7 10 0 0.04 0.0 0 7.7 16 120 M M 10 20 110
17 65 50 58 -4 7 0 0.00 0.0 0 8.3 16 350 M M 9 20 360
18 65 46 56 -7 9 0 T 0.0 0 6.2 33 330 M M 6 1 43 320
19 73 40 57 -6 8 0 0.00 0.0 0 5.4 16 320 M M 2 22 310
20 77 37 57 -6 8 0 0.00 0.0 0 11.1 29 320 M M 4 36 320
21 62 35 49 -15 16 0 0.00 0.0 0 7.1 18 320 M M 2 23 340
22 62 38 50 -14 15 0 T 0.0 0 4.7 10 150 M M 6 17 160
23 63 51 57 -7 8 0 1.42 0.0 0 7.3 15 170 M M 10 13 18 150
24 68 51 60 -4 5 0 0.52 0.0 0 9.4 23 320 M M 8 1 31 310
25 73 45 59 -6 6 0 0.00 0.0 0 5.6 13 150 M M 0 1 21 150
26 83 50 67 2 0 2 0.00 0.0 0 9.1 17 190 M M 7 23 200
27 78 60 69 4 0 4 0.00 0.0 0 9.3 18 170 M M 9 23 170
28 81 68 75 9 0 10 0.01 0.0 0 7.5 17 180 M M 10 1 23 180
29 78 64 71 5 0 6 0.91 0.0 0 8.8 23 290 M M 9 13 33 300
30 78 57 68 2 0 3 0.00 0.0 0 5.2 13 90 M M 6 17 100
================================================================================
SM 2140 1444 180 29 4.02 0.0 224.6 M 156
================================================================================
AV 71.3 48.1 7.5 FASTST M M 5 MAX(MPH)
MISC ----> 33 330 43 320
================================================================================
NOTES:
# LAST OF SEVERAL OCCURRENCES
COLUMN 17 PEAK WIND IN M.P.H.
PRELIMINARY LOCAL CLIMATOLOGICAL DATA (WS FORM: F-6) , PAGE 2
STATION: LITTLE ROCK ADAMS FIELD
MONTH: APRIL
YEAR: 2021
LATITUDE: 34 43 N
LONGITUDE: 92 14 W
[TEMPERATURE DATA] [PRECIPITATION DATA] SYMBOLS USED IN COLUMN 16
AVERAGE MONTHLY: 59.7 TOTAL FOR MONTH: 4.02 1 = FOG OR MIST
DPTR FM NORMAL: -2.4 DPTR FM NORMAL: -1.12 2 = FOG REDUCING VISIBILITY
HIGHEST: 84 ON 12 GRTST 24HR 1.93 ON 23-24 TO 1/4 MILE OR LESS
LOWEST: 33 ON 2 3 = THUNDER
SNOW, ICE PELLETS, HAIL 4 = ICE PELLETS
TOTAL MONTH: 0.0 INCH 5 = HAIL
GRTST 24HR 0.0 6 = FREEZING RAIN OR DRIZZLE
GRTST DEPTH: 0 7 = DUSTSTORM OR SANDSTORM:
VSBY 1/2 MILE OR LESS
8 = SMOKE OR HAZE
[NO. OF DAYS WITH] [WEATHER - DAYS WITH] 9 = BLOWING SNOW
X = TORNADO
MAX 32 OR BELOW: 0 0.01 INCH OR MORE: 10
MAX 90 OR ABOVE: 0 0.10 INCH OR MORE: 5
MIN 32 OR BELOW: 0 0.50 INCH OR MORE: 4
MIN 0 OR BELOW: 0 1.00 INCH OR MORE: 1
[HDD (BASE 65) ]
TOTAL THIS MO. 180 CLEAR (SCALE 0-3) 9
DPTR FM NORMAL 36 PTCLDY (SCALE 4-7) 14
TOTAL FM JUL 1 3088 CLOUDY (SCALE 8-10) 7
DPTR FM NORMAL 55
[CDD (BASE 65) ]
TOTAL THIS MO. 29
DPTR FM NORMAL -27 [PRESSURE DATA]
TOTAL FM JAN 1 37 HIGHEST SLP 30.58 ON 2
DPTR FM NORMAL -35 LOWEST SLP 29.56 ON 10
[REMARKS]
#FINAL-04-21#