867
CXUS54 KLZK 011130
CF6LIT
PRELIMINARY LOCAL CLIMATOLOGICAL DATA (WS FORM: F-6)
STATION: Little Rock Adams Field
MONTH: OCTOBER
YEAR: 2020
LATITUDE: 34 43 N
LONGITUDE: 92 14 W
TEMPERATURE IN F: :PCPN: SNOW: WIND :SUNSHINE: SKY :PK WND
================================================================================
1 2 3 4 5 6A 6B 7 8 9 10 11 12 13 14 15 16 17 18
12Z AVG MX 2MIN
DY MAX MIN AVG DEP HDD CDD WTR SNW DPTH SPD SPD DIR MIN PSBL S-S WX SPD DR
================================================================================
1 78 54 66 -3 0 1 0.00 0.0 0 7.9 16 350 M M 1 21 350
2 70 48 59 -10 6 0 0.00 0.0 0 4.1 10 320 M M 1 15 330
3 72 48 60 -8 5 0 0.00 0.0 0 4.5 15 160 M M 5 21 140
4 70 50 60 -8 5 0 0.00 0.0 0 6.8 17 360 M M 4 23 30
5 69 45 57 -11 8 0 0.00 0.0 0 3.5 9 70 M M 0 14 70
6 76 44 60 -7 5 0 0.00 0.0 0 2.0 8 160 M M 0 1 11 200
7 84 52 68 1 0 3 0.00 0.0 0 2.9 8 180 M M 1 11 160
8 79 57 68 2 0 3 0.00 0.0 0 1.9 8 90 M M 7 8 9 90
9 72 64 68 2 0 3 0.03 0.0 0 6.0 15 140 M M 9 16 60
10 74 65 70 4 0 5 0.53 0.0 0 12.1 25 360 M M 9 1 32 360
11 80 64 72 7 0 7 0.00 0.0 0 4.1 10 330 M M 7 13 300
12 82 52 67 2 0 2 0.00 0.0 0 7.8 23 310 M M 3 1 29 300
13 77 48 63 -2 2 0 0.00 0.0 0 1.4 9 170 M M 1 12 160
14 79 46 63 -1 2 0 0.00 0.0 0 6.3 16 210 M M 0 19 200
15 63 53 58 -6 7 0 0.04 0.0 0 6.8 16 20 M M 7 1 20 20
16 67 44 56 -8 9 0 0.00 0.0 0 5.6 12 80 M M 3 16 50
17 71 40 56 -7 9 0 T M 0 5.6 21 150 M M 4 1 24 130
18 77 58 68 5 0 3 0.03 0.0 0 5.3 14 190 M M 10 1 18 170
19 80 64 72 9 0 7 0.11 0.0 0 8.2 15 210 M M 9 13 21 200
20 84 59 72 10 0 7 T 0.0 0 6.1 14 180 M M 5 1 17 180
21 85 59 72 10 0 7 0.00 0.0 0 3.8 12 160 M M 2 1 14 150
22 84 61 73 11 0 8 0.00 0.0 0 5.9 16 190 M M 2 1 19 160
23 79 50 65 4 0 0 0.69 0.0 0 10.2 22 10 M M 8 3 27 330
24 51 46 49 -12 16 0 T 0.0 0 9.1 18 10 M M 10 1 21 10
25 53 47 50 -11 15 0 T 0.0 0 5.3 12 60 M M 10 18 14 60
26 52 49 51 -9 14 0 0.07 0.0 0 8.7 16 50 M M 10 1 20 40
27 50 44 47 -13 18 0 0.01 0.0 0 9.3 16 40 M M 10 1 20 40
28 53 48 51 -9 14 0 2.36 M 0 7.9 16 60 M M 10 1 20 50
29 53 42 48 -11 17 0 0.02 M 0 10.0 23 300 M M 8 1 31 300
30 61 37 49 -10 16 0 0.00 0.0 0 4.9 12 70 M M 0 14 20
31 64 38 51 -8 14 0 0.00 0.0 0 3.8 10 180 M M 4 1 15 130
================================================================================
SM 2189 1576 182 56 3.89 0.0 187.8 M 160
================================================================================
AV 70.6 50.8 6.1 FASTST M M 5 MAX(MPH)
MISC ----> # 25 360 # 32 360
================================================================================
NOTES:
# LAST OF SEVERAL OCCURRENCES
COLUMN 17 PEAK WIND IN M.P.H.
PRELIMINARY LOCAL CLIMATOLOGICAL DATA (WS FORM: F-6) , PAGE 2
STATION: Little Rock Adams Field
MONTH: OCTOBER
YEAR: 2020
LATITUDE: 34 43 N
LONGITUDE: 92 14 W
[TEMPERATURE DATA] [PRECIPITATION DATA] SYMBOLS USED IN COLUMN 16
AVERAGE MONTHLY: 60.7 TOTAL FOR MONTH: 3.89 1 = FOG OR MIST
DPTR FM NORMAL: -3.0 DPTR FM NORMAL: -1.02 2 = FOG REDUCING VISIBILITY
HIGHEST: 85 ON 21 GRTST 24HR 2.36 ON 28-28 TO 1/4 MILE OR LESS
LOWEST: 37 ON 30 3 = THUNDER
SNOW, ICE PELLETS, HAIL 4 = ICE PELLETS
TOTAL MONTH: 0.0 INCH 5 = HAIL
GRTST 24HR 0.0 6 = FREEZING RAIN OR DRIZZLE
GRTST DEPTH: 0 7 = DUSTSTORM OR SANDSTORM:
VSBY 1/2 MILE OR LESS
8 = SMOKE OR HAZE
[NO. OF DAYS WITH] [WEATHER - DAYS WITH] 9 = BLOWING SNOW
X = TORNADO
MAX 32 OR BELOW: 0 0.01 INCH OR MORE: 10
MAX 90 OR ABOVE: 0 0.10 INCH OR MORE: 4
MIN 32 OR BELOW: 0 0.50 INCH OR MORE: 3
MIN 0 OR BELOW: 0 1.00 INCH OR MORE: 1
[HDD (BASE 65) ]
TOTAL THIS MO. 182 CLEAR (SCALE 0-3) 12
DPTR FM NORMAL 61 PTCLDY (SCALE 4-7) 9
TOTAL FM JUL 1 188 CLOUDY (SCALE 8-10) 10
DPTR FM NORMAL 56
[CDD (BASE 65) ]
TOTAL THIS MO. 56
DPTR FM NORMAL -25 [PRESSURE DATA]
TOTAL FM JAN 1 1925 HIGHEST SLP 30.41 ON 16
DPTR FM NORMAL -269 LOWEST SLP 29.65 ON 29
[REMARKS]
#FINAL-10-20#