000
CXUS54 KLZK 022047
CLMLIT
CLIMATE REPORT...UPDATED WITH SUPPLEMENTAL DATA
NATIONAL WEATHER SERVICE LITTLE ROCK AR
1020 AM CST SAT DEC 02 2023
...................................
...THE LITTLE ROCK ADAMS FIELD CLIMATE SUMMARY FOR THE MONTH OF NOVEMBER 2023...
CLIMATE NORMAL PERIOD 1991 TO 2020
CLIMATE RECORD PERIOD 1874 TO 2023
WEATHER OBSERVED NORMAL DEPART LAST YEAR`S
VALUE DATE(S) VALUE FROM VALUE DATE(S)
NORMAL
................................................................
TEMPERATURE (F)
RECORD
HIGH 86 11/13/1955
LOW 10 11/18/1880
HIGHEST 83 11/06 62 21 83 11/09
11/07
LOWEST 29 11/27 42 -13 25 11/21
11/17
AVG. MAXIMUM 65.7 61.9 3.8 62.3
AVG. MINIMUM 43.9 40.2 3.7 41.8
MEAN 54.8 51.1 3.7 52.0
DAYS MAX >= 90 0 0.0 0.0 0
DAYS MAX <= 32 0 0.0 0.0 0
DAYS MIN <= 32 3 5.1 -2.1 8
DAYS MIN <= 0 MM 0.0 MM 0
PRECIPITATION (INCHES)
RECORD
MAXIMUM 14.57 2011
MINIMUM 0.09 1910
TOTALS 4.02 4.72 -0.70 4.40
DAILY AVG. 0.13 0.16 -0.03 0.15
DAYS >= .01 5 8.5 -3.5 10
DAYS >= .10 5 9
DAYS >= .50 3 2
DAYS >= 1.00 1 1.6 -0.6 1
GREATEST
24 HR. TOTAL 2.23 11/30 TO 11/30
STORM TOTAL 2.22
(MM/DD(HH))
SNOWFALL (INCHES)
RECORDS
TOTAL 9.4 1880
24 HR TOTAL 9.4 11/17/1880 TO 11/17/1880
SNOW DEPTH 3 11/23/1971
11/09/1892
TOTALS 0.0 0.0 0.0 T
LIQUID EQUIV 0.00 T 0.00 T
SINCE 7/1 0.0 0.0 0.0 MM
LIQUID 7/1 0.00 0.00 0.00 MM
SNOWDEPTH AVG. 0
DAYS >= TRACE 0 0.1 -0.1 2
DAYS >= 1.0 0 0
GREATEST
SNOW DEPTH 0
24 HR TOTAL MM T 11/14 TO 11/14
11/12 TO 11/12
DEGREE DAYS
HEATING TOTAL 317 425 -108 400
SINCE 7/1 390 582 -192 MM
COOLING TOTAL 19 7 12 16
SINCE 1/1 2695 1989 706 MM
FREEZE DATES
RECORD
EARLIEST 10/20/1989
LATEST 04/19/1983
EARLIEST 11/01 MM
LATEST 03/20
................................................................
WIND (MPH)
AVERAGE WIND SPEED 5.9
HIGHEST WIND SPEED/DIRECTION 26/320 DATE 11/26
HIGHEST GUST SPEED/DIRECTION 36/230 DATE 11/08
36/300 11/26
SKY COVER
POSSIBLE SUNSHINE (PERCENT) MM
AVERAGE SKY COVER 0.49
NUMBER OF DAYS FAIR 10
NUMBER OF DAYS PC 14
NUMBER OF DAYS CLOUDY 6
WEATHER CONDITIONS. NUMBER OF DAYS WITH
THUNDERSTORM 2 MIXED PRECIP 0
HEAVY RAIN 3 RAIN 4
LIGHT RAIN 7 FREEZING RAIN 0
LT FREEZING RAIN 0 HAIL 0
HEAVY SNOW 0 SLEET 0
FOG 11 FOG W/VIS <= 1/4 MILE 1
HAZE 8
- INDICATES NEGATIVE NUMBERS.
R INDICATES RECORD WAS SET OR TIED.
MM INDICATES DATA IS MISSING.
T INDICATES TRACE AMOUNT.
&&
.MONTHLY AVERAGES...
THE AVERAGE HIGH TEMPERATURE OF 65.7 (+3.8) WAS TIED WITH 1899 AS
THE 22ND WARMEST ON RECORD FOR THE MONTH.
THE AVERAGE LOW TEMPERATURE WAS 43.9 (+3.7).
THE AVERAGE TEMPERATURE OF 54.8 (+3.7) WAS THE 29TH WARMEST ON
RECORD FOR THE MONTH.
THE MONTHLY HIGH, LOW, AND MONTH AVERAGE TEMPERATURES WERE WELL
ABOVE THE 30-YEAR CLIMATOLOGICAL AVERAGES BY SEVERAL DEGREES.
.DAILY TEMPERATURES...
DAILY TEMPERATURES WERE AVERAGE FOR 1 DAY.
DAILY TEMPERATURES WERE ABOVE AVERAGE ON 21 DAYS.
DAILY TEMPERATURES WERE BELOW AVERAGE ON 8 DAYS.
.DAILY TEMPERATURE RECORDS TIED OR BROKEN DURING THE MONTH...
DATE RECORD TYPE NEW RECORD OLD RECORD
11/06 HIGH TEMPERATURE 83 IN 2023 81 IN 1915
.MONTHLY RAINFALL...
THE MONTHLY RAINFALL TOTAL OF 4.02 (-0.70) WAS SLIGHTLY BELOW THE 30-
YEAR CLIMATOLOGICAL AVERAGE.
.DAILY RAINFALL RECORDS TIED OR BROKEN DURING THE MONTH...
NO DAILY RAINFALL RECORDS WERE TIED OR BROKEN.
.MONTHLY SNOWFALL...
NO DAILY SNOWFALL WAS RECORDED.
.DAILY SNOWFALL RECORDS TIED OR BROKEN DURING THE MONTH...
NO DAILY SNOWFALL RECORDS WERE TIED OR BROKEN.
.ADDITIONAL SIGNIFICANT EVENTS DURING THE MONTH...
NO ADDITIONAL SIGNIFICANT EVENTS OCCURRED DURING THE MONTH.
$$