000
CXUS56 KMFR 012155
CF6LMT
PRELIMINARY LOCAL CLIMATOLOGICAL DATA (WS FORM: F-6)
STATION: KLAMATH FALLS OR
MONTH: APRIL
YEAR: 2023
LATITUDE: 42 9 N
LONGITUDE: 121 44 W
TEMPERATURE IN F: :PCPN: SNOW: WIND :SUNSHINE: SKY :PK WND
================================================================================
1 2 3 4 5 6A 6B 7 8 9 10 11 12 13 14 15 16 17 18
12Z AVG MX 2MIN
DY MAX MIN AVG DEP HDD CDD WTR SNW DPTH SPD SPD DIR MIN PSBL S-S WX SPD DR
================================================================================
1 43 34 39 -2 26 0 0.07 M M 11.1 23 270 M M 10 1 38 280
2 44 24 34 -7 31 0 0.02 M M 12.7 33 280 M M 9 128 49 280
3 38 16 27 -14 38 0 T M M 12.5 28 310 M M 4 1 39 300
4 39 19 29 -12 36 0 T M M 9.8 24 240 M M 5 18 29 240
5 49 16 33 -8 32 0 T M M 4.7 14 280 M M 6 12 19 250
6 50 34 42 1 23 0 0.04 M M 11.7 25 190 M M 10 32 190
7 55 36 46 4 19 0 T M M 10.0 25 240 M M 9 32 240
8 58 33 46 4 19 0 0.00 M M 6.9 15 280 M M 6 21 210
9 70 30 50 8 15 0 0.00 M M 4.4 18 200 M M 4 23 190
10 74 35 55 13 10 0 0.05 M M 11.9 30 190 M M 3 41 170
11 53 30 42 0 23 0 T M M 10.7 23 290 M M 5 33 250
12 41 20 31 -11 34 0 T M M 9.7 25 320 M M 4 8 32 330
13 50 13 32 -10 33 0 0.00 M M 4.7 17 320 M M 3 20 330
14 58 19 39 -4 26 0 0.00 M M 3.9 15 260 M M 1 23 240
15 65 21 43 0 22 0 0.00 M M 6.9 18 220 M M 0 25 290
16 58 29 44 1 21 0 0.00 M M 12.5 29 260 M M 2 40 250
17 52 34 43 0 22 0 0.09 M M 10.5 28 240 M M 8 1 45 240
18 43 19 31 -13 34 0 0.04 M M 6.8 21 160 M M 8 18 35 160
19 45 24 35 -9 30 0 0.01 M M 9.7 24 250 M M 6 128 30 250
20 51 20 36 -8 29 0 T M M 6.5 18 260 M M 7 22 300
21 58 36 47 3 18 0 0.01 M M 8.6 23 300 M M 8 29 300
22 65 27 46 1 19 0 T M M 3.6 16 330 M M 5 12 20 340
23 64 38 51 6 14 0 T M M 11.3 24 300 M M 4 34 300
24 59 30 45 0 20 0 0.00 M M 8.7 22 330 M M 0 27 320
25 69 24 47 1 18 0 0.00 M M 4.0 12 340 M M 0 15 10
26 76 31 54 8 11 0 0.00 M M 4.5 16 320 M M 0 21 310
27 79 36 58 12 7 0 0.00 M M 4.6 14 330 M M 0 17 330
28 84 45 65 18 0 0 0.00 M M 7.5 16 210 M M 0 24 170
29 80 36 58 11 7 0 0.00 M M 6.9 20 200 M M 0 27 210
30 72 35 54 7 11 0 T M M 7.0 21 290 M M 2 25 300
================================================================================
SM 1742 844 648 0 0.33 M 244.3 M 129
================================================================================
AV 58.1 28.1 8.1 FASTST M M 4 MAX(MPH)
MISC ----> 33 280 49 280
================================================================================
NOTES:
# LAST OF SEVERAL OCCURRENCES
COLUMN 17 PEAK WIND IN M.P.H.
PRELIMINARY LOCAL CLIMATOLOGICAL DATA (WS FORM: F-6) , PAGE 2
STATION: KLAMATH FALLS OR
MONTH: APRIL
YEAR: 2023
LATITUDE: 42 9 N
LONGITUDE: 121 44 W
[TEMPERATURE DATA] [PRECIPITATION DATA] SYMBOLS USED IN COLUMN 16
AVERAGE MONTHLY: 43.1 TOTAL FOR MONTH: 0.33 1 = FOG OR MIST
DPTR FM NORMAL: -0.4 DPTR FM NORMAL: -0.73 2 = FOG REDUCING VISIBILITY
HIGHEST: 84 ON 28 GRTST 24HR 0.13 ON 17-18 TO 1/4 MILE OR LESS
LOWEST: 13 ON 13 3 = THUNDER
SNOW, ICE PELLETS, HAIL 4 = ICE PELLETS
TOTAL MONTH: M 5 = HAIL
GRTST 24HR M ON M 6 = FREEZING RAIN OR DRIZZLE
GRTST DEPTH: M ON M 7 = DUSTSTORM OR SANDSTORM:
VSBY 1/2 MILE OR LESS
8 = SMOKE OR HAZE
[NO. OF DAYS WITH] [WEATHER - DAYS WITH] 9 = BLOWING SNOW
X = TORNADO
MAX 32 OR BELOW: 0 0.01 INCH OR MORE: 8
MAX 90 OR ABOVE: 0 0.10 INCH OR MORE: 0
MIN 32 OR BELOW: 18 0.50 INCH OR MORE: 0
MIN 0 OR BELOW: 0 1.00 INCH OR MORE: 0
[HDD (BASE 65) ]
TOTAL THIS MO. 648 CLEAR (SCALE 0-3) 12
DPTR FM NORMAL 2 PTCLDY (SCALE 4-7) 13
TOTAL FM JUL 1 6427 CLOUDY (SCALE 8-10) 5
DPTR FM NORMAL 339
[CDD (BASE 65) ]
TOTAL THIS MO. 0
DPTR FM NORMAL 0 [PRESSURE DATA]
TOTAL FM JAN 1 0 HIGHEST SLP 30.39 ON 21
DPTR FM NORMAL 0 LOWEST SLP 29.70 ON 30
[REMARKS]
#FINAL-04-23#