000
CXUS56 KMFR 010930
CF6LMT
PRELIMINARY LOCAL CLIMATOLOGICAL DATA (WS FORM: F-6)
STATION: KLAMATH FALLS OR
MONTH: MAY
YEAR: 2021
LATITUDE: 42 9 N
LONGITUDE: 121 44 W
TEMPERATURE IN F: :PCPN: SNOW: WIND :SUNSHINE: SKY :PK WND
================================================================================
1 2 3 4 5 6A 6B 7 8 9 10 11 12 13 14 15 16 17 18
12Z AVG MX 2MIN
DY MAX MIN AVG DEP HDD CDD WTR SNW DPTH SPD SPD DIR MIN PSBL S-S WX SPD DR
================================================================================
1 65 40 53 5 12 0 0.00 M M 10.9 26 340 M M 3 35 270
2 63 36 50 2 15 0 0.00 M M 8.4 22 340 M M 5 29 340
3 68 27 48 0 17 0 0.00 M M 6.8 22 330 M M 0 27 330
4 69 31 50 1 15 0 0.00 M M 4.9 15 340 M M 1 21 340
5 81 30 56 7 9 0 0.00 M M 6.0 18 220 M M 0 8 22 220
6 75 40 58 9 7 0 0.00 M M 10.7 25 290 M M 1 8 30 280
7 59 33 46 -4 19 0 0.00 M M 11.7 26 330 M M 1 31 340
8 65 23 44 -6 21 0 0.00 M M 6.9 26 320 M M 1 31 320
9 63 27 45 -5 20 0 0.00 M M 7.7 18 330 M M 2 25 320
10 68 32 50 0 15 0 0.00 M M 4.6 14 100 M M 0 17 60
11 74 32 53 2 12 0 0.00 M M 3.1 10 320 M M 0 12 140
12 81 34 58 7 7 0 0.00 M M 5.6 22 320 M M 0 28 340
13 81 36 59 8 6 0 0.00 M M 6.5 21 340 M M 0 25 320
14 77 37 57 5 8 0 T M M 6.4 23 350 M M 2 138 27 220
15 77 54 66 14 0 1 0.00 M M 10.6 20 30 M M 5 25 30
16 80 44 62 10 3 0 0.00 M M 8.8 18 20 M M 0 23 20
17 78 38 58 6 7 0 0.00 M M 8.8 22 290 M M 0 28 280
18 67 37 52 0 13 0 0.00 M M 9.5 21 310 M M 0 26 290
19 55 37 46 -7 19 0 T M M 11.8 24 320 M M 7 37 330
20 51 30 41 -12 24 0 T M M 15.0 29 340 M M 6 38 340
21 55 27 41 -12 24 0 0.07 M M 12.0 30 320 M M 7 41 320
22 55 37 46 -7 19 0 0.03 M M 9.3 23 330 M M 9 27 330
23 65 39 52 -2 13 0 0.00 M M 7.4 21 280 M M 5 26 300
24 70 31 51 -3 14 0 0.00 M M 6.7 22 330 M M 4 29 260
25 63 32 48 -6 17 0 T M M 9.2 22 350 M M 4 26 350
26 74 25 50 -4 15 0 0.00 M M 3.4 14 270 M M 0 8 17 260
27 72 33 53 -1 12 0 0.00 M M 8.3 25 280 M M 1 8 32 270
28 75 28 52 -2 13 0 0.00 M M 3.5 13 330 M M 0 1 15 320
29 82 36 59 4 6 0 0.00 M M 6.9 20 330 M M 0 24 320
30 84 40 62 7 3 0 0.00 M M 8.3 18 330 M M 0 22 330
31 88 48 68 13 0 3 0.00 M M 6.9 14 280 M M 0 17 280
================================================================================
SM 2180 1074 385 4 0.10 M 246.6 M 64
================================================================================
AV 70.3 34.6 8.0 FASTST M M 2 MAX(MPH)
MISC ----> 30 320 41 320
================================================================================
NOTES:
# LAST OF SEVERAL OCCURRENCES
COLUMN 17 PEAK WIND IN M.P.H.
PRELIMINARY LOCAL CLIMATOLOGICAL DATA (WS FORM: F-6) , PAGE 2
STATION: KLAMATH FALLS OR
MONTH: MAY
YEAR: 2021
LATITUDE: 42 9 N
LONGITUDE: 121 44 W
[TEMPERATURE DATA] [PRECIPITATION DATA] SYMBOLS USED IN COLUMN 16
AVERAGE MONTHLY: 52.5 TOTAL FOR MONTH: 0.10 1 = FOG OR MIST
DPTR FM NORMAL: 0.8 DPTR FM NORMAL: -0.94 2 = FOG REDUCING VISIBILITY
HIGHEST: 88 ON 31 GRTST 24HR 0.07 ON 21-21 TO 1/4 MILE OR LESS
LOWEST: 23 ON 8 3 = THUNDER
SNOW, ICE PELLETS, HAIL 4 = ICE PELLETS
TOTAL MONTH: M 5 = HAIL
GRTST 24HR M ON M 6 = FREEZING RAIN OR DRIZZLE
GRTST DEPTH: M ON M 7 = DUSTSTORM OR SANDSTORM:
VSBY 1/2 MILE OR LESS
8 = SMOKE OR HAZE
[NO. OF DAYS WITH] [WEATHER - DAYS WITH] 9 = BLOWING SNOW
X = TORNADO
MAX 32 OR BELOW: 0 0.01 INCH OR MORE: 2
MAX 90 OR ABOVE: 0 0.10 INCH OR MORE: 0
MIN 32 OR BELOW: 13 0.50 INCH OR MORE: 0
MIN 0 OR BELOW: 0 1.00 INCH OR MORE: 0
[HDD (BASE 65) ]
TOTAL THIS MO. 385 CLEAR (SCALE 0-3) 22
DPTR FM NORMAL -30 PTCLDY (SCALE 4-7) 8
TOTAL FM JUL 1 6169 CLOUDY (SCALE 8-10) 1
DPTR FM NORMAL -331
[CDD (BASE 65) ]
TOTAL THIS MO. 4
DPTR FM NORMAL 1 [PRESSURE DATA]
TOTAL FM JAN 1 4 HIGHEST SLP M ON M
DPTR FM NORMAL 1 LOWEST SLP 29.78 ON 15
[REMARKS]
#FINAL-05-21#