199
CXUS53 KJKL 011614
CLSLOZ
CLIMATE REPORT
NATIONAL WEATHER SERVICE JACKSON KY
1211 PM EDT TUE SEP 1 2020
...................................
...THE LONDON KY CLIMATE SUMMARY FOR THE SEASON, FROM
6/1/2020 TO 8/31/2020...
CLIMATE NORMAL PERIOD 1981 TO 2010
CLIMATE RECORD PERIOD 1954 TO 2020
WEATHER OBSERVED NORMAL DEPART LAST YEAR`S
VALUE DATE(S) VALUE FROM VALUE DATE(S)
NORMAL
................................................................
TEMPERATURE (F)
RECORD
HIGH 105 06/29/2012
LOW 34 06/01/1966
HIGHEST 94 07/21 MM MM 95 08/19
07/19
07/20
LOWEST 47 06/01 MM MM 46 06/14
AVG. MAXIMUM 85.2 85.2 0.0 84.9
AVG. MINIMUM 65.5 64.3 1.2 64.7
MEAN 75.3 74.8 0.5 74.8
DAYS MAX >= 90 17 17.1 -0.1 13
DAYS MAX <= 32 0 0.0 0.0 0
DAYS MIN <= 32 0 0.0 0.0 0
DAYS MIN <= 0 0 0.0 0.0 0
PRECIPITATION (INCHES)
RECORD
MAXIMUM 21.68 2003
MINIMUM 6.37 1980
TOTALS 14.68 12.15 2.53 18.04
DAILY AVG. 0.16 0.13 0.03 0.20
DAYS >= .01 45 33.2 11.8 34
DAYS >= .10 27 21.9 5.1 28
DAYS >= .50 10 9.0 1.0 9
DAYS >= 1.00 6 2.8 3.2 5
GREATEST
24 HR. TOTAL 1.25 08/29 TO 08/29 2.61
SNOWFALL (INCHES)
RECORDS
TOTAL MM MM
TOTALS MM 0.0 MM MM
SINCE 7/1 MM 0.0 MM MM
SNOWDEPTH AVG. MM MM MM MM
DAYS >= 1.0 MM 0.0 MM 0
GREATEST
24 HR TOTAL MM MM
DEGREE_DAYS
HEATING TOTAL 2 11 -9 10
SINCE 7/1 0 1 -1 0
COOLING TOTAL 981 911 70 936
SINCE 1/1 1067 1024 43 1114
.................................................................
WIND (MPH)
AVERAGE WIND SPEED 3.9
RESULTANT WIND SPEED/DIRECTION 1/235
HIGHEST WIND SPEED/DIRECTION 38/260 DATE 06/21
HIGHEST GUST SPEED/DIRECTION 54/270 DATE 06/21
SKY COVER
POSSIBLE SUNSHINE (PERCENT) MM
NUMBER OF DAYS FAIR 59
NUMBER OF DAYS PC 27
NUMBER OF DAYS CLOUDY 6
AVERAGE RH (PERCENT) 75
WEATHER CONDITIONS. NUMBER OF DAYS WITH
THUNDERSTORM 36 MIXED PRECIP 0
HEAVY RAIN 26 RAIN 21
LIGHT RAIN 49 FREEZING RAIN 0
LT FREEZING RAIN 0 HAIL 0
HEAVY SNOW 0 SNOW 0
LIGHT SNOW 0 SLEET 0
FOG 67 FOG W/VIS <= 1/4 MILE 15
HAZE 5
- INDICATES NEGATIVE NUMBERS.
R INDICATES RECORD WAS SET OR TIED.
MM INDICATES DATA IS MISSING.
T INDICATES TRACE AMOUNT.
$$
TAB