000
CXUS54 KCRP 011210
CF6LRD
PRELIMINARY LOCAL CLIMATOLOGICAL DATA (WS FORM: F-6)
STATION: LAREDO
MONTH: MAY
YEAR: 2023
LATITUDE: 27 31 N
LONGITUDE: 99 28 W
TEMPERATURE IN F: :PCPN: SNOW: WIND :SUNSHINE: SKY :PK WND
================================================================================
1 2 3 4 5 6A 6B 7 8 9 10 11 12 13 14 15 16 17 18
12Z AVG MX 2MIN
DY MAX MIN AVG DEP HDD CDD WTR SNW DPTH SPD SPD DIR MIN PSBL S-S WX SPD DR
================================================================================
1 98 67 83 5 0 18 0.00 0.0 0 M M M M M 0 M M
2 87 69 78 0 0 13 0.00 0.0 0 M M M M M 7 M M
3 87 70 79 0 0 14 0.00 0.0 0 M M M M M 6 M M
4 91 74 83 4 0 18 0.05 0.0 0 M M M M M 7 138 M M
5 98 75 87 8 0 22 0.00 0.0 0 M M M M M 1 18 M M
6 97 74 86 7 0 21 0.00 0.0 0 M M M M M 3 18 M M
7 98 78 88 8 0 23 0.00 0.0 0 M M M M M 4 M M
8 93 73 83 3 0 18 T 0.0 0 M M M M M 5 M M
9 91 68 80 0 0 15 T 0.0 0 M M M M M 4 M M
10 98 74 86 6 0 21 0.00 0.0 0 M M M M M 4 18 M M
11 97 77 87 6 0 22 0.00 0.0 0 M M M M M 6 8 M M
12 94 78 86 5 0 21 0.02 0.0 0 M M M M M 7 38 M M
13 81 69 75 -6 0 10 0.56 0.0 0 M M M M M 5 13 M M
14 90 68 79 -2 0 14 0.00 0.0 0 M M M M M 3 M M
15 88 72 80 -2 0 15 0.00 0.0 0 M M M M M 5 M M
16 90 69 80 -2 0 15 T 0.0 0 M M M M M 2 M M
17 94 69 82 0 0 17 0.00 0.0 0 M M M M M 2 M M
18 97 70 84 1 0 19 1.46 0.0 0 M M M M M 2 13 M M
19 98 74 86 3 0 21 0.00 0.0 0 M M M M M 2 8 M M
20 81 71 76 -7 0 11 0.06 0.0 0 M M M M M 5 M M
21 82 68 75 -8 0 10 0.09 0.0 0 M M M M M 6 1 M M
22 92 67 80 -4 0 15 0.00 0.0 0 M M M M M 3 18 M M
23 99 73 86 2 0 21 0.00 0.0 0 M M M M M 0 M M
24 96 74 85 1 0 20 0.00 0.0 0 M M M M M 3 M M
25 94 72 83 -1 0 18 0.00 0.0 0 M M M M M 2 18 M M
26 94 73 84 -1 0 19 0.00 0.0 0 M M M M M 3 M M
27 93 72 83 -2 0 18 0.00 0.0 0 M M M M M 4 M M
28 83 66 75 -10 0 10 0.96 0.0 0 M M M M M 7 138 M M
29 91 70 81 -5 0 16 0.00 0.0 0 M M M M M 2 M M
30 94 70 82 -4 0 17 0.00 0.0 0 M M M M M 1 M M
31 95 71 83 -3 0 18 0.00 0.0 0 M M M M M 1 8 M M
================================================================================
SM 2861 2215 0 530 3.20 0.0 M M 112
================================================================================
AV 92.3 71.5 M FASTST M M 4 MAX(MPH)
MISC ----> M M M M
================================================================================
NOTES:
# LAST OF SEVERAL OCCURRENCES
COLUMN 17 PEAK WIND IN M.P.H.
PRELIMINARY LOCAL CLIMATOLOGICAL DATA (WS FORM: F-6) , PAGE 2
STATION: LAREDO
MONTH: MAY
YEAR: 2023
LATITUDE: 27 31 N
LONGITUDE: 99 28 W
[TEMPERATURE DATA] [PRECIPITATION DATA] SYMBOLS USED IN COLUMN 16
AVERAGE MONTHLY: 81.9 TOTAL FOR MONTH: 3.20 1 = FOG OR MIST
DPTR FM NORMAL: -0.2 DPTR FM NORMAL: 0.44 2 = FOG REDUCING VISIBILITY
HIGHEST: 99 ON 23 GRTST 24HR 1.46 ON 18-18 TO 1/4 MILE OR LESS
LOWEST: 66 ON 28 3 = THUNDER
SNOW, ICE PELLETS, HAIL 4 = ICE PELLETS
TOTAL MONTH: 0.0 INCH 5 = HAIL
GRTST 24HR 0.0 6 = FREEZING RAIN OR DRIZZLE
GRTST DEPTH: 0 7 = DUSTSTORM OR SANDSTORM:
VSBY 1/2 MILE OR LESS
8 = SMOKE OR HAZE
[NO. OF DAYS WITH] [WEATHER - DAYS WITH] 9 = BLOWING SNOW
X = TORNADO
MAX 32 OR BELOW: 0 0.01 INCH OR MORE: 7
MAX 90 OR ABOVE: 24 0.10 INCH OR MORE: 3
MIN 32 OR BELOW: 0 0.50 INCH OR MORE: 3
MIN 0 OR BELOW: 0 1.00 INCH OR MORE: 1
[HDD (BASE 65) ]
TOTAL THIS MO. 0 CLEAR (SCALE 0-3) 14
DPTR FM NORMAL 0 PTCLDY (SCALE 4-7) 17
TOTAL FM JUL 1 741 CLOUDY (SCALE 8-10) 0
DPTR FM NORMAL -71
[CDD (BASE 65) ]
TOTAL THIS MO. 530
DPTR FM NORMAL 1 [PRESSURE DATA]
TOTAL FM JAN 1 1406 HIGHEST SLP 30.16 ON 15
DPTR FM NORMAL 249 LOWEST SLP 29.65 ON 11
[REMARKS]
#FINAL-05-23#