000
CXUS54 KCRP 031447 CCA
CLMLRD
CLIMATE REPORT...CORRECTION
NATIONAL WEATHER SERVICE CORPUS CHRISTI TX
846 AM CST SUN DEC 03 2023
...................................
...THE LAREDO CLIMATE SUMMARY FOR THE MONTH OF NOVEMBER 2023...
CLIMATE NORMAL PERIOD 1991 TO 2020
CLIMATE RECORD PERIOD 1900 TO 2023
WEATHER OBSERVED NORMAL DEPART LAST YEAR`S
VALUE DATE(S) VALUE FROM VALUE DATE(S)
NORMAL
................................................................
TEMPERATURE (F)
RECORD
HIGH 101 11/17/1906
LOW 21 11/21/1906
HIGHEST 92 11/08 82 10 96 11/04
LOWEST 41 11/01 49 -8 40 11/13
AVG. MAXIMUM 72.7 77.0 -4.3 71.5
AVG. MINIMUM 56.4 55.6 0.8 55.0
MEAN 64.6 66.3 -1.7 63.2
DAYS MAX >= 90 1 2.8 -1.8 3
DAYS MAX <= 32 0 0.0 0.0 0
DAYS MIN <= 32 0 0.1 -0.1 0
DAYS MIN <= 0 0 0.0 0.0 0
PRECIPITATION (INCHES)
RECORD
MAXIMUM 6.50 1919
MINIMUM 0.00 1981
1975
1970
TOTALS 1.29 1.04 0.25 1.09
DAILY AVG. 0.04 0.03 0.01 0.04
DAYS >= .01 9 MM MM 10
DAYS >= .10 3 MM MM 3
DAYS >= .50 1 MM MM 1
DAYS >= 1.00 0 MM MM 0
GREATEST
24 HR. TOTAL 0.88 11/12 TO 11/12 0.51 11/01 TO 11/01
SNOWFALL (INCHES)
RECORDS
TOTAL MM MM
24 HR TOTAL MM
TOTALS 0.0 MM MM 0.0
SINCE 7/1 0.0 MM MM MM
SNOWDEPTH AVG. 0 0
DAYS >= 1.0 0 MM MM
GREATEST
SNOW DEPTH 0 0
24 HR TOTAL MM MM
DEGREE DAYS
HEATING TOTAL 103 93 10 181
SINCE 7/1 128 107 21 MM
COOLING TOTAL 98 132 -34 135
SINCE 1/1 5111 4305 806 MM
................................................................
WIND (MPH)
AVERAGE WIND SPEED MM
HIGHEST WIND SPEED/DIRECTION MM DATE MM
HIGHEST GUST SPEED/DIRECTION MM DATE MM
SKY COVER
AVERAGE SKY COVER 0.55
AVERAGE RH (PERCENT) 71
WEATHER CONDITIONS. NUMBER OF DAYS WITH
THUNDERSTORM 0 MIXED PRECIP 0
HEAVY RAIN 1 RAIN 3
LIGHT RAIN 10 FREEZING RAIN 0
LT FREEZING RAIN 0 HAIL 0
HEAVY SNOW 0 SNOW 0
LIGHT SNOW 0 SLEET 0
FOG 12 FOG W/VIS <= 1/4 MILE 1
HAZE 0
- INDICATES NEGATIVE NUMBERS.
R INDICATES RECORD WAS SET OR TIED.
MM INDICATES DATA IS MISSING.
T INDICATES TRACE AMOUNT.
$$
ANM...CORRECTED FOR RECORDS DATA AND WEATHER CONDITIONS.