000
CXUS54 KEPZ 011030
CF6LRU
PRELIMINARY LOCAL CLIMATOLOGICAL DATA (WS FORM: F-6)
STATION: LAS CRUCES
MONTH: SEPTEMBER
YEAR: 2021
LATITUDE: 32 17 N
LONGITUDE: 106 46 W
TEMPERATURE IN F: :PCPN: SNOW: WIND :SUNSHINE: SKY :PK WND
================================================================================
1 2 3 4 5 6A 6B 7 8 9 10 11 12 13 14 15 16 17 18
12Z AVG MX 2MIN
DY MAX MIN AVG DEP HDD CDD WTR SNW DPTH SPD SPD DIR MIN PSBL S-S WX SPD DR
================================================================================
1 79 66 73 M 0 8 0.07 M M 5.5 17 250 M M 6 25 250
2 89 63 76 M 0 11 0.00 M M 4.8 10 250 M M 3 16 250
3 92 65 79 M 0 14 0.00 M M 3.9 15 120 M M 1 21 120
4 91 70 81 M 0 16 0.00 M M 7.1 16 360 M M 1 20 360
5 80 68 74 M 0 9 0.00 M M 5.4 14 150 M M 3 3 17 150
6 91 62 77 M 0 12 0.00 M M 4.1 8 90 M M 0 M M
7 97 65 81 M 0 16 0.00 M M 4.8 15 130 M M 0 20 130
8 94 63 79 M 0 14 0.00 M M 7.2 15 120 M M 1 21 120
9 93 62 78 M 0 13 0.00 M M 4.2 12 110 M M 0 20 200
10 94 61 78 M 0 13 0.00 M M 5.1 10 90 M M 0 17 90
11 95 60 78 M 0 13 0.00 M M 5.3 8 160 M M 0 16 120
12 92 56 74 M 0 9 0.00 M M 4.3 9 130 M M 0 10 120
13 94 55 75 M 0 10 0.00 M M 5.1 10 110 M M 0 16 180
14 97 58 78 M 0 13 0.00 M M 3.7 12 20 M M 0 18 80
15 93 67 80 M 0 15 0.00 M M 7.0 12 350 M M 1 22 340
16 95 64 80 M 0 15 0.00 M M 5.4 16 210 M M 1 21 210
17 96 60 78 M 0 13 0.00 M M 5.1 9 170 M M 0 M M
18 97 59 78 M 0 13 0.00 M M 5.3 12 150 M M 0 17 120
19 94 64 79 M 0 14 0.00 M M 7.5 16 270 M M 1 29 250
20 92 65 79 M 0 14 0.00 M M 11.8 20 270 M M 0 28 270
21 85 62 74 M 0 9 0.00 M M 10.0 17 120 M M 0 24 120
22 82 58 70 M 0 5 0.00 M M 6.8 13 150 M M 0 18 120
23 87 55 71 M 0 6 0.00 M M 6.6 23 260 M M 2 29 260
24 83 62 73 M 0 8 0.00 M M 4.4 8 150 M M 5 M M
25 74 59 67 M 0 2 0.02 M M 9.5 20 360 M M 3 30 360
26 84 52 68 M 0 3 0.28 M M 4.4 13 220 M M 3 47 220
27 77 55 66 M 0 1 0.00 M M 7.3 16 250 M M 3 22 250
28 76 58 67 M 0 2 0.00 M M 11.8 22 250 M M 6 30 250
29 81 55 68 M 0 3 0.00 M M 9.9 16 260 M M 1 22 260
30 71 55 63 M 2 0 0.13 M M 8.5 30 280 M M 6 40 280
================================================================================
SM 2645 1824 2 294 0.50 M 191.7 M 47
================================================================================
AV 88.2 60.8 6.4 FASTST M M 2 MAX(MPH)
MISC ----> 30 280 47 220
================================================================================
NOTES:
# LAST OF SEVERAL OCCURRENCES
COLUMN 17 PEAK WIND IN M.P.H.
PRELIMINARY LOCAL CLIMATOLOGICAL DATA (WS FORM: F-6) , PAGE 2
STATION: LAS CRUCES
MONTH: SEPTEMBER
YEAR: 2021
LATITUDE: 32 17 N
LONGITUDE: 106 46 W
[TEMPERATURE DATA] [PRECIPITATION DATA] SYMBOLS USED IN COLUMN 16
AVERAGE MONTHLY: 74.5 TOTAL FOR MONTH: 0.50 1 = FOG OR MIST
DPTR FM NORMAL: 0.0 DPTR FM NORMAL: M 2 = FOG REDUCING VISIBILITY
HIGHEST: 97 ON 18,14 GRTST 24HR 0.28 ON 26-26 TO 1/4 MILE OR LESS
LOWEST: 52 ON 26 3 = THUNDER
SNOW, ICE PELLETS, HAIL 4 = ICE PELLETS
TOTAL MONTH: M 5 = HAIL
GRTST 24HR M ON M 6 = FREEZING RAIN OR DRIZZLE
GRTST DEPTH: M ON M 7 = DUSTSTORM OR SANDSTORM:
VSBY 1/2 MILE OR LESS
8 = SMOKE OR HAZE
[NO. OF DAYS WITH] [WEATHER - DAYS WITH] 9 = BLOWING SNOW
X = TORNADO
MAX 32 OR BELOW: 0 0.01 INCH OR MORE: 4
MAX 90 OR ABOVE: 17 0.10 INCH OR MORE: 2
MIN 32 OR BELOW: 0 0.50 INCH OR MORE: 0
MIN 0 OR BELOW: 0 1.00 INCH OR MORE: 0
[HDD (BASE 65) ]
TOTAL THIS MO. 2 CLEAR (SCALE 0-3) 24
DPTR FM NORMAL M PTCLDY (SCALE 4-7) 6
TOTAL FM JUL 1 2 CLOUDY (SCALE 8-10) 0
DPTR FM NORMAL M
[CDD (BASE 65) ]
TOTAL THIS MO. 294
DPTR FM NORMAL M [PRESSURE DATA]
TOTAL FM JAN 1 1962 HIGHEST SLP M ON M
DPTR FM NORMAL M LOWEST SLP M ON M
[REMARKS]
#FINAL-09-21#