000
CXUS54 KEPZ 011030
CF6LRU
PRELIMINARY LOCAL CLIMATOLOGICAL DATA (WS FORM: F-6)
STATION: LAS CRUCES
MONTH: MAY
YEAR: 2021
LATITUDE: 32 17 N
LONGITUDE: 106 46 W
TEMPERATURE IN F: :PCPN: SNOW: WIND :SUNSHINE: SKY :PK WND
================================================================================
1 2 3 4 5 6A 6B 7 8 9 10 11 12 13 14 15 16 17 18
12Z AVG MX 2MIN
DY MAX MIN AVG DEP HDD CDD WTR SNW DPTH SPD SPD DIR MIN PSBL S-S WX SPD DR
================================================================================
1 87 42 65 M 0 0 0.00 M M 9.9 22 270 M M 0 33 270
2 87 63 75 M 0 10 0.00 M M 16.1 33 250 M M 0 46 260
3 80 56 68 M 0 3 0.00 M M 15.7 31 280 M M 0 39 250
4 78 48 63 M 2 0 0.00 M M 5.5 9 170 M M 0 M M
5 89 47 68 M 0 3 0.00 M M 3.5 8 200 M M 0 18 170
6 92 52 72 M 0 7 0.00 M M 8.2 28 200 M M 1 36 200
7 93 56 75 M 0 10 0.00 M M 10.2 24 240 M M 0 33 240
8 86 52 69 M 0 4 0.00 M M 14.1 28 270 M M 0 38 240
9 86 53 70 M 0 5 0.00 M M 12.4 20 240 M M 0 30 260
10 87 53 70 M 0 5 0.00 M M 13.2 21 240 M M 0 29 240
11 86 56 71 M 0 6 0.00 M M 12.1 18 270 M M 0 28 270
12 82 51 67 M 0 2 0.00 M M 9.3 16 120 M M 0 22 140
13 89 55 72 M 0 7 0.00 M M 10.6 33 170 M M 1 38 170
14 91 55 73 M 0 8 T M M 8.8 22 30 M M 2 33 30
15 88 62 75 M 0 10 0.03 M M 8.2 14 180 M M 2 27 250
16 88 61 75 M 0 10 0.00 M M 13.4 21 220 M M 0 29 220
17 83 52 68 M 0 3 0.00 M M 12.5 20 240 M M 0 30 250
18 84 51 68 M 0 3 0.00 M M 8.7 18 260 M M 1 35 230
19 88 59 74 M 0 9 0.00 M M 7.7 27 280 M M 3 8 44 280
20 92 58 75 M 0 10 0.00 M M 11.8 21 250 M M 0 28 250
21 84 57 71 M 0 6 0.00 M M 8.9 21 250 M M 1 29 250
22 94 55 75 M 0 10 0.00 M M 10.4 25 240 M M 0 8 33 180
23 87 55 71 M 0 6 0.00 M M 9.1 20 240 M M 0 27 240
24 91 51 71 M 0 6 0.00 M M 9.7 21 240 M M 0 31 250
25 91 52 72 M 0 7 0.00 M M 6.4 17 240 M M 0 25 240
26 91 55 73 M 0 8 0.00 M M 6.8 15 260 M M 0 24 270
27 91 65 78 M 0 13 0.00 M M 7.1 14 260 M M 1 21 240
28 94 54 74 M 0 9 0.00 M M 6.3 13 250 M M 0 21 250
29 97 59 78 M 0 13 0.00 M M 6.2 15 160 M M 0 21 160
30 94 65 80 M 0 15 0.00 M M 9.2 17 140 M M 0 29 190
31 92 63 78 M 0 13 0.00 M M 8.6 18 140 M M 1 31 160
================================================================================
SM 2742 1713 2 221 0.03 M 300.7 M 13
================================================================================
AV 88.5 55.3 9.7 FASTST M M 0 MAX(MPH)
MISC ----> 33 170 46 260
================================================================================
NOTES:
# LAST OF SEVERAL OCCURRENCES
COLUMN 17 PEAK WIND IN M.P.H.
PRELIMINARY LOCAL CLIMATOLOGICAL DATA (WS FORM: F-6) , PAGE 2
STATION: LAS CRUCES
MONTH: MAY
YEAR: 2021
LATITUDE: 32 17 N
LONGITUDE: 106 46 W
[TEMPERATURE DATA] [PRECIPITATION DATA] SYMBOLS USED IN COLUMN 16
AVERAGE MONTHLY: 71.9 TOTAL FOR MONTH: 0.03 1 = FOG OR MIST
DPTR FM NORMAL: 0.0 DPTR FM NORMAL: M 2 = FOG REDUCING VISIBILITY
HIGHEST: 97 ON 29 GRTST 24HR 0.03 ON 15-15 TO 1/4 MILE OR LESS
LOWEST: 42 ON 1 3 = THUNDER
SNOW, ICE PELLETS, HAIL 4 = ICE PELLETS
TOTAL MONTH: M 5 = HAIL
GRTST 24HR M ON M 6 = FREEZING RAIN OR DRIZZLE
GRTST DEPTH: M ON M 7 = DUSTSTORM OR SANDSTORM:
VSBY 1/2 MILE OR LESS
8 = SMOKE OR HAZE
[NO. OF DAYS WITH] [WEATHER - DAYS WITH] 9 = BLOWING SNOW
X = TORNADO
MAX 32 OR BELOW: 0 0.01 INCH OR MORE: 1
MAX 90 OR ABOVE: 13 0.10 INCH OR MORE: 0
MIN 32 OR BELOW: 0 0.50 INCH OR MORE: 0
MIN 0 OR BELOW: 0 1.00 INCH OR MORE: 0
[HDD (BASE 65) ]
TOTAL THIS MO. 2 CLEAR (SCALE 0-3) 31
DPTR FM NORMAL M PTCLDY (SCALE 4-7) 0
TOTAL FM JUL 1 2047 CLOUDY (SCALE 8-10) 0
DPTR FM NORMAL M
[CDD (BASE 65) ]
TOTAL THIS MO. 221
DPTR FM NORMAL M [PRESSURE DATA]
TOTAL FM JAN 1 287 HIGHEST SLP M ON M
DPTR FM NORMAL M LOWEST SLP M ON M
[REMARKS]
#FINAL-05-21#