000
CXUS54 KEPZ 011030
CF6LRU
PRELIMINARY LOCAL CLIMATOLOGICAL DATA (WS FORM: F-6)
STATION: LAS CRUCES
MONTH: OCTOBER
YEAR: 2023
LATITUDE: 32 17 N
LONGITUDE: 106 46 W
TEMPERATURE IN F: :PCPN: SNOW: WIND :SUNSHINE: SKY :PK WND
================================================================================
1 2 3 4 5 6A 6B 7 8 9 10 11 12 13 14 15 16 17 18
12Z AVG MX 2MIN
DY MAX MIN AVG DEP HDD CDD WTR SNW DPTH SPD SPD DIR MIN PSBL S-S WX SPD DR
================================================================================
1 89 60 75 M 0 10 0.00 M M 7.8 13 210 M M 3 21 190
2 89 65 77 M 0 12 0.00 M M 10.3 22 230 M M 2 29 230
3 85 55 70 M 0 5 0.00 M M 7.0 12 250 M M 1 23 220
4 85 50 68 M 0 3 0.00 M M 7.0 18 270 M M 0 26 270
5 84 57 71 M 0 6 0.00 M M 5.2 13 130 M M 0 17 130
6 83 57 70 M 0 5 0.00 M M 9.4 15 120 M M 0 22 120
7 77 55 66 M 0 1 0.00 M M 9.1 16 120 M M 0 21 120
8 80 50 65 M 0 0 0.00 M M 3.6 7 70 M M 0 M M
9 84 50 67 M 0 2 0.00 M M 3.6 14 270 M M 0 20 170
10 85 58 72 M 0 7 T M M 7.8 16 270 M M 2 28 160
11 87 52 70 M 0 5 0.00 M M 10.8 24 240 M M 0 31 260
12 81 60 71 M 0 6 0.00 M M 15.4 29 270 M M 0 41 270
13 78 55 67 M 0 2 0.00 M M 6.6 15 350 M M 2 M M
14 79 51 65 M 0 0 0.00 M M 5.9 10 130 M M 0 M M
15 82 49 66 M 0 1 0.00 M M 4.7 13 160 M M 0 16 140
16 76 46 61 M 4 0 0.00 M M 6.7 14 130 M M 0 17 150
17 M M M M M M 0.00 M M M M M M M M M M
18 89 50 70 M 0 5 0.00 M M 6.2 10 320 M M 0 21 320
19 85 48 67 M 0 2 0.00 M M 3.2 8 130 M M 0 M M
20 88 50 69 M 0 4 0.00 M M 2.7 8 110 M M 0 M M
21 87 59 73 M 0 8 0.00 M M 4.5 12 170 M M 0 16 170
22 83 52 68 M 0 3 0.00 M M 5.7 13 190 M M 0 M M
23 82 50 66 M 0 1 0.00 M M 5.6 8 160 M M 1 M M
24 72 53 63 M 2 0 0.63 M M 7.8 20 280 M M 6 3 32 280
25 67 48 58 M 7 0 0.00 M M 7.0 14 230 M M 2 20 250
26 73 47 60 M 5 0 0.00 M M 7.6 13 250 M M 0 17 220
27 77 46 62 M 3 0 0.00 M M 4.2 10 170 M M 0 17 220
28 79 46 63 M 2 0 0.00 M M 5.8 13 230 M M 0 22 230
29 74 42 58 M 7 0 0.00 M M 6.2 17 250 M M 2 21 140
30 49 32 41 M 24 0 0.00 M M 3.8 8 180 M M 4 M M
31 58 27 43 M 22 0 0.00 M M 4.2 12 120 M M 0 18 80
================================================================================
SM 2387 1520 76 88 0.63 M 195.4 M 25
================================================================================
AV 79.6 50.7 6.5 FASTST M M 1 MAX(MPH)
MISC ----> 29 270 41 270
================================================================================
NOTES:
# LAST OF SEVERAL OCCURRENCES
COLUMN 17 PEAK WIND IN M.P.H.
PRELIMINARY LOCAL CLIMATOLOGICAL DATA (WS FORM: F-6) , PAGE 2
STATION: LAS CRUCES
MONTH: OCTOBER
YEAR: 2023
LATITUDE: 32 17 N
LONGITUDE: 106 46 W
[TEMPERATURE DATA] [PRECIPITATION DATA] SYMBOLS USED IN COLUMN 16
AVERAGE MONTHLY: 65.1 TOTAL FOR MONTH: 0.63 1 = FOG OR MIST
DPTR FM NORMAL: 0.0 DPTR FM NORMAL: M 2 = FOG REDUCING VISIBILITY
HIGHEST: 89 ON 18, 2 GRTST 24HR 0.63 ON 24-24 TO 1/4 MILE OR LESS
LOWEST: 27 ON 31 3 = THUNDER
SNOW, ICE PELLETS, HAIL 4 = ICE PELLETS
TOTAL MONTH: M 5 = HAIL
GRTST 24HR M ON M 6 = FREEZING RAIN OR DRIZZLE
GRTST DEPTH: M ON M 7 = DUSTSTORM OR SANDSTORM:
VSBY 1/2 MILE OR LESS
8 = SMOKE OR HAZE
[NO. OF DAYS WITH] [WEATHER - DAYS WITH] 9 = BLOWING SNOW
X = TORNADO
MAX 32 OR BELOW: 0 0.01 INCH OR MORE: 1
MAX 90 OR ABOVE: 0 0.10 INCH OR MORE: 1
MIN 32 OR BELOW: 2 0.50 INCH OR MORE: 1
MIN 0 OR BELOW: 0 1.00 INCH OR MORE: 0
[HDD (BASE 65) ]
TOTAL THIS MO. 76 CLEAR (SCALE 0-3) 28
DPTR FM NORMAL M PTCLDY (SCALE 4-7) 2
TOTAL FM JUL 1 76 CLOUDY (SCALE 8-10) 1
DPTR FM NORMAL M
[CDD (BASE 65) ]
TOTAL THIS MO. 88
DPTR FM NORMAL M [PRESSURE DATA]
TOTAL FM JAN 1 2620 HIGHEST SLP M ON M
DPTR FM NORMAL M LOWEST SLP M ON M
[REMARKS]
#FINAL-10-23#