000
CXUS55 KBYZ 011000
CF6LVM
PRELIMINARY LOCAL CLIMATOLOGICAL DATA (WS FORM: F-6)
STATION: LIVINGSTON MT
MONTH: OCTOBER
YEAR: 2021
LATITUDE: 45 41 N
LONGITUDE: 110 26 W
TEMPERATURE IN F: :PCPN: SNOW: WIND :SUNSHINE: SKY :PK WND
================================================================================
1 2 3 4 5 6A 6B 7 8 9 10 11 12 13 14 15 16 17 18
12Z AVG MX 2MIN
DY MAX MIN AVG DEP HDD CDD WTR SNW DPTH SPD SPD DIR MIN PSBL S-S WX SPD DR
================================================================================
1 75 29 52 0 13 0 0.00 M M 7.7 16 260 M M 3 21 260
2 76 34 55 4 10 0 0.00 M M 7.8 20 250 M M 0 25 270
3 80 40 60 9 5 0 0.00 M M 14.1 38 210 M M 0 48 210
4 82 36 59 9 6 0 0.00 M M 10.5 28 210 M M 0 35 200
5 84 50 67 17 0 2 0.00 M M 13.5 31 200 M M 0 38 220
6 75 44 60 11 5 0 T M M 12.7 32 210 M M 4 41 220
7 56 36 46 -3 19 0 0.23 M M 4.8 21 80 M M 6 12 25 80
8 57 44 51 3 14 0 0.03 M M 4.3 15 90 M M 10 12 19 90
9 57 44 51 3 14 0 0.02 M M 13.3 30 260 M M 7 36 260
10 63 42 53 5 12 0 T M M 22.3 35 200 M M 4 44 190
11 42 29 36 -11 29 0 0.43 M M 17.3 30 60 M M 10 12 36 60
12 32 29 31 -16 34 0 0.06 M M 15.2 24 60 M M 10 1 28 70
13 38 24 31 -15 34 0 T M M 13.5 23 250 M M 9 1 27 270
14 39 33 36 -10 29 0 T M M 19.5 35 280 M M 10 8 43 280
15 51 34 43 -3 22 0 0.00 M M 24.5 40 220 M M 5 50 200
16 64 43 54 9 11 0 0.00 M M 23.4 41 210 M M 0 51 200
17 72 35 54 9 11 0 0.00 M M 16.3 35 240 M M 0 42 220
18 68 39 54 10 11 0 0.00 M M 10.7 20 90 M M 1 25 110
19 50 35 43 -1 22 0 0.00 M M 15.3 22 80 M M 5 26 80
20 59 35 47 3 18 0 0.00 M M 11.4 30 200 M M 5 1 36 200
21 69 41 55 12 10 0 0.00 M M 14.9 28 210 M M 2 34 200
22 70 35 53 10 12 0 0.00 M M 9.1 30 220 M M 0 36 220
23 58 44 51 8 14 0 T M M 16.1 37 220 M M 7 44 220
24 57 32 45 3 20 0 0.00 M M 10.2 30 220 M M 5 37 230
25 67 43 55 13 10 0 0.46 M M 10.4 29 210 M M 7 1 36 210
26 51 39 45 3 20 0 0.03 M M 18.8 36 220 M M 8 48 240
27 54 38 46 5 19 0 T M M 24.2 38 280 M M 8 48 280
28 62 39 51 10 14 0 0.00 M M 25.3 43 210 M M 4 55 210
29 66 46 56 15 9 0 T M M 35.8 54 210 M M 1 71 210
30 46 30 38 -2 27 0 T M M 12.8 21 80 M M 10 26 310
31 34 28 31 -9 34 0 0.00 M M 14.2 23 70 M M 10 27 70
================================================================================
SM 1854 1150 508 2 1.26 M 469.9 M 151
================================================================================
AV 59.8 37.1 15.2 FASTST M M 5 MAX(MPH)
MISC ----> 54 210 71 210
================================================================================
NOTES:
# LAST OF SEVERAL OCCURRENCES
COLUMN 17 PEAK WIND IN M.P.H.
PRELIMINARY LOCAL CLIMATOLOGICAL DATA (WS FORM: F-6) , PAGE 2
STATION: LIVINGSTON MT
MONTH: OCTOBER
YEAR: 2021
LATITUDE: 45 41 N
LONGITUDE: 110 26 W
[TEMPERATURE DATA] [PRECIPITATION DATA] SYMBOLS USED IN COLUMN 16
AVERAGE MONTHLY: 48.5 TOTAL FOR MONTH: 1.26 1 = FOG OR MIST
DPTR FM NORMAL: 3.0 DPTR FM NORMAL: -0.10 2 = FOG REDUCING VISIBILITY
HIGHEST: 84 ON 5 GRTST 24HR 0.49 ON 25-26 TO 1/4 MILE OR LESS
LOWEST: 24 ON 13 3 = THUNDER
SNOW, ICE PELLETS, HAIL 4 = ICE PELLETS
TOTAL MONTH: M 5 = HAIL
GRTST 24HR M ON M 6 = FREEZING RAIN OR DRIZZLE
GRTST DEPTH: M ON M 7 = DUSTSTORM OR SANDSTORM:
VSBY 1/2 MILE OR LESS
8 = SMOKE OR HAZE
[NO. OF DAYS WITH] [WEATHER - DAYS WITH] 9 = BLOWING SNOW
X = TORNADO
MAX 32 OR BELOW: 1 0.01 INCH OR MORE: 7
MAX 90 OR ABOVE: 0 0.10 INCH OR MORE: 3
MIN 32 OR BELOW: 7 0.50 INCH OR MORE: 0
MIN 0 OR BELOW: 0 1.00 INCH OR MORE: 0
[HDD (BASE 65) ]
TOTAL THIS MO. 508 CLEAR (SCALE 0-3) 10
DPTR FM NORMAL -100 PTCLDY (SCALE 4-7) 14
TOTAL FM JUL 1 758 CLOUDY (SCALE 8-10) 7
DPTR FM NORMAL -196
[CDD (BASE 65) ]
TOTAL THIS MO. 2
DPTR FM NORMAL 0 [PRESSURE DATA]
TOTAL FM JAN 1 521 HIGHEST SLP 30.39 ON 31
DPTR FM NORMAL 243 LOWEST SLP 29.38 ON 25
[REMARKS]
#FINAL-10-21#