000
CXUS55 KBYZ 011000
CF6LVM
PRELIMINARY LOCAL CLIMATOLOGICAL DATA (WS FORM: F-6)
STATION: LIVINGSTON MT
MONTH: JULY
YEAR: 2020
LATITUDE: 45 41 N
LONGITUDE: 110 26 W
TEMPERATURE IN F: :PCPN: SNOW: WIND :SUNSHINE: SKY :PK WND
================================================================================
1 2 3 4 5 6A 6B 7 8 9 10 11 12 13 14 15 16 17 18
12Z AVG MX 2MIN
DY MAX MIN AVG DEP HDD CDD WTR SNW DPTH SPD SPD DIR MIN PSBL S-S WX SPD DR
================================================================================
1 76 40 58 -6 7 0 0.07 M M 17.2 44 200 M M 2 3 55 200
2 83 39 61 -3 4 0 0.00 M M 6.5 23 210 M M 0 29 210
3 82 45 64 0 1 0 0.03 M M 8.3 29 210 M M 2 3 35 220
4 85 48 67 3 0 2 0.17 M M 5.9 14 330 M M 3 3 20 360
5 80 48 64 -1 1 0 T M M 6.4 37 180 M M 3 3 46 190
6 85 47 66 1 0 1 T M M 7.4 24 70 M M 2 27 70
7 83 53 68 3 0 3 0.02 M M 10.0 41 260 M M 2 38 52 260
8 78 50 64 -2 1 0 0.00 M M 11.7 30 280 M M 2 39 280
9 82 38 60 -6 5 0 0.01 M M 6.1 28 260 M M 1 3 35 240
10 84 41 63 -3 2 0 0.01 M M 11.6 31 290 M M 1 3 40 280
11 90 43 67 1 0 2 0.00 M M 7.3 21 280 M M 0 27 280
12 94 47 71 4 0 6 T M M 9.3 24 280 M M 1 29 330
13 76 51 64 -3 1 0 0.00 M M 10.6 21 250 M M 3 26 280
14 79 38 59 -8 6 0 0.00 M M 9.5 25 260 M M 0 31 270
15 86 37 62 -5 3 0 0.00 M M 9.4 24 280 M M 0 36 280
16 93 43 68 1 0 3 0.00 M M 5.4 22 250 M M 0 26 240
17 94 53 74 6 0 9 0.06 M M 9.9 23 90 M M 1 3 31 320
18 85 53 69 1 0 4 0.02 M M 7.6 21 330 M M 1 3 30 310
19 87 44 66 -2 0 1 0.00 M M 6.6 24 270 M M 0 28 270
20 85 48 67 -1 0 2 0.00 M M 8.5 22 80 M M 2 26 70
21 94 46 70 2 0 5 0.00 M M 5.1 13 340 M M 0 17 330
22 99 49 74 6 0 9 0.00 M M 10.2 29 210 M M 0 34 210
23 88 60 74 6 0 9 0.22 M M 18.4 38 210 M M 4 3 52 210
24 88 53 71 3 0 6 0.05 M M 13.3 29 220 M M 3 3 43 250
25 88 54 71 3 0 6 0.02 M M 8.4 28 220 M M 1 3 35 230
26 88 48 68 0 0 3 0.00 M M 5.2 15 140 M M 0 18 140
27 92 47 70 2 0 5 0.00 M M 8.1 18 70 M M 0 23 70
28 88 54 71 3 0 6 0.00 M M 11.4 32 220 M M 1 42 200
29 89 64 77 9 0 12 0.01 M M 11.3 23 250 M M 4 3 29 260
30 93 54 74 6 0 9 0.00 M M 10.4 21 260 M M 0 26 70
31 94 48 71 3 0 6 0.00 M M 10.8 24 70 M M 0 31 70
================================================================================
SM 2688 1483 31 109 0.69 M 287.8 M 39
================================================================================
AV 86.7 47.8 9.3 FASTST M M 1 MAX(MPH)
MISC ----> 44 200 55 200
================================================================================
NOTES:
# LAST OF SEVERAL OCCURRENCES
COLUMN 17 PEAK WIND IN M.P.H.
PRELIMINARY LOCAL CLIMATOLOGICAL DATA (WS FORM: F-6) , PAGE 2
STATION: LIVINGSTON MT
MONTH: JULY
YEAR: 2020
LATITUDE: 45 41 N
LONGITUDE: 110 26 W
[TEMPERATURE DATA] [PRECIPITATION DATA] SYMBOLS USED IN COLUMN 16
AVERAGE MONTHLY: 67.3 TOTAL FOR MONTH: 0.69 1 = FOG OR MIST
DPTR FM NORMAL: 0.4 DPTR FM NORMAL: -0.78 2 = FOG REDUCING VISIBILITY
HIGHEST: 99 ON 22 GRTST 24HR 0.22 ON 23-23 TO 1/4 MILE OR LESS
LOWEST: 37 ON 15 3 = THUNDER
SNOW, ICE PELLETS, HAIL 4 = ICE PELLETS
TOTAL MONTH: M 5 = HAIL
GRTST 24HR M ON M 6 = FREEZING RAIN OR DRIZZLE
GRTST DEPTH: M ON M 7 = DUSTSTORM OR SANDSTORM:
VSBY 1/2 MILE OR LESS
8 = SMOKE OR HAZE
[NO. OF DAYS WITH] [WEATHER - DAYS WITH] 9 = BLOWING SNOW
X = TORNADO
MAX 32 OR BELOW: 0 0.01 INCH OR MORE: 12
MAX 90 OR ABOVE: 9 0.10 INCH OR MORE: 2
MIN 32 OR BELOW: 0 0.50 INCH OR MORE: 0
MIN 0 OR BELOW: 0 1.00 INCH OR MORE: 0
[HDD (BASE 65) ]
TOTAL THIS MO. 31 CLEAR (SCALE 0-3) 29
DPTR FM NORMAL -19 PTCLDY (SCALE 4-7) 2
TOTAL FM JUL 1 31 CLOUDY (SCALE 8-10) 0
DPTR FM NORMAL -19
[CDD (BASE 65) ]
TOTAL THIS MO. 109
DPTR FM NORMAL 0 [PRESSURE DATA]
TOTAL FM JAN 1 141 HIGHEST SLP 30.19 ON 11
DPTR FM NORMAL 12 LOWEST SLP 29.54 ON 7
[REMARKS]
#FINAL-07-20#