000
CXUS53 KTOP 010810
CF6LWC
PRELIMINARY LOCAL CLIMATOLOGICAL DATA (WS FORM: F-6)
STATION: LAWRENCE KS
MONTH: APRIL
YEAR: 2023
LATITUDE: 39 0 N
LONGITUDE: 95 13 W
TEMPERATURE IN F: :PCPN: SNOW: WIND :SUNSHINE: SKY :PK WND
================================================================================
1 2 3 4 5 6A 6B 7 8 9 10 11 12 13 14 15 16 17 18
12Z AVG MX 2MIN
DY MAX MIN AVG DEP HDD CDD WTR SNW DPTH SPD SPD DIR MIN PSBL S-S WX SPD DR
================================================================================
1 61 34 48 -2 17 0 0.00 M M 12.4 44 300 M M 1 8 56 300
2 81 34 58 7 7 0 0.00 M M 10.6 26 210 M M 0 8 40 250
3 77 51 64 13 1 0 T M M 8.9 17 30 M M 4 8 22 40
4 87 42 65 14 0 0 0.08 M M 17.6 33 310 M M 2 138 53 280
5 55 34 45 -7 20 0 T M M 12.6 28 300 M M 2 138 37 300
6 62 22 42 -10 23 0 0.00 M M 3.7 12 50 M M 0 8 22 340
7 70 28 49 -3 16 0 0.00 M M 6.1 17 130 M M 0 18 24 140
8 72 31 52 0 13 0 0.00 M M 7.4 17 150 M M 0 8 27 170
9 76 32 54 1 11 0 0.00 M M 8.7 18 140 M M 0 8 31 200
10 73 44 59 6 6 0 T M M 9.2 22 150 M M 4 138 29 150
11 81 39 60 7 5 0 0.00 M M 8.3 21 190 M M 3 128 29 230
12 81 57 69 15 0 4 0.00 M M 12.7 24 200 M M 0 36 210
13 83 47 65 11 0 0 0.00 M M 11.8 24 150 M M 0 8 35 150
14 85 49 67 13 0 2 0.29 M M 12.7 36 330 M M 1 38 48 220
15 58 44 51 -3 14 0 0.53 M M 13.2 30 320 M M 10 138 41 300
16 63 39 51 -4 14 0 0.00 M M 20.7 38 320 M M 2 49 330
17 73 31 52 -3 13 0 0.00 M M 6.9 15 70 M M 0 8 21 80
18 85 49 67 12 0 2 0.00 M M 14.3 24 180 M M 0 8 38 170
19 81 61 71 15 0 6 0.17 M M 17.2 29 160 M M 8 38 45 180
20 70 40 55 -1 10 0 1.04 M M 16.5 32 160 M M 5 138 47 170
21 61 37 49 -7 16 0 0.00 M M M M M M M 0 18 M M
22 53 30 42 -15 23 0 0.00 M M M M M M M 3 8 M M
23 60 25 43 -14 22 0 0.00 M M M M M M M 1 18 M M
24 69 32 51 -6 14 0 0.00 M M M M M M M 1 18 M M
25 69 37 53 -5 12 0 0.00 M M 6.4 14 140 M M 3 18 20 130
26 69 40 55 -3 10 0 0.00 M M 7.3 20 90 M M 0 8 26 50
27 70 50 60 2 5 0 0.00 M M 4.7 14 130 M M 9 18 22 100
28 68 51 60 2 5 0 0.30 M M 7.3 18 320 M M 9 138 24 310
29 78 39 59 0 6 0 0.00 M M 11.3 38 330 M M 2 18 49 340
30 64 39 52 -7 13 0 0.00 M M 16.4 32 320 M M 1 52 320
================================================================================
SM 2135 1188 296 14 2.41 M 284.9 M 71
================================================================================
AV 71.2 39.6 11.0 FASTST M M 2 MAX(MPH)
MISC ----> 44 300 56 300
================================================================================
NOTES:
# LAST OF SEVERAL OCCURRENCES
COLUMN 17 PEAK WIND IN M.P.H.
PRELIMINARY LOCAL CLIMATOLOGICAL DATA (WS FORM: F-6) , PAGE 2
STATION: LAWRENCE KS
MONTH: APRIL
YEAR: 2023
LATITUDE: 39 0 N
LONGITUDE: 95 13 W
[TEMPERATURE DATA] [PRECIPITATION DATA] SYMBOLS USED IN COLUMN 16
AVERAGE MONTHLY: 55.4 TOTAL FOR MONTH: 2.41 1 = FOG OR MIST
DPTR FM NORMAL: 0.6 DPTR FM NORMAL: -1.62 2 = FOG REDUCING VISIBILITY
HIGHEST: 87 ON 4 GRTST 24HR 1.21 ON 19-20 TO 1/4 MILE OR LESS
LOWEST: 22 ON 6 3 = THUNDER
SNOW, ICE PELLETS, HAIL 4 = ICE PELLETS
TOTAL MONTH: M 5 = HAIL
GRTST 24HR M ON M 6 = FREEZING RAIN OR DRIZZLE
GRTST DEPTH: M ON M 7 = DUSTSTORM OR SANDSTORM:
VSBY 1/2 MILE OR LESS
8 = SMOKE OR HAZE
[NO. OF DAYS WITH] [WEATHER - DAYS WITH] 9 = BLOWING SNOW
X = TORNADO
MAX 32 OR BELOW: 0 0.01 INCH OR MORE: 6
MAX 90 OR ABOVE: 0 0.10 INCH OR MORE: 5
MIN 32 OR BELOW: 8 0.50 INCH OR MORE: 2
MIN 0 OR BELOW: 0 1.00 INCH OR MORE: 1
[HDD (BASE 65) ]
TOTAL THIS MO. 296 CLEAR (SCALE 0-3) 22
DPTR FM NORMAL -31 PTCLDY (SCALE 4-7) 5
TOTAL FM JUL 1 4751 CLOUDY (SCALE 8-10) 3
DPTR FM NORMAL -141
[CDD (BASE 65) ]
TOTAL THIS MO. 14
DPTR FM NORMAL -6 [PRESSURE DATA]
TOTAL FM JAN 1 14 HIGHEST SLP M ON M
DPTR FM NORMAL -10 LOWEST SLP 29.28 ON 4
[REMARKS]
#FINAL-04-23#