000
CXUS53 KDMX 130321
CF6LWD
PRELIMINARY LOCAL CLIMATOLOGICAL DATA (WS FORM: F-6)
STATION: LAMONI IA
MONTH: JULY
YEAR: 2022
LATITUDE: 40 37 N
LONGITUDE: 93 56 W
TEMPERATURE IN F: :PCPN: SNOW: WIND :SUNSHINE: SKY :PK WND
================================================================================
1 2 3 4 5 6A 6B 7 8 9 10 11 12 13 14 15 16 17 18
12Z AVG MX 2MIN
DY MAX MIN AVG DEP HDD CDD WTR SNW DPTH SPD SPD DIR MIN PSBL S-S WX SPD DR
================================================================================
1 78 64 71 -4 0 6 0.20 0.0 0 6.5 21 250 M M 5 3 31 250
2 80 61 71 -4 0 6 0.00 0.0 0 5.0 13 150 M M 1 18 130
3 87 63 75 0 0 10 0.00 0.0 0 6.0 13 150 M M 3 22 140
4 95 74 85 10 0 20 0.00 0.0 0 12.8 26 210 M M 1 38 210
5 96 70 83 8 0 18 0.02 0.0 0 9.8 29 360 M M 1 3 41 360
6 80 69 75 -1 0 10 0.04 0.0 0 4.5 13 110 M M 3 13 23 60
7 83 69 76 0 0 11 1.32 0.0 0 5.6 33 230 M M 6 13 50 230
8 86 73 80 4 0 15 0.06 0.0 0 8.8 22 340 M M 8 1 29 350
9 85 68 77 1 0 12 0.00 0.0 0 5.4 12 50 M M 2 1 18 70
10 86 68 77 1 0 12 0.00 0.0 0 9.0 21 200 M M 0 28 190
11 86 66 76 0 0 11 0.00 0.0 0 8.0 18 340 M M 1 25 330
12 84 62 73 -3 0 8 0.00 0.0 0 7.7 16 340 M M 1 8 22 330
13 89 64 77 1 0 12 0.00 0.0 0 5.7 13 280 M M 0 16 250
14 92 70 81 5 0 16 0.00 0.0 0 8.5 16 180 M M 2 22 190
15 94 73 84 8 0 19 0.02 0.0 0 11.5 24 220 M M 1 3 35 230
16 79 71 75 -1 0 10 0.02 0.0 0 5.6 12 30 M M 9 1 17 40
17 86 68 77 1 0 12 0.15 0.0 0 4.2 10 20 M M 5 1 15 50
18 89 65 77 1 0 12 0.00 0.0 0 4.0 9 240 M M 0 12 150
19 91 70 81 5 0 16 0.00 0.0 0 10.3 21 190 M M 0 29 190
20 89 66 78 2 0 13 0.00 0.0 0 10.5 22 320 M M 0 8 29 310
21 94 67 81 5 0 16 0.00 0.0 0 7.5 17 250 M M 0 25 290
22 94 67 81 5 0 16 0.00 0.0 0 9.4 21 360 M M 0 29 190
23 96 77 87 11 0 22 0.00 0.0 0 13.7 23 210 M M 0 31 210
24 88 66 77 1 0 12 0.00 0.0 0 8.8 18 360 M M 0 26 10
25 73 63 68 -8 0 3 0.08 0.0 0 2.9 7 140 M M 4 1 12 50
26 75 63 69 -7 0 4 0.00 0.0 0 3.0 8 120 M M 10 1 12 190
27 89 69 79 3 0 14 0.00 0.0 0 7.4 15 290 M M 4 1 21 210
28 84 61 73 -3 0 8 0.00 0.0 0 6.9 15 10 M M 3 23 350
29 82 55 69 -7 0 4 0.00 0.0 0 5.1 12 330 M M 1 15 330
30 83 59 71 -5 0 6 0.00 0.0 0 4.7 15 170 M M 2 22 180
31 86 68 77 1 0 12 0.00 0.0 0 7.1 17 200 M M 7 8 25 200
================================================================================
SM 2679 2069 0 366 1.91 0.0 225.9 M 80
================================================================================
AV 86.4 66.7 7.3 FASTST M M 3 MAX(MPH)
MISC ----> 33 230 50 230
================================================================================
NOTES:
# LAST OF SEVERAL OCCURRENCES
COLUMN 17 PEAK WIND IN M.P.H.
PRELIMINARY LOCAL CLIMATOLOGICAL DATA (WS FORM: F-6) , PAGE 2
STATION: LAMONI IA
MONTH: JULY
YEAR: 2022
LATITUDE: 40 37 N
LONGITUDE: 93 56 W
[TEMPERATURE DATA] [PRECIPITATION DATA] SYMBOLS USED IN COLUMN 16
AVERAGE MONTHLY: 76.6 TOTAL FOR MONTH: 1.91 1 = FOG OR MIST
DPTR FM NORMAL: 0.8 DPTR FM NORMAL: -2.20 2 = FOG REDUCING VISIBILITY
HIGHEST: 96 ON 5,23 GRTST 24HR 1.33 ON 7- 8 TO 1/4 MILE OR LESS
LOWEST: 55 ON 29 3 = THUNDER
SNOW, ICE PELLETS, HAIL 4 = ICE PELLETS
TOTAL MONTH: 0.0 INCH 5 = HAIL
GRTST 24HR 0.0 6 = FREEZING RAIN OR DRIZZLE
GRTST DEPTH: 0 7 = DUSTSTORM OR SANDSTORM:
VSBY 1/2 MILE OR LESS
8 = SMOKE OR HAZE
[NO. OF DAYS WITH] [WEATHER - DAYS WITH] 9 = BLOWING SNOW
X = TORNADO
MAX 32 OR BELOW: 0 0.01 INCH OR MORE: 9
MAX 90 OR ABOVE: 8 0.10 INCH OR MORE: 3
MIN 32 OR BELOW: 0 0.50 INCH OR MORE: 1
MIN 0 OR BELOW: 0 1.00 INCH OR MORE: 1
[HDD (BASE 65) ]
TOTAL THIS MO. 0 CLEAR (SCALE 0-3) 21
DPTR FM NORMAL -2 PTCLDY (SCALE 4-7) 8
TOTAL FM JUL 1 0 CLOUDY (SCALE 8-10) 2
DPTR FM NORMAL 0
[CDD (BASE 65) ]
TOTAL THIS MO. 366
DPTR FM NORMAL 29 [PRESSURE DATA]
TOTAL FM JAN 1 784 HIGHEST SLP 30.18 ON 30
DPTR FM NORMAL 153 LOWEST SLP 29.70 ON 19
[REMARKS]
#FINAL-07-22#