000
CXUS53 KILX 011748
CLALWV
CLIMATE REPORT
NATIONAL WEATHER SERVICE LINCOLN IL
1219 PM CST SUN JAN 01 2023
...................................
...THE LAWRENCEVILLE IL AIRPORT CLIMATE SUMMARY FOR THE YEAR OF 2022...
CLIMATE NORMAL PERIOD 1991 TO 2020
CLIMATE RECORD PERIOD 9999 TO 9999
WEATHER OBSERVED NORMAL DEPART LAST YEAR`S
VALUE DATE(S) VALUE FROM VALUE
NORMAL
..............................................................
TEMPERATURE (F)
RECORD
HIGH MM MM
LOW MM
HIGHEST MM MM MM MM 96
LOWEST MM MM MM MM -6
AVG. MAXIMUM 65.8 65.9 -0.1 66.8
AVG. MINIMUM 45.1 45.5 -0.4 46.9
MEAN 55.4 55.7 -0.3 56.9
DAYS MAX >= 90 37 40.7 -3.7 38
DAYS MAX <= 32 23 19.7 3.3 19
DAYS MIN <= 32 93 96.5 -3.5 93
DAYS MIN <= 0 2 2.7 -0.7 4
PRECIPITATION (INCHES)
RECORD
MAXIMUM MM MM
MINIMUM MM MM
TOTALS 32.76 41.66 -8.90 42.39
DAILY AVG. 0.10 0.12
DAYS >= .01 88 115.7 -27.7 130
DAYS >= .10 53 69.2 -16.2 82
DAYS >= .50 24 28.4 -4.4 31
DAYS >= 1.00 11 11.6 -0.6 9
GREATEST
24 HR. TOTAL 4.12 07/24 2.37
DEGREE DAYS
HEATING TOTAL 4486 4715 -229 4218
COOLING TOTAL 1549 1379 170 1582
FREEZE DATES
RECORD
EARLIEST MM
LATEST MM
EARLIEST 10/19
LATEST 04/19
..............................................................
SKY COVER
POSSIBLE SUNSHINE (PERCENT) MM
- INDICATES NEGATIVE NUMBERS.
R INDICATES RECORD WAS SET OR TIED.
MM INDICATES DATA IS MISSING.
T INDICATES TRACE AMOUNT.
&&
TOTALS INCOMPLETE DUE TO MISSING DATA.
$$
GEELHART