000
CXUS53 KGID 011445
CF6LXN
PRELIMINARY LOCAL CLIMATOLOGICAL DATA (WS FORM: F-6)
STATION: LEXINGTON NE
MONTH: OCTOBER
YEAR: 2023
LATITUDE: 40 47 N
LONGITUDE: 99 46 W
TEMPERATURE IN F: :PCPN: SNOW: WIND :SUNSHINE: SKY :PK WND
================================================================================
1 2 3 4 5 6A 6B 7 8 9 10 11 12 13 14 15 16 17 18
12Z AVG MX 2MIN
DY MAX MIN AVG DEP HDD CDD WTR SNW DPTH SPD SPD DIR MIN PSBL S-S WX SPD DR
================================================================================
1 89 68 79 M 0 14 0.00 M M 17.7 28 180 M M 1 36 180
2 89 64 77 M 0 12 0.00 M M 17.2 25 170 M M 0 35 200
3 75 47 61 M 4 0 0.05 M M 11.2 27 150 M M 4 44 150
4 69 44 57 M 8 0 0.00 M M 5.7 10 290 M M 1 M M
5 71 47 59 M 6 0 0.00 M M 8.6 22 350 M M 2 25 350
6 58 32 45 M 20 0 T M M 14.2 27 340 M M 3 39 340
7 72 27 50 M 15 0 0.00 M M 5.0 13 220 M M 0 20 220
8 80 38 59 M 6 0 0.00 M M 6.2 12 350 M M 0 17 350
9 71 36 54 M 11 0 0.00 M M 4.2 7 150 M M 0 M M
10 76 41 59 M 6 0 0.00 M M 8.8 16 180 M M 0 22 180
11 80 43 62 M 3 0 0.07 M M 9.7 31 180 M M 1 3 39 180
12 68 45 57 M 8 0 1.91 M M 11.5 21 290 M M 9 3 30 300
13 51 43 47 M 18 0 0.02 M M 28.4 44 340 M M 10 52 340
14 53 42 48 M 17 0 T M M 12.0 20 350 M M 10 29 340
15 51 32 42 M 23 0 0.00 M M 6.0 13 340 M M 7 17 360
16 66 29 48 M 17 0 0.00 M M 3.9 8 290 M M 0 M M
17 79 37 58 M 7 0 0.00 M M 6.8 17 200 M M 0 25 200
18 70 45 58 M 7 0 0.00 M M 13.5 27 320 M M 0 35 320
19 81 39 60 M 5 0 0.00 M M 10.2 23 330 M M 0 35 330
20 85 37 61 M 4 0 0.00 M M 6.4 12 300 M M 0 M M
21 71 41 56 M 9 0 0.00 M M 7.6 12 70 M M 0 18 70
22 69 40 55 M 10 0 0.00 M M 7.2 14 130 M M 0 24 120
23 76 36 56 M 9 0 0.00 M M 3.9 12 170 M M 0 20 150
24 63 50 57 M 8 0 0.00 M M 6.7 14 360 M M 7 16 360
25 56 48 52 M 13 0 0.18 M M 5.0 10 110 M M 10 123 M M
26 58 35 47 M 18 0 0.01 M M 10.5 18 340 M M 10 12 29 340
27 40 24 32 M 33 0 0.00 M M 12.4 23 340 M M 2 32 340
28 30 25 28 M 37 0 M M M 9.9 15 360 M M 10 20 360
29 37 21 29 M 36 0 M M M 8.9 18 340 M M 7 24 340
30 48 16 32 M 33 0 0.00 M M 8.2 16 360 M M 0 24 360
31 37 17 27 M 38 0 0.00 M M 8.3 17 350 M M 1 22 350
================================================================================
SM 2019 1189 429 26 M M 295.8 M 95
================================================================================
AV 65.1 38.4 9.5 FASTST M M 3 MAX(MPH)
MISC ----> 44 340 M M
================================================================================
NOTES:
# LAST OF SEVERAL OCCURRENCES
COLUMN 17 PEAK WIND IN M.P.H.
PRELIMINARY LOCAL CLIMATOLOGICAL DATA (WS FORM: F-6) , PAGE 2
STATION: LEXINGTON NE
MONTH: OCTOBER
YEAR: 2023
LATITUDE: 40 47 N
LONGITUDE: 99 46 W
[TEMPERATURE DATA] [PRECIPITATION DATA] SYMBOLS USED IN COLUMN 16
AVERAGE MONTHLY: 51.7 TOTAL FOR MONTH: M 1 = FOG OR MIST
DPTR FM NORMAL: M DPTR FM NORMAL: M 2 = FOG REDUCING VISIBILITY
HIGHEST: 89 ON 2, 1 GRTST 24HR M ON M TO 1/4 MILE OR LESS
LOWEST: 16 ON 30 3 = THUNDER
SNOW, ICE PELLETS, HAIL 4 = ICE PELLETS
TOTAL MONTH: M 5 = HAIL
GRTST 24HR M ON M 6 = FREEZING RAIN OR DRIZZLE
GRTST DEPTH: M ON M 7 = DUSTSTORM OR SANDSTORM:
VSBY 1/2 MILE OR LESS
8 = SMOKE OR HAZE
[NO. OF DAYS WITH] [WEATHER - DAYS WITH] 9 = BLOWING SNOW
X = TORNADO
MAX 32 OR BELOW: 1 0.01 INCH OR MORE: M
MAX 90 OR ABOVE: 0 0.10 INCH OR MORE: M
MIN 32 OR BELOW: 9 0.50 INCH OR MORE: M
MIN 0 OR BELOW: 0 1.00 INCH OR MORE: M
[HDD (BASE 65) ]
TOTAL THIS MO. 429 CLEAR (SCALE 0-3) 20
DPTR FM NORMAL M PTCLDY (SCALE 4-7) 5
TOTAL FM JUL 1 457 CLOUDY (SCALE 8-10) 6
DPTR FM NORMAL M
[CDD (BASE 65) ]
TOTAL THIS MO. 26
DPTR FM NORMAL M [PRESSURE DATA]
TOTAL FM JAN 1 1043 HIGHEST SLP M ON M
DPTR FM NORMAL M LOWEST SLP M ON M
[REMARKS]
#FINAL-10-23#