182
CXUS51 KRNK 010714
CF6LYH
PRELIMINARY LOCAL CLIMATOLOGICAL DATA (WS FORM: F-6)
STATION: LYNCHBURG VA
MONTH: MAY
YEAR: 2020
LATITUDE: 37 19 N
LONGITUDE: 79 12 W
TEMPERATURE IN F: :PCPN: SNOW: WIND :SUNSHINE: SKY :PK WND
================================================================================
1 2 3 4 5 6A 6B 7 8 9 10 11 12 13 14 15 16 17 18
12Z AVG MX 2MIN
DY MAX MIN AVG DEP HDD CDD WTR SNW DPTH SPD SPD DIR MIN PSBL S-S WX SPD DR
================================================================================
1 65 50 58 -1 7 0 T 0.0 0 6.0 16 270 M M 7 24 280
2 75 44 60 0 5 0 0.00 0.0 0 4.6 13 190 M M 0 15 190
3 86 53 70 10 0 5 0.02 0.0 0 6.5 16 200 M M 1 23 290
4 79 50 65 5 0 0 0.01 0.0 0 5.3 15 270 M M 1 22 280
5 60 49 55 -5 10 0 0.11 0.0 0 5.1 13 50 M M 7 1 20 50
6 65 44 55 -6 10 0 0.00 0.0 0 6.3 16 300 M M 6 1 27 290
7 69 34 52 -9 13 0 0.00 0.0 0 5.1 13 260 M M 0 20 250
8 67 40 54 -7 11 0 0.06 0.0 0 7.9 22 200 M M 5 1 29 210
9 58 32 45 -16 20 0 0.00 0.0 0 5.4 17 320 M M 0 26 320
10 68 30 49 -13 16 0 0.00 0.0 0 7.4 22 200 M M 0 31 210
11 60 47 54 -8 11 0 T 0.0 0 8.1 20 300 M M 5 32 290
12 66 40 53 -9 12 0 0.00 0.0 0 4.8 14 230 M M 2 21 250
13 67 39 53 -9 12 0 0.00 0.0 0 2.5 12 220 M M 6 16 190
14 79 54 67 5 0 2 T 0.0 0 5.5 17 190 M M 6 21 190
15 85 57 71 8 0 6 0.00 0.0 0 9.8 23 190 M M 0 33 190
16 88 57 73 10 0 8 0.00 0.0 0 5.5 18 40 M M 3 26 60
17 78 64 71 8 0 6 0.00 0.0 0 9.4 18 40 M M 8 23 40
18 66 60 63 -1 2 0 0.16 0.0 0 9.9 18 60 M M 10 1 28 50
19 60 49 55 -9 10 0 1.60 0.0 0 16.3 30 40 M M 10 1 42 40
20 53 47 50 -14 15 0 0.39 0.0 0 18.6 26 50 M M 10 18 37 40
21 61 51 56 -8 9 0 0.61 0.0 0 13.6 22 40 M M 10 1 29 40
22 79 61 70 5 0 5 0.18 0.0 0 4.1 14 180 M M 9 12 20 200
23 83 57 70 5 0 5 0.00 0.0 0 3.5 13 200 M M 4 12 19 220
24 79 59 69 4 0 4 T 0.0 0 6.6 16 50 M M 4 1 23 40
25 75 62 69 3 0 4 0.01 0.0 0 2.9 10 50 M M 10 1 14 50
26 82 61 72 6 0 7 0.00 0.0 0 4.0 10 50 M M 7 15 30
27 77 66 72 6 0 7 0.36 0.0 0 6.4 17 50 M M 9 1 22 50
28 85 70 78 12 0 13 0.14 0.0 0 9.2 18 170 M M 8 1 24 140
29 83 70 77 10 0 12 0.00 0.0 0 8.1 17 180 M M 6 23 200
30 87 62 75 8 0 10 0.00 0.0 0 3.8 12 260 M M 3 16 260
31 78 62 70 3 0 5 0.00 0.0 0 6.2 15 40 M M 3 21 40
================================================================================
SM 2263 1621 163 99 3.65 0.0 218.4 M 160
================================================================================
AV 73.0 52.3 7.0 FASTST M M 5 MAX(MPH)
MISC ----> 30 40 42 40
================================================================================
NOTES:
# LAST OF SEVERAL OCCURRENCES
COLUMN 17 PEAK WIND IN M.P.H.
PRELIMINARY LOCAL CLIMATOLOGICAL DATA (WS FORM: F-6) , PAGE 2
STATION: LYNCHBURG VA
MONTH: MAY
YEAR: 2020
LATITUDE: 37 19 N
LONGITUDE: 79 12 W
[TEMPERATURE DATA] [PRECIPITATION DATA] SYMBOLS USED IN COLUMN 16
AVERAGE MONTHLY: 62.6 TOTAL FOR MONTH: 3.65 1 = FOG OR MIST
DPTR FM NORMAL: -0.5 DPTR FM NORMAL: -0.08 2 = FOG REDUCING VISIBILITY
HIGHEST: 88 ON 16 GRTST 24HR 1.68 ON 18-19 TO 1/4 MILE OR LESS
LOWEST: 30 ON 10 3 = THUNDER
SNOW, ICE PELLETS, HAIL 4 = ICE PELLETS
TOTAL MONTH: 0.0 INCH 5 = HAIL
GRTST 24HR 0.0 6 = FREEZING RAIN OR DRIZZLE
GRTST DEPTH: 0 7 = DUSTSTORM OR SANDSTORM:
VSBY 1/2 MILE OR LESS
8 = SMOKE OR HAZE
[NO. OF DAYS WITH] [WEATHER - DAYS WITH] 9 = BLOWING SNOW
X = TORNADO
MAX 32 OR BELOW: 0 0.01 INCH OR MORE: 12
MAX 90 OR ABOVE: 0 0.10 INCH OR MORE: 8
MIN 32 OR BELOW: 2 0.50 INCH OR MORE: 2
MIN 0 OR BELOW: 0 1.00 INCH OR MORE: 1
[HDD (BASE 65) ]
TOTAL THIS MO. 163 CLEAR (SCALE 0-3) 10
DPTR FM NORMAL 41 PTCLDY (SCALE 4-7) 14
TOTAL FM JUL 1 3549 CLOUDY (SCALE 8-10) 7
DPTR FM NORMAL -896
[CDD (BASE 65) ]
TOTAL THIS MO. 99
DPTR FM NORMAL 35 [PRESSURE DATA]
TOTAL FM JAN 1 121 HIGHEST SLP M ON M
DPTR FM NORMAL 39 LOWEST SLP 29.68 ON 4
[REMARKS]
DUE TO MISSING TEMPERATURES ON NOVEMBER 27-30, THE
SEASONAL HEATING DEGREE DAY TOTAL WILL BE CALCULATED WITHOUT DATA
FROM THESE DATES.
#FINAL-05-20#