000
CXUS56 KHNX 170123
CF6MAE
PRELIMINARY LOCAL CLIMATOLOGICAL DATA (WS FORM: F-6)
STATION: MADERA CA AIRPORT
MONTH: MAY
YEAR: 2022
LATITUDE: 36 58 N
LONGITUDE: 120 7 W
TEMPERATURE IN F: :PCPN: SNOW: WIND :SUNSHINE: SKY :PK WND
================================================================================
1 2 3 4 5 6A 6B 7 8 9 10 11 12 13 14 15 16 17 18
12Z AVG MX 2MIN
DY MAX MIN AVG DEP HDD CDD WTR SNW DPTH SPD SPD DIR MIN PSBL S-S WX SPD DR
================================================================================
1 80 47 64 -1 1 0 0.00 0.0 0 9.6 17 300 M M 0 23 320
2 80 45 63 -2 2 0 0.00 0.0 0 8.0 20 330 M M 0 26 330
3 79 44 62 -3 3 0 0.00 0.0 0 6.4 17 330 M M 0 35 300
4 88 51 70 5 0 5 0.00 0.0 0 4.7 10 270 M M 0 8 13 270
5 88 52 70 4 0 5 0.00 0.0 0 8.2 21 330 M M 0 8 25 330
6 86 56 71 5 0 6 0.00 0.0 0 10.8 21 320 M M 0 26 330
7 78 53 66 0 0 1 0.00 0.0 0 13.6 24 320 M M 0 31 320
8 70 45 58 -8 7 0 0.00 0.0 0 12.7 22 300 M M 1 30 300
9 66 41 54 -13 11 0 0.00 0.0 0 8.2 17 290 M M 1 8 23 300
10 67 37 52 -15 13 0 0.00 0.0 0 9.6 18 330 M M 1 25 320
11 71 39 55 -12 10 0 0.00 0.0 0 11.2 21 310 M M 0 27 280
12 76 42 59 -8 6 0 0.00 0.0 0 8.2 16 340 M M 0 20 300
13 85 44 65 -3 0 0 0.00 0.0 0 9.2 20 340 M M 0 24 330
14 90 52 71 3 0 6 0.00 0.0 0 6.4 14 280 M M 0 21 350
15 95 56 76 8 0 11 0.00 0.0 0 8.7 23 330 M M 0 8 26 320
16 86 53 70 2 0 5 0.00 0.0 0 10.5 21 330 M M 0 27 340
17 89 47 68 0 0 3 0.00 0.0 0 8.6 23 320 M M 0 28 320
18 93 54 74 5 0 9 0.00 0.0 0 5.8 14 300 M M 0 18 310
19 94 59 77 8 0 12 0.00 0.0 0 11.6 22 300 M M 0 29 290
20 80 56 68 -1 0 3 0.00 0.0 0 11.3 21 300 M M 0 27 330
21 87 49 68 -1 0 3 0.00 0.0 0 6.4 15 350 M M 0 17 350
22 91 51 71 1 0 6 0.00 0.0 0 7.6 17 300 M M 0 23 330
23 93 54 74 4 0 9 0.00 0.0 0 8.8 20 330 M M 0 24 320
24 96 57 77 7 0 12 0.00 0.0 0 4.8 14 330 M M 0 18 340
25 101 60 81 11 0 16 0.00 0.0 0 4.5 12 290 M M 0 14 280
26 97 62 80 10 0 15 0.00 0.0 0 8.4 22 290 M M 0 26 290
27 85 57 71 1 0 6 0.00 0.0 0 9.3 16 330 M M 0 20 300
28 83 61 72 1 0 7 0.00 0.0 0 14.0 24 330 M M 2 30 320
29 80 53 67 -4 0 2 0.00 0.0 0 13.4 23 330 M M 0 28 320
30 83 50 67 -4 0 2 0.00 0.0 0 10.8 21 290 M M 0 26 290
31 87 51 69 -2 0 4 0.00 0.0 0 7.0 13 290 M M 0 16 290
================================================================================
SM 2624 1578 53 148 0.00 0.0 278.3 M 5
================================================================================
AV 84.6 50.9 9.0 FASTST M M 0 MAX(MPH)
MISC ----> # 24 320 35 300
================================================================================
NOTES:
# LAST OF SEVERAL OCCURRENCES
COLUMN 17 PEAK WIND IN M.P.H.
PRELIMINARY LOCAL CLIMATOLOGICAL DATA (WS FORM: F-6) , PAGE 2
STATION: MADERA CA AIRPORT
MONTH: MAY
YEAR: 2022
LATITUDE: 36 58 N
LONGITUDE: 120 7 W
[TEMPERATURE DATA] [PRECIPITATION DATA] SYMBOLS USED IN COLUMN 16
AVERAGE MONTHLY: 67.8 TOTAL FOR MONTH: 0.00 1 = FOG OR MIST
DPTR FM NORMAL: -0.3 DPTR FM NORMAL: -0.47 2 = FOG REDUCING VISIBILITY
HIGHEST: 101 ON 25 GRTST 24HR T ON 14-14 TO 1/4 MILE OR LESS
LOWEST: 37 ON 10 3 = THUNDER
SNOW, ICE PELLETS, HAIL 4 = ICE PELLETS
TOTAL MONTH: 0.0 INCH 5 = HAIL
GRTST 24HR 0.0 6 = FREEZING RAIN OR DRIZZLE
GRTST DEPTH: 0 7 = DUSTSTORM OR SANDSTORM:
VSBY 1/2 MILE OR LESS
8 = SMOKE OR HAZE
[NO. OF DAYS WITH] [WEATHER - DAYS WITH] 9 = BLOWING SNOW
X = TORNADO
MAX 32 OR BELOW: 0 0.01 INCH OR MORE: 0
MAX 90 OR ABOVE: 9 0.10 INCH OR MORE: 0
MIN 32 OR BELOW: 0 0.50 INCH OR MORE: 0
MIN 0 OR BELOW: 0 1.00 INCH OR MORE: 0
[HDD (BASE 65) ]
TOTAL THIS MO. 53 CLEAR (SCALE 0-3) 31
DPTR FM NORMAL 14 PTCLDY (SCALE 4-7) 0
TOTAL FM JUL 1 2342 CLOUDY (SCALE 8-10) 0
DPTR FM NORMAL -12
[CDD (BASE 65) ]
TOTAL THIS MO. 148
DPTR FM NORMAL 13 [PRESSURE DATA]
TOTAL FM JAN 1 161 HIGHEST SLP 30.31 ON 12
DPTR FM NORMAL -7 LOWEST SLP 29.69 ON 20
[REMARKS]
#FINAL-05-22#