000
CXUS54 KMAF 011636
CF6MAF
PRELIMINARY LOCAL CLIMATOLOGICAL DATA (WS FORM: F-6)
STATION: MIDLAND INTERNATIONAL AIRPORT
MONTH: JULY
YEAR: 2023
LATITUDE: 31 57 N
LONGITUDE: 102 11 W
TEMPERATURE IN F: :PCPN: SNOW: WIND :SUNSHINE: SKY :PK WND
================================================================================
1 2 3 4 5 6A 6B 7 8 9 10 11 12 13 14 15 16 17 18
12Z AVG MX 2MIN
DY MAX MIN AVG DEP HDD CDD WTR SNW DPTH SPD SPD DIR MIN PSBL S-S WX SPD DR
================================================================================
1 94 69 82 -2 0 17 0.33 0.0 0 11.0 28 90 M M 3 138 34 100
2 91 66 79 -5 0 14 0.00 0.0 0 8.6 29 10 M M 1 36 10
3 94 73 84 0 0 19 0.00 0.0 0 8.1 24 150 M M 1 29 130
4 95 70 83 -1 0 18 0.00 0.0 0 12.1 22 150 M M 0 33 120
5 98 73 86 2 0 21 0.00 0.0 0 12.9 22 160 M M 0 31 190
6 97 74 86 2 0 21 0.00 0.0 0 11.5 22 120 M M 2 40 140
7 96 73 85 1 0 20 0.00 0.0 0 17.4 26 170 M M 0 35 140
8 98 74 86 2 0 21 0.00 0.0 0 14.6 26 180 M M 1 35 170
9 103 78 91 7 0 26 0.00 0.0 0 12.3 25 70 M M 1 33 80
10 104 74 89 5 0 24 0.00 0.0 0 10.3 20 150 M M 0 26 150
11 106 83 95 11 0 30 T 0.0 0 11.9 24 170 M M 0 30 180
12 110 82 96 12 0 31 T 0.0 0 13.3 29 260 M M 1 38 37 260
13 107 81 94 10 0 29 0.00 0.0 0 10.2 21 190 M M 0 28 160
14 104 78 91 7 0 26 0.00 0.0 0 12.7 21 160 M M 0 27 150
15 103 80 92 8 0 27 0.00 0.0 0 12.2 22 140 M M 0 33 100
16 100 73 87 3 0 22 0.00 0.0 0 11.9 29 30 M M 0 8 37 20
17 103 77 90 6 0 25 0.00 0.0 0 13.3 22 160 M M 0 29 170
18 106 77 92 8 0 27 0.00 0.0 0 14.0 25 170 M M 0 33 160
19 104 73 89 5 0 24 0.00 0.0 0 14.2 24 170 M M 0 32 170
20 101 77 89 4 0 24 0.00 0.0 0 12.2 23 150 M M 0 34 140
21 100 76 88 3 0 23 0.00 0.0 0 15.1 29 70 M M 0 36 70
22 94 74 84 -1 0 19 0.00 0.0 0 10.6 23 60 M M 0 32 80
23 100 75 88 3 0 23 0.00 0.0 0 7.7 15 140 M M 0 18 140
24 102 76 89 4 0 24 0.00 0.0 0 10.6 21 110 M M 0 29 120
25 100 77 89 4 0 24 0.00 0.0 0 12.5 23 150 M M 0 32 170
26 99 74 87 2 0 22 0.00 0.0 0 12.0 23 170 M M 0 8 33 170
27 98 73 86 1 0 21 0.00 0.0 0 11.5 23 140 M M 0 32 150
28 99 72 86 1 0 21 0.00 0.0 0 10.0 20 140 M M 0 8 28 170
29 98 74 86 1 0 21 0.00 0.0 0 9.5 18 120 M M 0 30 120
30 97 73 85 0 0 20 0.00 0.0 0 9.4 21 140 M M 1 30 120
31 100 74 87 2 0 22 0.00 0.0 0 10.6 21 170 M M 0 28 170
================================================================================
SM 3101 2323 0 706 0.33 0.0 364.2 M 11
================================================================================
AV100.0 74.9 11.7 FASTST M M 0 MAX(MPH)
MISC ----> # 29 10 40 140
================================================================================
NOTES:
# LAST OF SEVERAL OCCURRENCES
COLUMN 17 PEAK WIND IN M.P.H.
PRELIMINARY LOCAL CLIMATOLOGICAL DATA (WS FORM: F-6) , PAGE 2
STATION: MIDLAND INTERNATIONAL AIRPORT
MONTH: JULY
YEAR: 2023
LATITUDE: 31 57 N
LONGITUDE: 102 11 W
[TEMPERATURE DATA] [PRECIPITATION DATA] SYMBOLS USED IN COLUMN 16
AVERAGE MONTHLY: 87.5 TOTAL FOR MONTH: 0.33 1 = FOG OR MIST
DPTR FM NORMAL: 3.1 DPTR FM NORMAL: -1.29 2 = FOG REDUCING VISIBILITY
HIGHEST: 110 ON 12 GRTST 24HR 0.33 ON 1- 1 TO 1/4 MILE OR LESS
LOWEST: 66 ON 2 3 = THUNDER
SNOW, ICE PELLETS, HAIL 4 = ICE PELLETS
TOTAL MONTH: 0.0 INCH 5 = HAIL
GRTST 24HR 0.0 6 = FREEZING RAIN OR DRIZZLE
GRTST DEPTH: 0 7 = DUSTSTORM OR SANDSTORM:
VSBY 1/2 MILE OR LESS
8 = SMOKE OR HAZE
[NO. OF DAYS WITH] [WEATHER - DAYS WITH] 9 = BLOWING SNOW
X = TORNADO
MAX 32 OR BELOW: 0 0.01 INCH OR MORE: 1
MAX 90 OR ABOVE: 31 0.10 INCH OR MORE: 1
MIN 32 OR BELOW: 0 0.50 INCH OR MORE: 0
MIN 0 OR BELOW: 0 1.00 INCH OR MORE: 0
[HDD (BASE 65) ]
TOTAL THIS MO. 0 CLEAR (SCALE 0-3) 31
DPTR FM NORMAL 0 PTCLDY (SCALE 4-7) 0
TOTAL FM JUL 1 0 CLOUDY (SCALE 8-10) 0
DPTR FM NORMAL 0
[CDD (BASE 65) ]
TOTAL THIS MO. 706
DPTR FM NORMAL 106 [PRESSURE DATA]
TOTAL FM JAN 1 1704 HIGHEST SLP 30.07 ON 30
DPTR FM NORMAL 83 LOWEST SLP 29.63 ON 12
[REMARKS]
#FINAL-07-23#