000
CXUS53 KABR 011100
CF6MBG
PRELIMINARY LOCAL CLIMATOLOGICAL DATA (WS FORM: F-6)
STATION: MOBRIDGE SD
MONTH: OCTOBER
YEAR: 2023
LATITUDE: 45 32 N
LONGITUDE: 100 25 W
TEMPERATURE IN F: :PCPN: SNOW: WIND :SUNSHINE: SKY :PK WND
================================================================================
1 2 3 4 5 6A 6B 7 8 9 10 11 12 13 14 15 16 17 18
12Z AVG MX 2MIN
DY MAX MIN AVG DEP HDD CDD WTR SNW DPTH SPD SPD DIR MIN PSBL S-S WX SPD DR
================================================================================
1 90 64 77 21 0 12 0.00 0.0 0 13.2 29 170 M M 0 39 170
2 72 59 66 10 0 1 0.00 0.0 0 5.8 18 270 M M 5 1 23 280
3 77 57 67 12 0 2 0.01 0.0 0 11.3 21 320 M M 3 29 330
4 70 48 59 4 6 0 0.04 0.0 0 11.6 23 310 M M 4 33 310
5 62 46 54 0 11 0 0.00 0.0 0 20.3 35 320 M M 4 52 320
6 54 31 43 -11 22 0 0.00 0.0 0 14.7 31 320 M M 5 44 320
7 70 29 50 -3 15 0 0.00 0.0 0 5.0 12 300 M M 0 16 310
8 68 40 54 1 11 0 0.00 0.0 0 6.4 14 10 M M 0 20 340
9 66 38 52 0 13 0 0.00 0.0 0 7.6 13 80 M M 0 16 80
10 65 38 52 0 13 0 0.00 0.0 0 11.7 18 80 M M 0 26 90
11 69 37 53 2 12 0 0.00 0.0 0 15.3 28 90 M M 1 38 90
12 59 44 52 2 13 0 0.00 0.0 0 21.3 31 60 M M 2 49 50
13 52 45 49 -1 16 0 T 0.0 0 17.5 30 20 M M 10 41 20
14 53 45 49 -1 16 0 0.01 0.0 0 5.1 9 50 M M 10 13 10
15 60 34 47 -2 18 0 0.00 0.0 0 2.8 10 250 M M 4 16 260
16 67 32 50 2 15 0 0.00 0.0 0 7.4 14 150 M M 0 12 22 180
17 78 47 63 15 2 0 T 0.0 0 10.9 40 320 M M 1 57 320
18 63 48 56 9 9 0 0.18 0.0 0 16.7 31 320 M M 5 1 42 320
19 75 42 59 12 6 0 0.00 0.0 0 6.9 20 330 M M 1 26 330
20 81 43 62 16 3 0 0.00 0.0 0 11.2 25 320 M M 0 36 310
21 64 41 53 7 12 0 0.00 0.0 0 9.0 16 350 M M 2 23 360
22 65 41 53 8 12 0 0.00 0.0 0 12.9 28 160 M M 0 37 160
23 65 36 51 6 14 0 T 0.0 0 9.2 18 10 M M 3 12 25 10
24 53 41 47 3 18 0 0.01 0.0 0 7.0 17 30 M M 9 24 30
25 46 36 41 -3 24 0 0.08 0.0 0 10.0 20 110 M M 10 1 26 90
26 44 24 34 -9 31 0 0.27 1.5 0 16.4 31 310 M M 10 126 40 310
27 26 15 21 -22 44 0 0.04 T 2 16.5 32 320 M M 4 189 41 330
28 29 16 23 -19 42 0 0.00 0.0 1 9.8 18 320 M M 4 23 320
29 30 13 22 -20 43 0 0.02 T 1 12.7 28 320 M M 5 39 310
30 38 20 29 -12 36 0 T T 1 16.7 37 310 M M 5 51 320
31 30 11 21 -20 44 0 0.00 0.0 1 10.9 20 170 M M 3 28 340
================================================================================
SM 1841 1161 521 15 0.66 1.5 353.8 M 110
================================================================================
AV 59.4 37.5 11.4 FASTST M M 4 MAX(MPH)
MISC ----> 40 320 57 320
================================================================================
NOTES:
# LAST OF SEVERAL OCCURRENCES
COLUMN 17 PEAK WIND IN M.P.H.
PRELIMINARY LOCAL CLIMATOLOGICAL DATA (WS FORM: F-6) , PAGE 2
STATION: MOBRIDGE SD
MONTH: OCTOBER
YEAR: 2023
LATITUDE: 45 32 N
LONGITUDE: 100 25 W
[TEMPERATURE DATA] [PRECIPITATION DATA] SYMBOLS USED IN COLUMN 16
AVERAGE MONTHLY: 48.4 TOTAL FOR MONTH: 0.66 1 = FOG OR MIST
DPTR FM NORMAL: 0.0 DPTR FM NORMAL: -1.15 2 = FOG REDUCING VISIBILITY
HIGHEST: 90 ON 1 GRTST 24HR 0.30 ON 26-27 TO 1/4 MILE OR LESS
LOWEST: 11 ON 31 3 = THUNDER
SNOW, ICE PELLETS, HAIL 4 = ICE PELLETS
TOTAL MONTH: 1.5 INCHES 5 = HAIL
GRTST 24HR 1.5 ON 26-26 6 = FREEZING RAIN OR DRIZZLE
GRTST DEPTH: 2 ON 27 7 = DUSTSTORM OR SANDSTORM:
VSBY 1/2 MILE OR LESS
8 = SMOKE OR HAZE
[NO. OF DAYS WITH] [WEATHER - DAYS WITH] 9 = BLOWING SNOW
X = TORNADO
MAX 32 OR BELOW: 4 0.01 INCH OR MORE: 9
MAX 90 OR ABOVE: 1 0.10 INCH OR MORE: 2
MIN 32 OR BELOW: 9 0.50 INCH OR MORE: 0
MIN 0 OR BELOW: 0 1.00 INCH OR MORE: 0
[HDD (BASE 65) ]
TOTAL THIS MO. 521 CLEAR (SCALE 0-3) 15
DPTR FM NORMAL 1 PTCLDY (SCALE 4-7) 11
TOTAL FM JUL 1 593 CLOUDY (SCALE 8-10) 5
DPTR FM NORMAL -84
[CDD (BASE 65) ]
TOTAL THIS MO. 15
DPTR FM NORMAL 8 [PRESSURE DATA]
TOTAL FM JAN 1 831 HIGHEST SLP 30.56 ON 31
DPTR FM NORMAL 19 LOWEST SLP 29.56 ON 11
[REMARKS]
#FINAL-10-23#