000
CXUS53 KEAX 010736
CF6MCI
PRELIMINARY LOCAL CLIMATOLOGICAL DATA (WS FORM: F-6)
STATION: KANSAS CITY INTERNATIONAL MO
MONTH: AUGUST
YEAR: 2023
LATITUDE: 39 19 N
LONGITUDE: 94 43 W
TEMPERATURE IN F: :PCPN: SNOW: WIND :SUNSHINE: SKY :PK WND
================================================================================
1 2 3 4 5 6A 6B 7 8 9 10 11 12 13 14 15 16 17 18
12Z AVG MX 2MIN
DY MAX MIN AVG DEP HDD CDD WTR SNW DPTH SPD SPD DIR MIN PSBL S-S WX SPD DR
================================================================================
1 89 74 82 4 0 17 0.04 0.0 0 13.6 24 150 M M 6 1 30 150
2 83 75 79 1 0 14 T 0.0 0 11.3 25 110 M M 8 3 32 110
3 86 74 80 2 0 15 0.49 0.0 0 7.5 15 70 M M 9 13 19 70
4 87 72 80 2 0 15 T 0.0 0 7.2 20 70 M M 8 13 24 70
5 90 70 80 2 0 15 0.00 0.0 0 4.9 12 300 M M 6 12 17 300
6 80 68 74 -4 0 9 0.07 0.0 0 11.4 25 300 M M 8 13 38 310
7 80 65 73 -5 0 8 T 0.0 0 6.3 16 310 M M 7 23 340
8 88 66 77 -1 0 12 0.00 0.0 0 4.7 13 190 M M 5 1 23 130
9 83 68 76 -2 0 11 1.30 0.0 0 4.6 18 170 M M 7 13 24 170
10 87 65 76 -2 0 11 0.00 0.0 0 3.9 10 190 M M 4 1 17 170
11 94 71 83 5 0 18 0.00 0.0 0 6.9 13 60 M M 4 19 200
12 91 70 81 3 0 16 0.00 0.0 0 6.2 15 80 M M 6 21 80
13 83 70 77 -1 0 12 2.91 0.0 0 8.4 17 40 M M 9 13 24 40
14 77 62 70 -7 0 5 0.00 0.0 0 9.9 20 320 M M 5 32 320
15 79 60 70 -7 0 5 0.00 0.0 0 5.9 14 350 M M 4 8 19 10
16 82 57 70 -7 0 5 0.00 0.0 0 10.1 18 180 M M 1 8 25 200
17 81 63 72 -5 0 7 0.00 0.0 0 8.8 17 360 M M 3 8 24 360
18 83 59 71 -6 0 6 0.00 0.0 0 9.0 17 130 M M 1 8 24 130
19 98 69 84 8 0 19 0.00 0.0 0 11.5 16 190 M M 1 21 190
20 95 76 86 10 0 21 0.00 0.0 0 6.3 13 30 M M 3 1 19 210
21 96 79 88 12 0 23 0.00 0.0 0 6.9 13 120 M M 1 128 18 120
22 95 77 86 10 0 21 0.00 0.0 0 6.1 12 110 M M 4 128 21 100
23 96 79 88 12 0 23 0.00 0.0 0 7.7 12 200 M M 5 18 16 200
24 98 75 87 11 0 22 0.00 0.0 0 7.5 14 230 M M 4 18 20 210
25 103 77 90 15 0 25 0.00 0.0 0 5.9 15 50 M M 4 8 19 40
26 82 68 75 0 0 10 T 0.0 0 9.6 23 340 M M 8 1 34 320
27 81 65 73 -2 0 8 0.00 0.0 0 7.2 16 50 M M 5 20 60
28 83 59 71 -3 0 6 0.00 0.0 0 2.7 8 30 M M 4 1 12 50
29 87 61 74 0 0 9 0.00 0.0 0 7.0 17 360 M M 2 18 23 360
30 84 62 73 -1 0 8 0.00 0.0 0 8.3 14 50 M M 0 18 22 40
31 83 60 72 -2 0 7 0.00 0.0 0 9.3 16 110 M M 1 18 23 110
================================================================================
SM 2704 2116 0 403 4.81 0.0 236.6 M 143
================================================================================
AV 87.2 68.3 7.6 FASTST M M 5 MAX(MPH)
MISC ----> # 25 110 38 310
================================================================================
NOTES:
# LAST OF SEVERAL OCCURRENCES
COLUMN 17 PEAK WIND IN M.P.H.
PRELIMINARY LOCAL CLIMATOLOGICAL DATA (WS FORM: F-6) , PAGE 2
STATION: KANSAS CITY INTERNATIONAL MO
MONTH: AUGUST
YEAR: 2023
LATITUDE: 39 19 N
LONGITUDE: 94 43 W
[TEMPERATURE DATA] [PRECIPITATION DATA] SYMBOLS USED IN COLUMN 16
AVERAGE MONTHLY: 77.7 TOTAL FOR MONTH: 4.81 1 = FOG OR MIST
DPTR FM NORMAL: 1.0 DPTR FM NORMAL: 0.57 2 = FOG REDUCING VISIBILITY
HIGHEST: 103 ON 25 GRTST 24HR 2.91 ON 13-13 TO 1/4 MILE OR LESS
LOWEST: 57 ON 16 3 = THUNDER
SNOW, ICE PELLETS, HAIL 4 = ICE PELLETS
TOTAL MONTH: 0.0 INCH 5 = HAIL
GRTST 24HR 0.0 6 = FREEZING RAIN OR DRIZZLE
GRTST DEPTH: 0 7 = DUSTSTORM OR SANDSTORM:
VSBY 1/2 MILE OR LESS
8 = SMOKE OR HAZE
[NO. OF DAYS WITH] [WEATHER - DAYS WITH] 9 = BLOWING SNOW
X = TORNADO
MAX 32 OR BELOW: 0 0.01 INCH OR MORE: 5
MAX 90 OR ABOVE: 10 0.10 INCH OR MORE: 3
MIN 32 OR BELOW: 0 0.50 INCH OR MORE: 2
MIN 0 OR BELOW: 0 1.00 INCH OR MORE: 2
[HDD (BASE 65) ]
TOTAL THIS MO. 0 CLEAR (SCALE 0-3) 9
DPTR FM NORMAL -2 PTCLDY (SCALE 4-7) 19
TOTAL FM JUL 1 0 CLOUDY (SCALE 8-10) 3
DPTR FM NORMAL 0
[CDD (BASE 65) ]
TOTAL THIS MO. 403
DPTR FM NORMAL 39 [PRESSURE DATA]
TOTAL FM JAN 1 1235 HIGHEST SLP M ON M
DPTR FM NORMAL 62 LOWEST SLP 29.73 ON 9
[REMARKS]
#FINAL-08-23#