000
CXUS52 KFFC 011110
CF6MCN
PRELIMINARY LOCAL CLIMATOLOGICAL DATA (WS FORM: F-6)
STATION: MACON
MONTH: APRIL
YEAR: 2020
LATITUDE: 32 42 N
LONGITUDE: 83 39 W
TEMPERATURE IN F: :PCPN: SNOW: WIND :SUNSHINE: SKY :PK WND
================================================================================
1 2 3 4 5 6A 6B 7 8 9 10 11 12 13 14 15 16 17 18
12Z AVG MX 2MIN
DY MAX MIN AVG DEP HDD CDD WTR SNW DPTH SPD SPD DIR MIN PSBL S-S WX SPD DR
================================================================================
1 68 46 57 -3 8 0 T 0.0 0 10.2 18 350 M M 0 25 310
2 72 40 56 -4 9 0 0.00 0.0 0 3.8 12 10 M M 0 16 10
3 81 40 61 0 4 0 0.00 0.0 0 2.8 10 330 M M 0 15 330
4 83 49 66 5 0 1 0.00 0.0 0 2.3 10 360 M M 1 1 15 10
5 81 57 69 8 0 4 0.00 0.0 0 3.9 9 150 M M 1 13 150
6 84 53 69 8 0 4 0.00 0.0 0 2.6 9 210 M M 3 12 13 140
7 80 62 71 9 0 6 0.10 0.0 0 4.3 13 270 M M 2 12 18 260
8 85 58 72 10 0 7 0.10 0.0 0 5.4 16 210 M M 7 123 23 210
9 86 63 75 13 0 10 0.01 0.0 0 9.0 20 310 M M 1 1 25 330
10 70 42 56 -6 9 0 T M 0 9.9 25 340 M M 1 33 350
11 75 35 55 -7 10 0 0.00 0.0 0 3.2 10 200 M M 0 16 100
12 78 43 61 -1 4 0 0.01 M 0 6.8 22 190 M M 5 1 31 200
13 84 57 71 8 0 6 0.65 0.0 0 9.4 37 270 M M 2 13 45 230
14 82 51 67 4 0 2 0.00 0.0 0 4.6 14 360 M M 1 17 10
15 72 50 61 -2 4 0 0.00 0.0 0 9.1 16 350 M M 2 23 340
16 73 38 56 -7 9 0 0.00 0.0 0 5.6 17 10 M M 0 24 30
17 77 40 59 -5 6 0 0.00 0.0 0 4.4 15 190 M M 0 20 190
18 81 52 67 3 0 2 T 0.0 0 7.9 20 310 M M 3 29 330
19 61 50 56 -8 9 0 4.41 0.0 0 5.5 18 20 M M 8 13 25 30
20 78 53 66 2 0 1 0.66 0.0 0 8.4 18 270 M M 6 13 27 300
21 82 46 64 -1 1 0 T M 0 7.6 23 260 M M 1 1 32 280
22 79 47 63 -2 2 0 T M 0 3.8 15 30 M M 1 17 40
23 64 58 61 -4 4 0 2.14 0.0 0 10.3 25 150 M M 8 13 34 140
24 80 55 68 3 0 3 T 0.0 0 7.5 16 300 M M 6 21 280
25 84 52 68 2 0 3 0.00 0.0 0 6.5 20 300 M M 0 1 26 300
26 77 55 66 0 0 1 0.00 0.0 0 12.7 24 290 M M 0 33 290
27 78 47 63 -3 2 0 0.00 0.0 0 5.4 14 330 M M 0 20 330
28 82 47 65 -2 0 0 0.00 0.0 0 3.3 12 160 M M 0 15 160
29 81 53 67 0 0 2 3.67 0.0 0 8.9 24 340 M M 5 13 33 220
30 68 54 61 -6 4 0 0.15 0.0 0 7.9 20 290 M M 7 1 25 290
================================================================================
SM 2326 1493 85 52 11.90 0.0 193.0 M 71
================================================================================
AV 77.5 49.8 6.4 FASTST M M 2 MAX(MPH)
MISC ----> # 37 270 # 45 230
================================================================================
NOTES:
# LAST OF SEVERAL OCCURRENCES
COLUMN 17 PEAK WIND IN M.P.H.
PRELIMINARY LOCAL CLIMATOLOGICAL DATA (WS FORM: F-6) , PAGE 2
STATION: MACON
MONTH: APRIL
YEAR: 2020
LATITUDE: 32 42 N
LONGITUDE: 83 39 W
[TEMPERATURE DATA] [PRECIPITATION DATA] SYMBOLS USED IN COLUMN 16
AVERAGE MONTHLY: 63.7 TOTAL FOR MONTH: 11.90 1 = FOG OR MIST
DPTR FM NORMAL: 0.2 DPTR FM NORMAL: 8.94 2 = FOG REDUCING VISIBILITY
HIGHEST: 86 ON 9 GRTST 24HR 4.41 ON 19-19 TO 1/4 MILE OR LESS
LOWEST: 35 ON 11 3 = THUNDER
SNOW, ICE PELLETS, HAIL 4 = ICE PELLETS
TOTAL MONTH: 0.0 INCH 5 = HAIL
GRTST 24HR 0.0 6 = FREEZING RAIN OR DRIZZLE
GRTST DEPTH: 0 7 = DUSTSTORM OR SANDSTORM:
VSBY 1/2 MILE OR LESS
8 = SMOKE OR HAZE
[NO. OF DAYS WITH] [WEATHER - DAYS WITH] 9 = BLOWING SNOW
X = TORNADO
MAX 32 OR BELOW: 0 0.01 INCH OR MORE: 10
MAX 90 OR ABOVE: 0 0.10 INCH OR MORE: 8
MIN 32 OR BELOW: 0 0.50 INCH OR MORE: 5
MIN 0 OR BELOW: 0 1.00 INCH OR MORE: 3
[HDD (BASE 65) ]
TOTAL THIS MO. 85 CLEAR (SCALE 0-3) 22
DPTR FM NORMAL -25 PTCLDY (SCALE 4-7) 8
TOTAL FM JUL 1 1725 CLOUDY (SCALE 8-10) 0
DPTR FM NORMAL -582
[CDD (BASE 65) ]
TOTAL THIS MO. 52
DPTR FM NORMAL -11 [PRESSURE DATA]
TOTAL FM JAN 1 185 HIGHEST SLP 30.28 ON 17
DPTR FM NORMAL 101 LOWEST SLP 29.54 ON 20
[REMARKS]
#FINAL-04-20#