000
CDUS43 KDMX 260642
CLIMCW

CLIMATE REPORT
NATIONAL WEATHER SERVICE DES MOINES IA
135 AM CDT FRI MAY 26 2017

...................................

...THE MASON CITY IA CLIMATE SUMMARY FOR MAY 25 2017...

CLIMATE NORMAL PERIOD 1981 TO 2010
CLIMATE RECORD PERIOD 1893 TO 2017


WEATHER ITEM   OBSERVED TIME   RECORD YEAR NORMAL DEPARTURE LAST
                VALUE   (LST)  VALUE       VALUE  FROM      YEAR
                                                  NORMAL
..................................................................
TEMPERATURE (F)
 YESTERDAY
  MAXIMUM         70    349 PM  94    1978  73     -3       79
  MINIMUM         40    506 AM  29    1925  50    -10       59
  AVERAGE         55                        61     -6       69

PRECIPITATION (IN)
  YESTERDAY        0.01          2.08 1904   0.16  -0.15     0.41
  MONTH TO DATE    3.87                      3.73   0.14     2.17
  SINCE MAR 1     10.15                      9.71   0.44     7.14
  SINCE JAN 1     14.14                     11.53   2.61     8.43

SNOWFALL (IN)
  YESTERDAY        0.0          MM      MM   0.0   MM        0.0
  MONTH TO DATE    0.0                       0.1   -0.1      0.0
  SINCE MAR 1      8.5                       8.8   -0.3      8.2
  SINCE JUL 1     47.9                      41.3    6.6     50.9
  SNOW DEPTH       0

DEGREE DAYS
 HEATING
  YESTERDAY       10                         5      5        0
  MONTH TO DATE  240                       209     31      226
  SINCE MAR 1   1733                      1758    -25     1526
  SINCE JUL 1   6645                      7609   -964     6625

 COOLING
  YESTERDAY        0                         1     -1        4
  MONTH TO DATE   25                        17      8       19
  SINCE MAR 1     25                        22      3       23
  SINCE JAN 1     25                        22      3       23
..................................................................


WIND (MPH)
  HIGHEST WIND SPEED    18   HIGHEST WIND DIRECTION    SE (150)
  HIGHEST GUST SPEED    24   HIGHEST GUST DIRECTION    SE (140)
  AVERAGE WIND SPEED     7.0


SKY COVER
  POSSIBLE SUNSHINE  MM
  AVERAGE SKY COVER 0.3


WEATHER CONDITIONS
 THE FOLLOWING WEATHER WAS RECORDED YESTERDAY.
  LIGHT RAIN
  FOG
  FOG W/VISIBILITY <= 1/4 MILE


RELATIVE HUMIDITY (PERCENT)
 HIGHEST   100           200 AM
 LOWEST     47           300 PM
 AVERAGE    74

..........................................................

THE MASON CITY IA CLIMATE NORMALS FOR TODAY
                         NORMAL    RECORD    YEAR
 MAXIMUM TEMPERATURE (F)   73        93      1967
 MINIMUM TEMPERATURE (F)   50        31      1961


SUNRISE AND SUNSET
MAY 26 2017...........SUNRISE   540 AM CDT   SUNSET   841 PM CDT
MAY 27 2017...........SUNRISE   539 AM CDT   SUNSET   842 PM CDT


-  INDICATES NEGATIVE NUMBERS.
R  INDICATES RECORD WAS SET OR TIED.
MM INDICATES DATA IS MISSING.
T  INDICATES TRACE AMOUNT.

$$

ANSORGE
