000
CDUS43 KDMX 300635 RRA
CLIMCW

CLIMATE REPORT
NATIONAL WEATHER SERVICE DES MOINES IA
1235 AM CST FRI JAN 30 2015

...................................

...THE MASON CITY IA CLIMATE SUMMARY FOR JANUARY 29 2015...

CLIMATE NORMAL PERIOD 1981 TO 2010
CLIMATE RECORD PERIOD 1893 TO 2015


WEATHER ITEM   OBSERVED TIME   RECORD YEAR NORMAL DEPARTURE LAST
                VALUE   (LST)  VALUE       VALUE  FROM      YEAR
                                                  NORMAL
..................................................................
TEMPERATURE (F)
 YESTERDAY
  MAXIMUM         33    228 PM  50    1931  25      8       32
  MINIMUM         17   1159 PM -28    1966   7     10       -3
  AVERAGE         25                        16      9       15

PRECIPITATION (IN)
  YESTERDAY        T             0.62 1909   0.03  -0.03     0.00
  MONTH TO DATE    0.72                      0.76  -0.04     0.71
  SINCE DEC 1      1.82                      2.00  -0.18     1.88
  SINCE JAN 1      0.72                      0.76  -0.04     0.71

SNOWFALL (IN)
  YESTERDAY        0.0           7.0  1936   0.4   -0.4      0.0
  MONTH TO DATE    8.2                      10.1   -1.9      7.7
  SINCE DEC 1     13.9                      19.4   -5.5     22.6
  SINCE JUL 1     21.9                      24.1   -2.2     24.1
  SNOW DEPTH       T

DEGREE DAYS
 HEATING
  YESTERDAY       40                        49     -9       50
  MONTH TO DATE 1331                      1421    -90     1617
  SINCE DEC 1   2557                      2830   -273     3197
  SINCE JUL 1   4456                      4510    -54     4861

 COOLING
  YESTERDAY        0                         0      0        0
  MONTH TO DATE    0                         0      0        0
  SINCE DEC 1      0                         0      0        0
  SINCE JAN 1      0                         0      0        0
..................................................................


WIND (MPH)
  HIGHEST WIND SPEED    36   HIGHEST WIND DIRECTION    NW (330)
  HIGHEST GUST SPEED    44   HIGHEST GUST DIRECTION    NW (330)
  AVERAGE WIND SPEED    24.1


SKY COVER
  POSSIBLE SUNSHINE  MM
  AVERAGE SKY COVER 0.9


WEATHER CONDITIONS
 THE FOLLOWING WEATHER WAS RECORDED YESTERDAY.
  LT FREEZING RAIN
  FOG


RELATIVE HUMIDITY (PERCENT)
 HIGHEST    96          1200 AM
 LOWEST     68           500 PM
 AVERAGE    82

..........................................................


THE MASON CITY IA CLIMATE NORMALS FOR TODAY
                         NORMAL    RECORD    YEAR
 MAXIMUM TEMPERATURE (F)   26        49      1964
 MINIMUM TEMPERATURE (F)    8       -26      1951


SUNRISE AND SUNSET
JANUARY 30 2015.......SUNRISE   731 AM CST   SUNSET   523 PM CST
JANUARY 31 2015.......SUNRISE   730 AM CST   SUNSET   524 PM CST


-  INDICATES NEGATIVE NUMBERS.
R  INDICATES RECORD WAS SET OR TIED.
MM INDICATES DATA IS MISSING.
T  INDICATES TRACE AMOUNT.

$$

SMALL
