000
CDUS43 KDMX 260639 RRA
CLIMCW

CLIMATE REPORT
NATIONAL WEATHER SERVICE DES MOINES IA
137 AM CDT MON SEP 26 2016

...................................

...THE MASON CITY IA CLIMATE SUMMARY FOR SEPTEMBER 25 2016...

CLIMATE NORMAL PERIOD 1981 TO 2010
CLIMATE RECORD PERIOD 1893 TO 2016


WEATHER ITEM   OBSERVED TIME   RECORD YEAR NORMAL DEPARTURE LAST
                VALUE   (LST)  VALUE       VALUE  FROM      YEAR
                                                  NORMAL
..................................................................
TEMPERATURE (F)
 YESTERDAY
  MAXIMUM         68    639 AM  88    1920  70     -2       77
  MINIMUM         51   1159 PM  26    1942  44      7       56
  AVERAGE         60                        57      3       67

PRECIPITATION (IN)
  YESTERDAY        0.08          2.00 1972   0.10  -0.02     0.01
  MONTH TO DATE   11.03                      2.76   8.27     4.50
  SINCE SEP 1     11.03                      2.76   8.27     4.50
  SINCE JAN 1     42.35                     29.12  13.23    32.31

SNOWFALL (IN)
  YESTERDAY        0.0           0.0  2002   0.0    0.0      0.0
  MONTH TO DATE    0.0                       0.0    0.0      0.0
  SINCE SEP 1      0.0                       0.0    0.0      0.0
  SINCE JUL 1      0.0                       0.0    0.0      0.0
  SNOW DEPTH       0

DEGREE DAYS
 HEATING
  YESTERDAY        5                         9     -4        0
  MONTH TO DATE   29                       126    -97       56
  SINCE SEP 1     29                       126    -97       56
  SINCE JUL 1     47                       162   -115      114

 COOLING
  YESTERDAY        0                         1     -1        2
  MONTH TO DATE   85                        50     35      126
  SINCE SEP 1     85                        50     35      126
  SINCE JAN 1    693                       606     87      643
..................................................................


WIND (MPH)
  HIGHEST WIND SPEED    26   HIGHEST WIND DIRECTION     W (270)
  HIGHEST GUST SPEED    33   HIGHEST GUST DIRECTION     W (270)
  AVERAGE WIND SPEED    12.9


SKY COVER
  POSSIBLE SUNSHINE  MM
  AVERAGE SKY COVER 0.7


WEATHER CONDITIONS
 THE FOLLOWING WEATHER WAS RECORDED YESTERDAY.
  LIGHT RAIN
  FOG


RELATIVE HUMIDITY (PERCENT)
 HIGHEST    93          1200 AM
 LOWEST     56           200 PM
 AVERAGE    75

..........................................................


THE MASON CITY IA CLIMATE NORMALS FOR TODAY
                         NORMAL    RECORD    YEAR
 MAXIMUM TEMPERATURE (F)   69        89      1998
 MINIMUM TEMPERATURE (F)   44        25      1984


SUNRISE AND SUNSET
SEPTEMBER 26 2016.....SUNRISE   706 AM CDT   SUNSET   702 PM CDT
SEPTEMBER 27 2016.....SUNRISE   707 AM CDT   SUNSET   701 PM CDT


-  INDICATES NEGATIVE NUMBERS.
R  INDICATES RECORD WAS SET OR TIED.
MM INDICATES DATA IS MISSING.
T  INDICATES TRACE AMOUNT.

$$
