000
CDUS43 KDMX 280644 RRA
CLIMCW

CLIMATE REPORT
NATIONAL WEATHER SERVICE DES MOINES IA
139 AM CDT TUE MAR 28 2017


...................................

...THE MASON CITY IA CLIMATE SUMMARY FOR MARCH 27 2017...

CLIMATE NORMAL PERIOD 1981 TO 2010
CLIMATE RECORD PERIOD 1893 TO 2017


WEATHER ITEM   OBSERVED TIME   RECORD YEAR NORMAL DEPARTURE LAST
                VALUE   (LST)  VALUE       VALUE  FROM      YEAR
                                                  NORMAL
..................................................................
TEMPERATURE (F)
 YESTERDAY
  MAXIMUM         48    235 PM  76    1989  48      0       43
  MINIMUM         31   1159 PM   0    1964  28      3       26
  AVERAGE         40                        38      2       35

PRECIPITATION (IN)
  YESTERDAY        0.00          1.03 1961   0.09  -0.09     0.00
  MONTH TO DATE    1.07                      1.85  -0.78     2.10
  SINCE MAR 1      1.07                      1.85  -0.78     2.10
  SINCE JAN 1      5.06                      3.67   1.39     3.39

SNOWFALL (IN)
  YESTERDAY        0.0           4.0  1931   0.2   -0.2      0.0
  MONTH TO DATE   10.0                       5.4    4.6      8.2
  SINCE MAR 1     10.0                       5.4    4.6      8.2
  SINCE JUL 1     49.4                      37.9   11.5     50.9
  SNOW DEPTH       0

DEGREE DAYS
 HEATING
  YESTERDAY       25                        27     -2       30
  MONTH TO DATE  924                       889     35      710
  SINCE MAR 1    924                       889     35      710
  SINCE JUL 1   5836                      6740   -904     5809

 COOLING
  YESTERDAY        0                         0      0        0
  MONTH TO DATE    0                         0      0        0
  SINCE MAR 1      0                         0      0        0
  SINCE JAN 1      0                         0      0        0
..................................................................


WIND (MPH)
  HIGHEST WIND SPEED    13   HIGHEST WIND DIRECTION     N (350)
  HIGHEST GUST SPEED    15   HIGHEST GUST DIRECTION     N (10)
  AVERAGE WIND SPEED     5.7


SKY COVER
  POSSIBLE SUNSHINE  MM
  AVERAGE SKY COVER 0.9


WEATHER CONDITIONS
 THE FOLLOWING WEATHER WAS RECORDED YESTERDAY.
  FOG
  FOG W/VISIBILITY <= 1/4 MILE


RELATIVE HUMIDITY (PERCENT)
 HIGHEST   100           200 AM
 LOWEST     76          1200 PM
 AVERAGE    88

..........................................................


THE MASON CITY IA CLIMATE NORMALS FOR TODAY
                         NORMAL    RECORD    YEAR
 MAXIMUM TEMPERATURE (F)   49        79      1986
 MINIMUM TEMPERATURE (F)   28         2      1970


SUNRISE AND SUNSET
MARCH 28 2017.........SUNRISE   702 AM CDT   SUNSET   735 PM CDT
MARCH 29 2017.........SUNRISE   700 AM CDT   SUNSET   737 PM CDT


-  INDICATES NEGATIVE NUMBERS.
R  INDICATES RECORD WAS SET OR TIED.
MM INDICATES DATA IS MISSING.
T  INDICATES TRACE AMOUNT.




$$
