000
CDUS43 KDMX 140654 RRA
CLIMCW

CLIMATE REPORT
NATIONAL WEATHER SERVICE DES MOINES IA
1251 AM CST SAT JAN 14 2017


...................................

...THE MASON CITY IA CLIMATE SUMMARY FOR JANUARY 13 2017...

CLIMATE NORMAL PERIOD 1981 TO 2010
CLIMATE RECORD PERIOD 1893 TO 2017


WEATHER ITEM   OBSERVED TIME   RECORD YEAR NORMAL DEPARTURE LAST
                VALUE   (LST)  VALUE       VALUE  FROM      YEAR
                                                  NORMAL
..................................................................
TEMPERATURE (F)
 YESTERDAY
  MAXIMUM         11   1001 PM  51    1996  24    -13       27
  MINIMUM         -2    325 AM -26    1916   7     -9        3
  AVERAGE          5                        16    -11       15

PRECIPITATION (IN)
  YESTERDAY        T             0.58 1950   0.02  -0.02     0.00
  MONTH TO DATE    0.33                      0.34  -0.01     0.34
  SINCE DEC 1      2.49                      1.58   0.91     3.97
  SINCE JAN 1      0.33                      0.34  -0.01     0.34

SNOWFALL (IN)
  YESTERDAY        0.2          10.0  1935   0.4   -0.2      0.0
  MONTH TO DATE    0.6                       4.2   -3.6      2.5
  SINCE DEC 1     15.5                      13.5    2.0     16.5
  SINCE JUL 1     15.5                      18.2   -2.7     26.5
  SNOW DEPTH       5

DEGREE DAYS
 HEATING
  YESTERDAY       60                        49     11       50
  MONTH TO DATE  694                       637     57      641
  SINCE DEC 1   2085                      2046     39     1706
  SINCE JUL 1   3249                      3726   -477     3061

 COOLING
  YESTERDAY        0                         0      0        0
  MONTH TO DATE    0                         0      0        0
  SINCE DEC 1      0                         0      0        0
  SINCE JAN 1      0                         0      0        0
..................................................................


WIND (MPH)
  HIGHEST WIND SPEED    17   HIGHEST WIND DIRECTION     N (340)
  HIGHEST GUST SPEED    21   HIGHEST GUST DIRECTION     N (340)
  AVERAGE WIND SPEED     7.3


SKY COVER
  POSSIBLE SUNSHINE  MM
  AVERAGE SKY COVER 0.7


WEATHER CONDITIONS
 THE FOLLOWING WEATHER WAS RECORDED YESTERDAY.
  LIGHT SNOW
  FOG
  HAZE


RELATIVE HUMIDITY (PERCENT)
 HIGHEST    80           100 PM
 LOWEST     65           100 AM
 AVERAGE    73

..........................................................


THE MASON CITY IA CLIMATE NORMALS FOR TODAY
                         NORMAL    RECORD    YEAR
 MAXIMUM TEMPERATURE (F)   24        51      1914
 MINIMUM TEMPERATURE (F)    7       -22      1982


SUNRISE AND SUNSET
JANUARY 14 2017.......SUNRISE   743 AM CST   SUNSET   503 PM CST
JANUARY 15 2017.......SUNRISE   742 AM CST   SUNSET   504 PM CST


-  INDICATES NEGATIVE NUMBERS.
R  INDICATES RECORD WAS SET OR TIED.
MM INDICATES DATA IS MISSING.
T  INDICATES TRACE AMOUNT.




$$
