000
CDUS43 KDMX 240705
CLIMCW

CLIMATE REPORT
NATIONAL WEATHER SERVICE DES MOINES IA
150 AM CDT FRI JUL 24 2015

...................................

...THE MASON CITY IA CLIMATE SUMMARY FOR JULY 23 2015...

CLIMATE NORMAL PERIOD 1981 TO 2010
CLIMATE RECORD PERIOD 1893 TO 2015

WEATHER ITEM   OBSERVED TIME   RECORD YEAR NORMAL DEPARTURE LAST
                VALUE   (LST)  VALUE       VALUE  FROM      YEAR
                                                  NORMAL
..................................................................
TEMPERATURE (F)
 YESTERDAY
  MAXIMUM         84    228 PM  99    2012  83      1       81
                                      1934
  MINIMUM         55    511 AM  45    1925  61     -6       56
  AVERAGE         70                        72     -2       69

PRECIPITATION (IN)
  YESTERDAY        0.00          1.34 2001   0.16  -0.16     0.00
  MONTH TO DATE    1.54                      3.53  -1.99     0.40
  SINCE JUN 1      6.58                      8.67  -2.09     9.05
  SINCE JAN 1     17.58                     21.15  -3.57    23.09

SNOWFALL (IN)
  YESTERDAY        0.0          MM      MM   0.0    0.0      0.0
  MONTH TO DATE    0.0                       0.0    0.0      0.0
  SINCE JUN 1      0.0                       0.0    0.0      0.0
  SINCE JUL 1      0.0                       0.0    0.0      0.0
  SNOW DEPTH       0

DEGREE DAYS
 HEATING
  YESTERDAY        0                         0      0        0
  MONTH TO DATE   21                         0     21       21
  SINCE JUN 1     33                        44    -11       34
  SINCE JUL 1     21                         0     21       21

 COOLING
  YESTERDAY        5                         7     -2        4
  MONTH TO DATE  144                       163    -19       95
  SINCE JUN 1    280                       301    -21      231
  SINCE JAN 1    310                       336    -26      284
..................................................................

WIND (MPH)
  HIGHEST WIND SPEED    15   HIGHEST WIND DIRECTION     S (160)
  HIGHEST GUST SPEED    22   HIGHEST GUST DIRECTION     S (180)
  AVERAGE WIND SPEED     6.9

SKY COVER
  POSSIBLE SUNSHINE  MM
  AVERAGE SKY COVER 0.1

WEATHER CONDITIONS
 THE FOLLOWING WEATHER WAS RECORDED YESTERDAY.
  FOG
  FOG W/VISIBILITY <= 1/4 MILE

RELATIVE HUMIDITY (PERCENT)
 HIGHEST   100           200 AM
 LOWEST     55           100 PM
 AVERAGE    78
..........................................................

THE MASON CITY IA CLIMATE NORMALS FOR TODAY
                         NORMAL    RECORD    YEAR
 MAXIMUM TEMPERATURE (F)   83       104      1901
 MINIMUM TEMPERATURE (F)   61        46      1931

SUNRISE AND SUNSET
JULY 24 2015..........SUNRISE   555 AM CDT   SUNSET   844 PM CDT
JULY 25 2015..........SUNRISE   556 AM CDT   SUNSET   843 PM CDT

-  INDICATES NEGATIVE NUMBERS.
R  INDICATES RECORD WAS SET OR TIED.
MM INDICATES DATA IS MISSING.
T  INDICATES TRACE AMOUNT.

$$

FAB
