000
CDUS43 KDMX 090641 RRA
CLIMCW

CLIMATE REPORT
NATIONAL WEATHER SERVICE DES MOINES IA
141 AM CDT SUN JUL 9 2017


...................................

...THE MASON CITY IA CLIMATE SUMMARY FOR JULY 8 2017...

CLIMATE NORMAL PERIOD 1981 TO 2010
CLIMATE RECORD PERIOD 1893 TO 2017


WEATHER ITEM   OBSERVED TIME   RECORD YEAR NORMAL DEPARTURE LAST
                VALUE   (LST)  VALUE       VALUE  FROM      YEAR
                                                  NORMAL
..................................................................
TEMPERATURE (F)
 YESTERDAY
  MAXIMUM         83    544 PM 100    1936  84     -1       80
  MINIMUM         53    450 AM  39    1895  61     -8       61
  AVERAGE         68                        72     -4       71

PRECIPITATION (IN)
  YESTERDAY        0.00          2.48 1969   0.15  -0.15     0.00
  MONTH TO DATE    T                         1.23  -1.23     0.74
  SINCE JUN 1      3.36                      6.37  -3.01     7.25
  SINCE JAN 1     17.51                     18.85  -1.34    18.46

SNOWFALL (IN)
  YESTERDAY        0.0          MM      MM   0.0    0.0      0.0
  MONTH TO DATE    0.0                       0.0    0.0      0.0
  SINCE JUN 1      0.0                       0.0    0.0      0.0
  SINCE JUL 1      0.0                       0.0    0.0      0.0
  SNOW DEPTH       0

DEGREE DAYS
 HEATING
  YESTERDAY        0                         0      0        0
  MONTH TO DATE    0                         0      0       10
  SINCE JUN 1     21                        44    -23       18
  SINCE JUL 1      0                         0      0       10

 COOLING
  YESTERDAY        3                         7     -4        6
  MONTH TO DATE   66                        56     10       32
  SINCE JUN 1    247                       194     53      218
  SINCE JAN 1    272                       229     43      259
..................................................................


WIND (MPH)
  HIGHEST WIND SPEED    13   HIGHEST WIND DIRECTION     W (260)
  HIGHEST GUST SPEED    17   HIGHEST GUST DIRECTION     W (270)
  AVERAGE WIND SPEED     4.7


SKY COVER
  POSSIBLE SUNSHINE  MM
  AVERAGE SKY COVER 0.1


WEATHER CONDITIONS
 THE FOLLOWING WEATHER WAS RECORDED YESTERDAY.
  NO SIGNIFICANT WEATHER WAS OBSERVED.


RELATIVE HUMIDITY (PERCENT)
 HIGHEST    93           500 AM
 LOWEST     37           300 PM
 AVERAGE    65

..........................................................


THE MASON CITY IA CLIMATE NORMALS FOR TODAY
                         NORMAL    RECORD    YEAR
 MAXIMUM TEMPERATURE (F)   84       102      1976
 MINIMUM TEMPERATURE (F)   61        43      1895


SUNRISE AND SUNSET
JULY  9 2017..........SUNRISE   543 AM CDT   SUNSET   854 PM CDT
JULY 10 2017..........SUNRISE   543 AM CDT   SUNSET   854 PM CDT


-  INDICATES NEGATIVE NUMBERS.
R  INDICATES RECORD WAS SET OR TIED.
MM INDICATES DATA IS MISSING.
T  INDICATES TRACE AMOUNT.




$$
