000
CDUS43 KDMX 180742
CLIMCW

CLIMATE REPORT
NATIONAL WEATHER SERVICE DES MOINES IA
235 AM CDT SAT OCT 18 2014

...................................

...THE MASON CITY IA CLIMATE SUMMARY FOR OCTOBER 17 2014...

CLIMATE NORMAL PERIOD 1981 TO 2010
CLIMATE RECORD PERIOD 1893 TO 2014

WEATHER ITEM   OBSERVED TIME   RECORD YEAR NORMAL DEPARTURE LAST
                VALUE   (LST)  VALUE       VALUE  FROM      YEAR
                                                  NORMAL
..................................................................
TEMPERATURE (F)
 YESTERDAY
  MAXIMUM         54    220 AM  85    1947  60     -6       58
  MINIMUM         40   1159 PM  18    1952  36      4       31
  AVERAGE         47                        48     -1       45

PRECIPITATION (IN)
  YESTERDAY        0.00          1.23 1994   0.08  -0.08      T
  MONTH TO DATE    1.79                      1.46   0.33     1.82
  SINCE SEP 1      4.38                      4.73  -0.35     2.97
  SINCE JAN 1     33.03                     31.09   1.94    36.35

SNOWFALL (IN)
  YESTERDAY        0.0           0.3  1990   0.0    0.0      0.0
  MONTH TO DATE    0.0                       0.1   -0.1      0.0
  SINCE SEP 1      0.0                       0.1   -0.1      0.0
  SINCE JUL 1      0.0                       0.1   -0.1      0.0
  SNOW DEPTH       0

DEGREE DAYS
 HEATING
  YESTERDAY       18                        17      1       20
  MONTH TO DATE  280                       243     37      169
  SINCE SEP 1    454                       420     34      289
  SINCE JUL 1    475                       456     19      327

 COOLING
  YESTERDAY        0                         0      0        0
  MONTH TO DATE    0                         2     -2        6
  SINCE SEP 1     33                        56    -23      126
  SINCE JAN 1    544                       612    -68      718
..................................................................

WIND (MPH)
  HIGHEST WIND SPEED    30   HIGHEST WIND DIRECTION    NW (320)
  HIGHEST GUST SPEED    40   HIGHEST GUST DIRECTION    NW (310)
  AVERAGE WIND SPEED    19.1

SKY COVER
  POSSIBLE SUNSHINE  MM
  AVERAGE SKY COVER 0.8

WEATHER CONDITIONS
 THE FOLLOWING WEATHER WAS RECORDED YESTERDAY.
  NO SIGNIFICANT WEATHER WAS OBSERVED.

RELATIVE HUMIDITY (PERCENT)
 HIGHEST    89          1100 PM
 LOWEST     71           400 AM
 AVERAGE    80
..........................................................

THE MASON CITY IA CLIMATE NORMALS FOR TODAY
                         NORMAL    RECORD    YEAR
 MAXIMUM TEMPERATURE (F)   59        85      1920
 MINIMUM TEMPERATURE (F)   36        16      1896

SUNRISE AND SUNSET
OCTOBER 18 2014.......SUNRISE   731 AM CDT   SUNSET   626 PM CDT
OCTOBER 19 2014.......SUNRISE   732 AM CDT   SUNSET   624 PM CDT

-  INDICATES NEGATIVE NUMBERS.
R  INDICATES RECORD WAS SET OR TIED.
MM INDICATES DATA IS MISSING.
T  INDICATES TRACE AMOUNT.

$$

FAB
