000
CDUS43 KDMX 240655
CLIMCW

CLIMATE REPORT
NATIONAL WEATHER SERVICE DES MOINES IA
1254 AM CST TUE FEB 24 2015

...................................

...THE MASON CITY IA CLIMATE SUMMARY FOR FEBRUARY 23 2015...

CLIMATE NORMAL PERIOD 1981 TO 2010
CLIMATE RECORD PERIOD 1893 TO 2015


WEATHER ITEM   OBSERVED TIME   RECORD YEAR NORMAL DEPARTURE LAST
                VALUE   (LST)  VALUE       VALUE  FROM      YEAR
                                                  NORMAL
..................................................................
TEMPERATURE (F)
 YESTERDAY
  MAXIMUM         16   1117 PM  57    2002  32    -16       15
                                      2000
  MINIMUM        -11    703 AM -14    1910  15    -26       -3
  AVERAGE          3                        24    -21        6

PRECIPITATION (IN)
  YESTERDAY        0.00          0.69 1977   0.04  -0.04     0.00
  MONTH TO DATE    0.17                      0.78  -0.61     2.06
  SINCE DEC 1      2.20                      2.84  -0.64     4.06
  SINCE JAN 1      1.10                      1.60  -0.50     2.89

SNOWFALL (IN)
  YESTERDAY        0.0           6.5  1959   0.2   -0.2      0.0
  MONTH TO DATE    7.6                       6.5    1.1     18.4
  SINCE DEC 1     23.0                      26.6   -3.6     42.5
  SINCE JUL 1     31.0                      31.3   -0.3     44.0
  SNOW DEPTH       6

DEGREE DAYS
 HEATING
  YESTERDAY       62                        41     21       59
  MONTH TO DATE 1223                      1039    184     1262
  SINCE DEC 1   3863                      3970   -107     4568
  SINCE JUL 1   5762                      5650    112     6232

 COOLING
  YESTERDAY        0                         0      0        0
  MONTH TO DATE    0                         0      0        0
  SINCE DEC 1      0                         0      0        0
  SINCE JAN 1      0                         0      0        0
..................................................................


WIND (MPH)
  HIGHEST WIND SPEED    30   HIGHEST WIND DIRECTION    SW (220)
  HIGHEST GUST SPEED    38   HIGHEST GUST DIRECTION    SW (220)
  AVERAGE WIND SPEED    14.0


SKY COVER
  POSSIBLE SUNSHINE  MM
  AVERAGE SKY COVER 0.0


WEATHER CONDITIONS
 THE FOLLOWING WEATHER WAS RECORDED YESTERDAY.
  NO SIGNIFICANT WEATHER WAS OBSERVED.


RELATIVE HUMIDITY (PERCENT)
 HIGHEST    79           500 AM
 LOWEST     51           300 PM
 AVERAGE    65

..........................................................


THE MASON CITY IA CLIMATE NORMALS FOR TODAY
                         NORMAL    RECORD    YEAR
 MAXIMUM TEMPERATURE (F)   33        58      1918
 MINIMUM TEMPERATURE (F)   16       -20      1913


SUNRISE AND SUNSET
FEBRUARY 24 2015......SUNRISE   658 AM CST   SUNSET   556 PM CST
FEBRUARY 25 2015......SUNRISE   656 AM CST   SUNSET   557 PM CST


-  INDICATES NEGATIVE NUMBERS.
R  INDICATES RECORD WAS SET OR TIED.
MM INDICATES DATA IS MISSING.
T  INDICATES TRACE AMOUNT.

$$

SMALL
