000
CDUS43 KDMX 160740
CLIMCW

CLIMATE REPORT
NATIONAL WEATHER SERVICE DES MOINES IA
227 AM CDT THU OCT 16 2014

...................................

...THE MASON CITY IA CLIMATE SUMMARY FOR OCTOBER 15 2014...

CLIMATE NORMAL PERIOD 1981 TO 2010
CLIMATE RECORD PERIOD 1893 TO 2014

WEATHER ITEM   OBSERVED TIME   RECORD YEAR NORMAL DEPARTURE LAST
                VALUE   (LST)  VALUE       VALUE  FROM      YEAR
                                                  NORMAL
..................................................................
TEMPERATURE (F)
 YESTERDAY
  MAXIMUM         67    306 PM  86    1963  61      6       54
  MINIMUM         34   1153 PM  16    1937  37     -3       46
  AVERAGE         51                        49      2       50

PRECIPITATION (IN)
  YESTERDAY        0.00          1.20 1969   0.08  -0.08     0.22
  MONTH TO DATE    1.79                      1.31   0.48     1.81
  SINCE SEP 1      4.38                      4.58  -0.20     2.96
  SINCE JAN 1     33.03                     30.94   2.09    36.34

SNOWFALL (IN)
  YESTERDAY        0.0           0.0  2002   0.1   -0.1      0.0
  MONTH TO DATE    0.0                       0.1   -0.1      0.0
  SINCE SEP 1      0.0                       0.1   -0.1      0.0
  SINCE JUL 1      0.0                       0.1   -0.1      0.0
  SNOW DEPTH       0

DEGREE DAYS
 HEATING
  YESTERDAY       14                        16     -2       15
  MONTH TO DATE  249                       209     40      124
  SINCE SEP 1    423                       386     37      244
  SINCE JUL 1    444                       422     22      282

 COOLING
  YESTERDAY        0                         0      0        0
  MONTH TO DATE    0                         2     -2        6
  SINCE SEP 1     33                        56    -23      126
  SINCE JAN 1    544                       612    -68      718
..................................................................

WIND (MPH)
  HIGHEST WIND SPEED    24   HIGHEST WIND DIRECTION     N (360)
  HIGHEST GUST SPEED    30   HIGHEST GUST DIRECTION     N (360)
  AVERAGE WIND SPEED     9.2

SKY COVER
  POSSIBLE SUNSHINE  MM
  AVERAGE SKY COVER 0.0

WEATHER CONDITIONS
 THE FOLLOWING WEATHER WAS RECORDED YESTERDAY.
  FOG

RELATIVE HUMIDITY (PERCENT)
 HIGHEST    92          1000 PM
 LOWEST     28           200 PM
 AVERAGE    60
..........................................................

THE MASON CITY IA CLIMATE NORMALS FOR TODAY
                         NORMAL    RECORD    YEAR
 MAXIMUM TEMPERATURE (F)   60        85      1938
 MINIMUM TEMPERATURE (F)   37        22      1943

SUNRISE AND SUNSET
OCTOBER 16 2014.......SUNRISE   728 AM CDT   SUNSET   629 PM CDT
OCTOBER 17 2014.......SUNRISE   729 AM CDT   SUNSET   627 PM CDT

-  INDICATES NEGATIVE NUMBERS.
R  INDICATES RECORD WAS SET OR TIED.
MM INDICATES DATA IS MISSING.
T  INDICATES TRACE AMOUNT.

$$

FAB
