000
CDUS43 KDMX 140634 RRA
CLIMCW

CLIMATE REPORT
NATIONAL WEATHER SERVICE DES MOINES IA
130 AM CDT SUN AUG 14 2016

...................................

...THE MASON CITY IA CLIMATE SUMMARY FOR AUGUST 13 2016...

CLIMATE NORMAL PERIOD 1981 TO 2010
CLIMATE RECORD PERIOD 1893 TO 2016


WEATHER ITEM   OBSERVED TIME   RECORD YEAR NORMAL DEPARTURE LAST
                VALUE   (LST)  VALUE       VALUE  FROM      YEAR
                                                  NORMAL
..................................................................
TEMPERATURE (F)
 YESTERDAY
  MAXIMUM         81    354 PM 101    1965  81      0       85
  MINIMUM         61    554 AM  40    1897  59      2       63
  AVERAGE         71                        70      1       74

PRECIPITATION (IN)
  YESTERDAY        T             2.49 1936   0.13  -0.13     0.00
  MONTH TO DATE    2.58                      1.75   0.83     0.25
  SINCE JUN 1     15.98                     11.59   4.39    11.92
  SINCE JAN 1     27.20                     24.07   3.13    22.92

SNOWFALL (IN)
  YESTERDAY        0.0          MM      MM   0.0    0.0      0.0
  MONTH TO DATE    0.0                       0.0    0.0      0.0
  SINCE JUN 1      0.0                       0.0    0.0      0.0
  SINCE JUL 1      0.0                       0.0    0.0      0.0
  SNOW DEPTH       0

DEGREE DAYS
 HEATING
  YESTERDAY        0                         1     -1        0
  MONTH TO DATE    0                         8     -8        0
  SINCE JUN 1     18                        61    -43       33
  SINCE JUL 1     10                        17     -7       21

 COOLING
  YESTERDAY        6                         6      0        9
  MONTH TO DATE   92                        78     14       75
  SINCE JUN 1    495                       437     58      428
  SINCE JAN 1    536                       472     64      458
..................................................................


WIND (MPH)
  HIGHEST WIND SPEED    21   HIGHEST WIND DIRECTION     N (350)
  HIGHEST GUST SPEED    27   HIGHEST GUST DIRECTION     N (340)
  AVERAGE WIND SPEED     7.3


SKY COVER
  POSSIBLE SUNSHINE  MM
  AVERAGE SKY COVER 0.2


WEATHER CONDITIONS
 THE FOLLOWING WEATHER WAS RECORDED YESTERDAY.
  NO SIGNIFICANT WEATHER WAS OBSERVED.


RELATIVE HUMIDITY (PERCENT)
 HIGHEST   100          1200 AM
 LOWEST     58          1200 PM
 AVERAGE    79

..........................................................


THE MASON CITY IA CLIMATE NORMALS FOR TODAY
                         NORMAL    RECORD    YEAR
 MAXIMUM TEMPERATURE (F)   81        97      1965
 MINIMUM TEMPERATURE (F)   59        39      1964


SUNRISE AND SUNSET
AUGUST 14 2016........SUNRISE   618 AM CDT   SUNSET   817 PM CDT
AUGUST 15 2016........SUNRISE   619 AM CDT   SUNSET   815 PM CDT


-  INDICATES NEGATIVE NUMBERS.
R  INDICATES RECORD WAS SET OR TIED.
MM INDICATES DATA IS MISSING.
T  INDICATES TRACE AMOUNT.

$$

REV
