000
CDUS43 KDMX 200658 RRB
CLIMCW

CLIMATE REPORT
NATIONAL WEATHER SERVICE DES MOINES IA
1255 AM CST THU NOV 20 2014


...................................

...THE MASON CITY IA CLIMATE SUMMARY FOR NOVEMBER 19 2014...

CLIMATE NORMAL PERIOD 1981 TO 2010
CLIMATE RECORD PERIOD 1893 TO 2014


WEATHER ITEM   OBSERVED TIME   RECORD YEAR NORMAL DEPARTURE LAST
                VALUE   (LST)  VALUE       VALUE  FROM      YEAR
                                                  NORMAL
..................................................................
TEMPERATURE (F)
 YESTERDAY
  MAXIMUM         25    211 PM  67    1930  41    -16       46
  MINIMUM         14   1159 PM  -4    1894  23     -9       20
  AVERAGE         20                        32    -12       33

PRECIPITATION (IN)
  YESTERDAY        T             1.39 1948   0.07  -0.07     0.00
  MONTH TO DATE    0.13                      1.26  -1.13     1.40
  SINCE SEP 1      4.89                      6.98  -2.09     4.41
  SINCE JAN 1     33.54                     33.34   0.20    37.79

SNOWFALL (IN)
  YESTERDAY        T             5.2  1970   0.2   -0.2      0.0
  MONTH TO DATE    3.7                       1.9    1.8      1.0
  SINCE SEP 1      3.7                       2.3    1.4      1.0
  SINCE JUL 1      3.7                       2.3    1.4      1.0
  SNOW DEPTH       3

DEGREE DAYS
 HEATING
  YESTERDAY       45                        33     12       32
  MONTH TO DATE  698                       535    163      546
  SINCE SEP 1   1402                      1237    165     1166
  SINCE JUL 1   1423                      1273    150     1204

 COOLING
  YESTERDAY        0                         0      0        0
  MONTH TO DATE    0                         0      0        0
  SINCE SEP 1     33                        60    -27      126
  SINCE JAN 1    544                       616    -72      718
..................................................................


WIND (MPH)
  HIGHEST WIND SPEED    33   HIGHEST WIND DIRECTION    NW (310)
  HIGHEST GUST SPEED    42   HIGHEST GUST DIRECTION    NW (310)
  AVERAGE WIND SPEED    19.2


SKY COVER
  POSSIBLE SUNSHINE  MM
  AVERAGE SKY COVER 0.7


WEATHER CONDITIONS
 THE FOLLOWING WEATHER WAS RECORDED YESTERDAY.
  LIGHT SNOW
  FOG
  BLOWING SNOW


RELATIVE HUMIDITY (PERCENT)
 HIGHEST    84           700 AM
 LOWEST     65           100 PM
 AVERAGE    75

..........................................................


THE MASON CITY IA CLIMATE NORMALS FOR TODAY
                         NORMAL    RECORD    YEAR
 MAXIMUM TEMPERATURE (F)   40        72      1897
 MINIMUM TEMPERATURE (F)   22         1      1985


SUNRISE AND SUNSET
NOVEMBER 20 2014......SUNRISE   712 AM CST   SUNSET   445 PM CST
NOVEMBER 21 2014......SUNRISE   714 AM CST   SUNSET   444 PM CST


-  INDICATES NEGATIVE NUMBERS.
R  INDICATES RECORD WAS SET OR TIED.
MM INDICATES DATA IS MISSING.
T  INDICATES TRACE AMOUNT.




$$
