000
CDUS43 KDMX 270643 RRA
CLIMCW

CLIMATE REPORT
NATIONAL WEATHER SERVICE DES MOINES IA
143 AM CDT THU AUG 27 2015

...................................

...THE MASON CITY IA CLIMATE SUMMARY FOR AUGUST 26 2015...

CLIMATE NORMAL PERIOD 1981 TO 2010
CLIMATE RECORD PERIOD 1893 TO 2015


WEATHER ITEM   OBSERVED TIME   RECORD YEAR NORMAL DEPARTURE LAST
                VALUE   (LST)  VALUE       VALUE  FROM      YEAR
                                                  NORMAL
..................................................................
TEMPERATURE (F)
 YESTERDAY
  MAXIMUM         76    233 PM  96    1955  80     -4       76
  MINIMUM         45    541 AM  38    1934  57    -12       58
  AVERAGE         61                        68     -7       67

PRECIPITATION (IN)
  YESTERDAY        0.00          1.74 2004   0.12  -0.12     0.02
  MONTH TO DATE    3.21                      3.41  -0.20     2.97
  SINCE JUN 1     14.88                     13.25   1.63    12.52
  SINCE JAN 1     25.88                     25.73   0.15    26.56

SNOWFALL (IN)
  YESTERDAY        0.0          MM      MM   0.0    0.0      0.0
  MONTH TO DATE    0.0                       0.0    0.0      0.0
  SINCE JUN 1      0.0                       0.0    0.0      0.0
  SINCE JUL 1      0.0                       0.0    0.0      0.0
  SNOW DEPTH       0

DEGREE DAYS
 HEATING
  YESTERDAY        4                         1      3        0
  MONTH TO DATE   27                        21      6        0
  SINCE JUN 1     60                        74    -14       34
  SINCE JUL 1     48                        30     18       21

 COOLING
  YESTERDAY        0                         4     -4        2
  MONTH TO DATE  125                       142    -17      178
  SINCE JUN 1    478                       501    -23      434
  SINCE JAN 1    508                       536    -28      487
..................................................................


WIND (MPH)
  HIGHEST WIND SPEED     8   HIGHEST WIND DIRECTION     W (280)
  HIGHEST GUST SPEED     9   HIGHEST GUST DIRECTION    SE (120)
  AVERAGE WIND SPEED     3.2


SKY COVER
  POSSIBLE SUNSHINE  MM
  AVERAGE SKY COVER 0.0


WEATHER CONDITIONS
 THE FOLLOWING WEATHER WAS RECORDED YESTERDAY.
  HAZE


RELATIVE HUMIDITY (PERCENT)
 HIGHEST    96          1100 PM
 LOWEST     38           100 PM
 AVERAGE    67

..........................................................


THE MASON CITY IA CLIMATE NORMALS FOR TODAY
                         NORMAL    RECORD    YEAR
 MAXIMUM TEMPERATURE (F)   79        98      1984
 MINIMUM TEMPERATURE (F)   56        39      1896


SUNRISE AND SUNSET
AUGUST 27 2015........SUNRISE   632 AM CDT   SUNSET   757 PM CDT
AUGUST 28 2015........SUNRISE   633 AM CDT   SUNSET   755 PM CDT


-  INDICATES NEGATIVE NUMBERS.
R  INDICATES RECORD WAS SET OR TIED.
MM INDICATES DATA IS MISSING.
T  INDICATES TRACE AMOUNT.

$$

SMALL
