000
CDUS43 KDMX 180635 RRA
CLIMCW

CLIMATE REPORT
NATIONAL WEATHER SERVICE DES MOINES IA
133 AM CDT WED MAY 18 2016

...................................

...THE MASON CITY IA CLIMATE SUMMARY FOR MAY 17 2016...

CLIMATE NORMAL PERIOD 1981 TO 2010
CLIMATE RECORD PERIOD 1893 TO 2016


WEATHER ITEM   OBSERVED TIME   RECORD YEAR NORMAL DEPARTURE LAST
                VALUE   (LST)  VALUE       VALUE  FROM      YEAR
                                                  NORMAL
..................................................................
TEMPERATURE (F)
 YESTERDAY
  MAXIMUM         66    255 PM  94    1934  70     -4       75
  MINIMUM         43   1133 PM  28    1930  47     -4       51
  AVERAGE         55                        59     -4       63

PRECIPITATION (IN)
  YESTERDAY        0.00          1.45 1921   0.15  -0.15     0.05
  MONTH TO DATE    1.26                      2.50  -1.24     2.44
  SINCE MAR 1      6.29                      8.48  -2.19     8.04
  SINCE JAN 1      7.53                     10.30  -2.77    10.11

SNOWFALL (IN)
  YESTERDAY        0.0          MM      MM   0.0    0.0      0.0
  MONTH TO DATE    0.0                       0.1   -0.1      0.0
  SINCE MAR 1      9.0                       8.8    0.2      4.2
  SINCE JUL 1     50.9                      41.3    9.6     40.0
  SNOW DEPTH       0

DEGREE DAYS
 HEATING
  YESTERDAY       10                         7      3        2
  MONTH TO DATE  197                       161     36      108
  SINCE MAR 1   1497                      1710   -213     1523
  SINCE JUL 1   6596                      7561   -965     7586

 COOLING
  YESTERDAY        0                         1     -1        0
  MONTH TO DATE    5                         9     -4       16
  SINCE MAR 1      9                        14     -5       16
  SINCE JAN 1      9                        14     -5       16
..................................................................


WIND (MPH)
  HIGHEST WIND SPEED    20   HIGHEST WIND DIRECTION     N (10)
  HIGHEST GUST SPEED    24   HIGHEST GUST DIRECTION    NE (60)
  AVERAGE WIND SPEED    10.4


SKY COVER
  POSSIBLE SUNSHINE  MM
  AVERAGE SKY COVER 0.2


WEATHER CONDITIONS
 THE FOLLOWING WEATHER WAS RECORDED YESTERDAY.
  NO SIGNIFICANT WEATHER WAS OBSERVED.


RELATIVE HUMIDITY (PERCENT)
 HIGHEST    93           100 AM
 LOWEST     30           400 PM
 AVERAGE    62

..........................................................


THE MASON CITY IA CLIMATE NORMALS FOR TODAY
                         NORMAL    RECORD    YEAR
 MAXIMUM TEMPERATURE (F)   71        97      1934
 MINIMUM TEMPERATURE (F)   48        31      2002


SUNRISE AND SUNSET
MAY 18 2016...........SUNRISE   546 AM CDT   SUNSET   834 PM CDT
MAY 19 2016...........SUNRISE   545 AM CDT   SUNSET   835 PM CDT


-  INDICATES NEGATIVE NUMBERS.
R  INDICATES RECORD WAS SET OR TIED.
MM INDICATES DATA IS MISSING.
T  INDICATES TRACE AMOUNT.

$$

REV
