000
CDUS43 KDMX 190635
CLIMCW

CLIMATE REPORT
NATIONAL WEATHER SERVICE DES MOINES IA
133 AM CDT WED APR 19 2017


...................................

...THE MASON CITY IA CLIMATE SUMMARY FOR APRIL 18 2017...

CLIMATE NORMAL PERIOD 1981 TO 2010
CLIMATE RECORD PERIOD 1893 TO 2017


WEATHER ITEM   OBSERVED TIME   RECORD YEAR NORMAL DEPARTURE LAST
                VALUE   (LST)  VALUE       VALUE  FROM      YEAR
                                                  NORMAL
..................................................................
TEMPERATURE (F)
 YESTERDAY
  MAXIMUM         67    601 PM  93    1985  60      7       80
  MINIMUM         48   1159 PM  18    1953  36     12       54
  AVERAGE         58                        48     10       67

PRECIPITATION (IN)
  YESTERDAY        0.14          1.24 1978   0.13   0.01      T
  MONTH TO DATE    2.20                      2.11   0.09     0.12
  SINCE MAR 1      4.11                      4.34  -0.23     3.34
  SINCE JAN 1      8.10                      6.16   1.94     4.63

SNOWFALL (IN)
  YESTERDAY        0.0           2.0  1939   0.1   -0.1      0.0
  MONTH TO DATE    0.0                       2.1   -2.1       T
  SINCE MAR 1      8.5                       8.1    0.4      8.2
  SINCE JUL 1     47.9                      40.6    7.3     50.9
  SNOW DEPTH       0

DEGREE DAYS
 HEATING
  YESTERDAY        7                        17    -10        0
  MONTH TO DATE  252                       380   -128      348
  SINCE MAR 1   1270                      1374   -104     1139
  SINCE JUL 1   6182                      7225  -1043     6238

 COOLING
  YESTERDAY        0                         0      0        2
  MONTH TO DATE    0                         0      0        3
  SINCE MAR 1      0                         0      0        3
  SINCE JAN 1      0                         0      0        3
..................................................................


WIND (MPH)
  HIGHEST WIND SPEED    26   HIGHEST WIND DIRECTION    SW (210)
  HIGHEST GUST SPEED    33   HIGHEST GUST DIRECTION    SW (210)
  AVERAGE WIND SPEED    14.2


SKY COVER
  POSSIBLE SUNSHINE  MM
  AVERAGE SKY COVER 0.4


WEATHER CONDITIONS
 THE FOLLOWING WEATHER WAS RECORDED YESTERDAY.
  RAIN
  LIGHT RAIN
  FOG


RELATIVE HUMIDITY (PERCENT)
 HIGHEST    93           300 PM
 LOWEST     59          1200 AM
 AVERAGE    76

..........................................................


THE MASON CITY IA CLIMATE NORMALS FOR TODAY
                         NORMAL    RECORD    YEAR
 MAXIMUM TEMPERATURE (F)   60        87      1985
 MINIMUM TEMPERATURE (F)   36        18      1988


SUNRISE AND SUNSET
APRIL 19 2017.........SUNRISE   624 AM CDT   SUNSET   801 PM CDT
APRIL 20 2017.........SUNRISE   623 AM CDT   SUNSET   802 PM CDT


-  INDICATES NEGATIVE NUMBERS.
R  INDICATES RECORD WAS SET OR TIED.
MM INDICATES DATA IS MISSING.
T  INDICATES TRACE AMOUNT.




$$
