000
CDUS43 KDMX 270655
CLIMCW

CLIMATE REPORT
NATIONAL WEATHER SERVICE DES MOINES IA
152 AM CDT MON JUL 27 2015

...................................

...THE MASON CITY IA CLIMATE SUMMARY FOR JULY 26 2015...

CLIMATE NORMAL PERIOD 1981 TO 2010
CLIMATE RECORD PERIOD 1893 TO 2015

WEATHER ITEM   OBSERVED TIME   RECORD YEAR NORMAL DEPARTURE LAST
                VALUE   (LST)  VALUE       VALUE  FROM      YEAR
                                                  NORMAL
..................................................................
TEMPERATURE (F)
 YESTERDAY
  MAXIMUM         82    325 PM 103    1936  82      0       83
  MINIMUM         68    536 AM  42    1911  60      8       68
  AVERAGE         75                        71      4       76

PRECIPITATION (IN)
  YESTERDAY        0.44          2.26 2007   0.15   0.29      T
  MONTH TO DATE    6.11                      3.98   2.13     0.90
  SINCE JUN 1     11.15                      9.12   2.03     9.55
  SINCE JAN 1     22.15                     21.60   0.55    23.59

SNOWFALL (IN)
  YESTERDAY        0.0          MM      MM   0.0    0.0      0.0
  MONTH TO DATE    0.0                       0.0    0.0      0.0
  SINCE JUN 1      0.0                       0.0    0.0      0.0
  SINCE JUL 1      0.0                       0.0    0.0      0.0
  SNOW DEPTH       0

DEGREE DAYS
 HEATING
  YESTERDAY        0                         0      0        0
  MONTH TO DATE   21                         0     21       21
  SINCE JUN 1     33                        44    -11       34
  SINCE JUL 1     21                         0     21       21

 COOLING
  YESTERDAY       10                         7      3       11
  MONTH TO DATE  177                       184     -7      114
  SINCE JUN 1    313                       322     -9      250
  SINCE JAN 1    343                       357    -14      303
..................................................................

WIND (MPH)
  HIGHEST WIND SPEED    17   HIGHEST WIND DIRECTION     W (270)
  HIGHEST GUST SPEED    22   HIGHEST GUST DIRECTION     W (280)
  AVERAGE WIND SPEED     7.4

SKY COVER
  POSSIBLE SUNSHINE  MM
  AVERAGE SKY COVER 0.4

WEATHER CONDITIONS
 THE FOLLOWING WEATHER WAS RECORDED YESTERDAY.
  THUNDERSTORM
  HEAVY RAIN
  RAIN
  LIGHT RAIN
  FOG
  HAZE

RELATIVE HUMIDITY (PERCENT)
 HIGHEST   100          1200 AM
 LOWEST     79           200 PM
 AVERAGE    90
..........................................................

THE MASON CITY IA CLIMATE NORMALS FOR TODAY
                         NORMAL    RECORD    YEAR
 MAXIMUM TEMPERATURE (F)   82       100      1916
 MINIMUM TEMPERATURE (F)   60        47      1971

SUNRISE AND SUNSET
JULY 27 2015..........SUNRISE   558 AM CDT   SUNSET   841 PM CDT
JULY 28 2015..........SUNRISE   559 AM CDT   SUNSET   840 PM CDT

-  INDICATES NEGATIVE NUMBERS.
R  INDICATES RECORD WAS SET OR TIED.
MM INDICATES DATA IS MISSING.
T  INDICATES TRACE AMOUNT.

$$

FAB
