000
CDUS43 KDMX 260629 RRB
CLIMCW

CLIMATE REPORT
NATIONAL WEATHER SERVICE DES MOINES IA
127 AM CDT TUE AUG 26 2014


...................................

...THE MASON CITY IA CLIMATE SUMMARY FOR AUGUST 25 2014...

CLIMATE NORMAL PERIOD 1981 TO 2010
CLIMATE RECORD PERIOD 1893 TO 2014


WEATHER ITEM   OBSERVED TIME   RECORD YEAR NORMAL DEPARTURE LAST
                VALUE   (LST)  VALUE       VALUE  FROM      YEAR
                                                  NORMAL
..................................................................
TEMPERATURE (F)
 YESTERDAY
  MAXIMUM         84    311 PM  96    1948  80      4       90
  MINIMUM         65    626 AM  35    1915  57      8       71
  AVERAGE         75                        68      7       81

PRECIPITATION (IN)
  YESTERDAY        0.18          1.98 1972   0.12   0.06     0.00
  MONTH TO DATE    2.95                      3.29  -0.34     2.26
  SINCE JUN 1     12.49                     13.13  -0.64    11.94
  SINCE JAN 1     26.53                     25.61   0.92    33.38

SNOWFALL (IN)
  YESTERDAY        0.0          MM      MM   0.0    0.0      0.0
  MONTH TO DATE    0.0                       0.0    0.0      0.0
  SINCE JUN 1      0.0                       0.0    0.0      0.0
  SINCE JUL 1      0.0                       0.0    0.0      0.0
  SNOW DEPTH       0

DEGREE DAYS
 HEATING
  YESTERDAY        0                         1     -1        0
  MONTH TO DATE    0                        20    -20       18
  SINCE JUN 1     34                        73    -39       91
  SINCE JUL 1     21                        29     -8       38

 COOLING
  YESTERDAY       10                         4      6       16
  MONTH TO DATE  176                       138     38       93
  SINCE JUN 1    432                       497    -65      464
  SINCE JAN 1    485                       532    -47      501
..................................................................


WIND (MPH)
  HIGHEST WIND SPEED    21   HIGHEST WIND DIRECTION     W (270)
  HIGHEST GUST SPEED    28   HIGHEST GUST DIRECTION     W (260)
  AVERAGE WIND SPEED     7.7


SKY COVER
  POSSIBLE SUNSHINE  MM
  AVERAGE SKY COVER 0.1


WEATHER CONDITIONS
 THE FOLLOWING WEATHER WAS RECORDED YESTERDAY.
  THUNDERSTORM
  RAIN
  LIGHT RAIN
  FOG


RELATIVE HUMIDITY (PERCENT)
 HIGHEST   100           600 AM
 LOWEST     47           400 PM
 AVERAGE    74

..........................................................


THE MASON CITY IA CLIMATE NORMALS FOR TODAY
                         NORMAL    RECORD    YEAR
 MAXIMUM TEMPERATURE (F)   80        96      1955
 MINIMUM TEMPERATURE (F)   57        38      1934


SUNRISE AND SUNSET
AUGUST 26 2014........SUNRISE   631 AM CDT   SUNSET   758 PM CDT
AUGUST 27 2014........SUNRISE   632 AM CDT   SUNSET   757 PM CDT


-  INDICATES NEGATIVE NUMBERS.
R  INDICATES RECORD WAS SET OR TIED.
MM INDICATES DATA IS MISSING.
T  INDICATES TRACE AMOUNT.




$$
