755
CDUS43 KDMX 120635
CLIMCW

CLIMATE REPORT
NATIONAL WEATHER SERVICE DES MOINES IA
1231 AM CST THU JAN 12 2017


...................................

...THE MASON CITY IA CLIMATE SUMMARY FOR JANUARY 11 2017...

CLIMATE NORMAL PERIOD 1981 TO 2010
CLIMATE RECORD PERIOD 1893 TO 2017


WEATHER ITEM   OBSERVED TIME   RECORD YEAR NORMAL DEPARTURE LAST
                VALUE   (LST)  VALUE       VALUE  FROM      YEAR
                                                  NORMAL
..................................................................
TEMPERATURE (F)
 YESTERDAY
  MAXIMUM         18    656 AM  48    2004  24     -6       17
  MINIMUM          7   1159 PM -24    1977   7      0      -13
  AVERAGE         13                        16     -3        2

PRECIPITATION (IN)
  YESTERDAY        0.01          0.60 1905   0.02  -0.01     0.05
  MONTH TO DATE    0.33                      0.29   0.04     0.34
  SINCE DEC 1      2.49                      1.53   0.96     3.97
  SINCE JAN 1      0.33                      0.29   0.04     0.34

SNOWFALL (IN)
  YESTERDAY        0.3           6.0  1905   0.4   -0.1      0.7
  MONTH TO DATE    0.4                       3.5   -3.1      2.5
  SINCE DEC 1     15.3                      12.8    2.5     16.5
  SINCE JUL 1     15.3                      17.5   -2.2     26.5
  SNOW DEPTH       5

DEGREE DAYS
 HEATING
  YESTERDAY       52                        49      3       63
  MONTH TO DATE  579                       539     40      525
  SINCE DEC 1   1970                      1948     22     1590
  SINCE JUL 1   3134                      3628   -494     2945

 COOLING
  YESTERDAY        0                         0      0        0
  MONTH TO DATE    0                         0      0        0
  SINCE DEC 1      0                         0      0        0
  SINCE JAN 1      0                         0      0        0
..................................................................


WIND (MPH)
  HIGHEST WIND SPEED    29   HIGHEST WIND DIRECTION     N (360)
  HIGHEST GUST SPEED    34   HIGHEST GUST DIRECTION     N (360)
  AVERAGE WIND SPEED    13.9


SKY COVER
  POSSIBLE SUNSHINE  MM
  AVERAGE SKY COVER 0.5


WEATHER CONDITIONS
 THE FOLLOWING WEATHER WAS RECORDED YESTERDAY.
  LIGHT SNOW
  FOG
  HAZE


RELATIVE HUMIDITY (PERCENT)
 HIGHEST    92           700 AM
 LOWEST     67           300 PM
 AVERAGE    80

..........................................................


THE MASON CITY IA CLIMATE NORMALS FOR TODAY
                         NORMAL    RECORD    YEAR
 MAXIMUM TEMPERATURE (F)   24        48      1987
 MINIMUM TEMPERATURE (F)    7       -33      1912


SUNRISE AND SUNSET
JANUARY 12 2017.......SUNRISE   743 AM CST   SUNSET   501 PM CST
JANUARY 13 2017.......SUNRISE   743 AM CST   SUNSET   502 PM CST


-  INDICATES NEGATIVE NUMBERS.
R  INDICATES RECORD WAS SET OR TIED.
MM INDICATES DATA IS MISSING.
T  INDICATES TRACE AMOUNT.




$$
