000
CDUS43 KDMX 180634 RRA
CLIMCW

CLIMATE REPORT
NATIONAL WEATHER SERVICE DES MOINES IA
129 AM CDT SAT MAR 18 2017

...................................

...THE MASON CITY IA CLIMATE SUMMARY FOR MARCH 17 2017...

CLIMATE NORMAL PERIOD 1981 TO 2010
CLIMATE RECORD PERIOD 1893 TO 2017


WEATHER ITEM   OBSERVED TIME   RECORD YEAR NORMAL DEPARTURE LAST
                VALUE   (LST)  VALUE       VALUE  FROM      YEAR
                                                  NORMAL
..................................................................
TEMPERATURE (F)
 YESTERDAY
  MAXIMUM         46    223 PM  81    2012  43      3       51
  MINIMUM         24    611 AM  -8    1909  24      0       27
  AVERAGE         35                        33      2       39

PRECIPITATION (IN)
  YESTERDAY        0.00          0.79 1965   0.08  -0.08     0.00
  MONTH TO DATE    0.85                      1.02  -0.17     0.75
  SINCE MAR 1      0.85                      1.02  -0.17     0.75
  SINCE JAN 1      4.84                      2.84   2.00     2.04

SNOWFALL (IN)
  YESTERDAY        0.0           4.2  1965   0.2   -0.2      0.0
  MONTH TO DATE   10.0                       3.7    6.3      2.2
  SINCE MAR 1     10.0                       3.7    6.3      2.2
  SINCE JUL 1     49.4                      36.2   13.2     44.9
  SNOW DEPTH       2

DEGREE DAYS
 HEATING
  YESTERDAY       30                        32     -2       26
  MONTH TO DATE  660                       598     62      420
  SINCE MAR 1    660                       598     62      420
  SINCE JUL 1   5572                      6449   -877     5519

 COOLING
  YESTERDAY        0                         0      0        0
  MONTH TO DATE    0                         0      0        0
  SINCE MAR 1      0                         0      0        0
  SINCE JAN 1      0                         0      0        0
..................................................................


WIND (MPH)
  HIGHEST WIND SPEED    31   HIGHEST WIND DIRECTION    NW (300)
  HIGHEST GUST SPEED    40   HIGHEST GUST DIRECTION    NW (300)
  AVERAGE WIND SPEED    16.9


SKY COVER
  POSSIBLE SUNSHINE  MM
  AVERAGE SKY COVER 0.5


WEATHER CONDITIONS
 THE FOLLOWING WEATHER WAS RECORDED YESTERDAY.
  FOG
  HAZE


RELATIVE HUMIDITY (PERCENT)
 HIGHEST    92           400 AM
 LOWEST     70           300 PM
 AVERAGE    81

..........................................................


THE MASON CITY IA CLIMATE NORMALS FOR TODAY
                         NORMAL    RECORD    YEAR
 MAXIMUM TEMPERATURE (F)   43        81      2012
 MINIMUM TEMPERATURE (F)   25        -6      1923


SUNRISE AND SUNSET
MARCH 18 2017.........SUNRISE   720 AM CDT   SUNSET   724 PM CDT
MARCH 19 2017.........SUNRISE   718 AM CDT   SUNSET   725 PM CDT


-  INDICATES NEGATIVE NUMBERS.
R  INDICATES RECORD WAS SET OR TIED.
MM INDICATES DATA IS MISSING.
T  INDICATES TRACE AMOUNT.

$$

ANSORGE
