000
CDUS43 KDMX 210710
CLIMCW

CLIMATE REPORT
NATIONAL WEATHER SERVICE DES MOINES IA
1254 AM CST WED JAN 21 2015

...................................

...THE MASON CITY IA CLIMATE SUMMARY FOR JANUARY 20 2015...

CLIMATE NORMAL PERIOD 1981 TO 2010
CLIMATE RECORD PERIOD 1893 TO 2015

WEATHER ITEM   OBSERVED TIME   RECORD YEAR NORMAL DEPARTURE LAST
                VALUE   (LST)  VALUE       VALUE  FROM      YEAR
                                                  NORMAL
..................................................................
TEMPERATURE (F)
 YESTERDAY
  MAXIMUM         36    237 PM  50    1944  25     11       32
  MINIMUM         32    356 AM -25    1994   7     25       -1
  AVERAGE         34                        16     18       16

PRECIPITATION (IN)
  YESTERDAY        0.02          1.06 1990   0.02   0.00     0.11
  MONTH TO DATE    0.36                      0.51  -0.15     0.31
  SINCE DEC 1      1.46                      1.75  -0.29     1.48
  SINCE JAN 1      0.36                      0.51  -0.15     0.31

SNOWFALL (IN)
  YESTERDAY        T            10.8  1990   0.3   -0.3      1.3
  MONTH TO DATE    7.6                       6.7    0.9      2.7
  SINCE DEC 1     13.3                      16.0   -2.7     17.6
  SINCE JUL 1     21.3                      20.7    0.6     19.1
  SNOW DEPTH       2

DEGREE DAYS
 HEATING
  YESTERDAY       31                        49    -18       49
  MONTH TO DATE 1016                       980     36     1076
  SINCE DEC 1   2242                      2389   -147     2656
  SINCE JUL 1   4141                      4069     72     4320

 COOLING
  YESTERDAY        0                         0      0        0
  MONTH TO DATE    0                         0      0        0
  SINCE DEC 1      0                         0      0        0
  SINCE JAN 1      0                         0      0        0
..................................................................

WIND (MPH)
  HIGHEST WIND SPEED    15   HIGHEST WIND DIRECTION    NW (320)
  HIGHEST GUST SPEED    19   HIGHEST GUST DIRECTION    NW (300)
  AVERAGE WIND SPEED     7.1

SKY COVER
  POSSIBLE SUNSHINE  MM
  AVERAGE SKY COVER 0.8

WEATHER CONDITIONS
 THE FOLLOWING WEATHER WAS RECORDED YESTERDAY.
  LIGHT RAIN
  LIGHT SNOW
  FOG

RELATIVE HUMIDITY (PERCENT)
 HIGHEST    96           100 AM
 LOWEST     89           200 AM
 AVERAGE    93

..........................................................

THE MASON CITY IA CLIMATE NORMALS FOR TODAY
                         NORMAL    RECORD    YEAR
 MAXIMUM TEMPERATURE (F)   25        48      1921
 MINIMUM TEMPERATURE (F)    7       -29      1970

SUNRISE AND SUNSET
JANUARY 21 2015.......SUNRISE   739 AM CST   SUNSET   511 PM CST
JANUARY 22 2015.......SUNRISE   738 AM CST   SUNSET   512 PM CST

-  INDICATES NEGATIVE NUMBERS.
R  INDICATES RECORD WAS SET OR TIED.
MM INDICATES DATA IS MISSING.
T  INDICATES TRACE AMOUNT.

$$

FAB
