000
CDUS43 KDMX 230734
CLIMCW

CLIMATE REPORT
NATIONAL WEATHER SERVICE DES MOINES IA
132 AM CST MON FEB 23 2015


...................................

...THE MASON CITY IA CLIMATE SUMMARY FOR FEBRUARY 22 2015...

CLIMATE NORMAL PERIOD 1981 TO 2010
CLIMATE RECORD PERIOD 1893 TO 2015


WEATHER ITEM   OBSERVED TIME   RECORD YEAR NORMAL DEPARTURE LAST
                VALUE   (LST)  VALUE       VALUE  FROM      YEAR
                                                  NORMAL
..................................................................
TEMPERATURE (F)
 YESTERDAY
  MAXIMUM          6    309 PM  58    1930  32    -26       17
  MINIMUM         -6   1159 PM -17    1929  15    -21        2
  AVERAGE          0                        23    -23       10

PRECIPITATION (IN)
  YESTERDAY        0.00          0.90 1922   0.04  -0.04     0.00
  MONTH TO DATE    0.17                      0.74  -0.57     2.06
  SINCE DEC 1      2.20                      2.80  -0.60     4.06
  SINCE JAN 1      1.10                      1.56  -0.46     2.89

SNOWFALL (IN)
  YESTERDAY        0.0           8.0  1971   0.3   -0.3      0.0
  MONTH TO DATE    7.6                       6.3    1.3     18.4
  SINCE DEC 1     23.0                      26.4   -3.4     42.5
  SINCE JUL 1     31.0                      31.1   -0.1     44.0
  SNOW DEPTH       6

DEGREE DAYS
 HEATING
  YESTERDAY       65                        42     23       55
  MONTH TO DATE 1161                       998    163     1203
  SINCE DEC 1   3801                      3929   -128     4509
  SINCE JUL 1   5700                      5609     91     6173

 COOLING
  YESTERDAY        0                         0      0        0
  MONTH TO DATE    0                         0      0        0
  SINCE DEC 1      0                         0      0        0
  SINCE JAN 1      0                         0      0        0
..................................................................


WIND (MPH)
  HIGHEST WIND SPEED    28   HIGHEST WIND DIRECTION    NW (320)
  HIGHEST GUST SPEED    33   HIGHEST GUST DIRECTION    NW (320)
  AVERAGE WIND SPEED    17.7


SKY COVER
  POSSIBLE SUNSHINE  MM
  AVERAGE SKY COVER 0.0


WEATHER CONDITIONS
 THE FOLLOWING WEATHER WAS RECORDED YESTERDAY.
  NO SIGNIFICANT WEATHER WAS OBSERVED.


RELATIVE HUMIDITY (PERCENT)
 HIGHEST    75          1100 PM
 LOWEST     54           200 PM
 AVERAGE    65

..........................................................


THE MASON CITY IA CLIMATE NORMALS FOR TODAY
                         NORMAL    RECORD    YEAR
 MAXIMUM TEMPERATURE (F)   32        57      2002
                                             2000
 MINIMUM TEMPERATURE (F)   15       -14      1910


SUNRISE AND SUNSET
FEBRUARY 23 2015......SUNRISE   659 AM CST   SUNSET   555 PM CST
FEBRUARY 24 2015......SUNRISE   658 AM CST   SUNSET   556 PM CST


-  INDICATES NEGATIVE NUMBERS.
R  INDICATES RECORD WAS SET OR TIED.
MM INDICATES DATA IS MISSING.
T  INDICATES TRACE AMOUNT.




$$
