000
CDUS43 KDMX 090649 RRA
CLIMCW

CLIMATE REPORT
NATIONAL WEATHER SERVICE DES MOINES IA
1246 AM CST THU FEB 9 2017

...................................

...THE MASON CITY IA CLIMATE SUMMARY FOR FEBRUARY 8 2017...

CLIMATE NORMAL PERIOD 1981 TO 2010
CLIMATE RECORD PERIOD 1893 TO 2017


WEATHER ITEM   OBSERVED TIME   RECORD YEAR NORMAL DEPARTURE LAST
                VALUE   (LST)  VALUE       VALUE  FROM      YEAR
                                                  NORMAL
..................................................................
TEMPERATURE (F)
 YESTERDAY
  MAXIMUM         16    403 PM  51    1999  27    -11       19
  MINIMUM          8    952 AM -33    1899  10     -2       10
  AVERAGE         12                        18     -6       15

PRECIPITATION (IN)
  YESTERDAY        0.00          0.61 1966   0.03  -0.03     0.02
  MONTH TO DATE    T                         0.25  -0.25     0.60
  SINCE DEC 1      4.07                      2.31   1.76     4.79
  SINCE JAN 1      1.91                      1.07   0.84     1.16

SNOWFALL (IN)
  YESTERDAY        0.0          14.0  1939   0.3   -0.3      0.2
  MONTH TO DATE    T                         2.6   -2.6     11.2
  SINCE DEC 1     30.6                      22.7    7.9     29.9
  SINCE JUL 1     30.6                      27.4    3.2     39.9
  SNOW DEPTH       8

DEGREE DAYS
 HEATING
  YESTERDAY       53                        47      6       50
  MONTH TO DATE  360                       380    -20      345
  SINCE DEC 1   3129                      3311   -182     2915
  SINCE JUL 1   4293                      4991   -698     4270

 COOLING
  YESTERDAY        0                         0      0        0
  MONTH TO DATE    0                         0      0        0
  SINCE DEC 1      0                         0      0        0
  SINCE JAN 1      0                         0      0        0
..................................................................


WIND (MPH)
  HIGHEST WIND SPEED    24   HIGHEST WIND DIRECTION    NW (310)
  HIGHEST GUST SPEED    30   HIGHEST GUST DIRECTION    NW (310)
  AVERAGE WIND SPEED    16.0


SKY COVER
  POSSIBLE SUNSHINE  MM
  AVERAGE SKY COVER 0.6


WEATHER CONDITIONS
 THE FOLLOWING WEATHER WAS RECORDED YESTERDAY.
  NO SIGNIFICANT WEATHER WAS OBSERVED.


RELATIVE HUMIDITY (PERCENT)
 HIGHEST    83           400 AM
 LOWEST     53           200 PM
 AVERAGE    68

..........................................................


THE MASON CITY IA CLIMATE NORMALS FOR TODAY
                         NORMAL    RECORD    YEAR
 MAXIMUM TEMPERATURE (F)   28        58      1976
 MINIMUM TEMPERATURE (F)   10       -35      1899


SUNRISE AND SUNSET
FEBRUARY  9 2017......SUNRISE   719 AM CST   SUNSET   537 PM CST
FEBRUARY 10 2017......SUNRISE   717 AM CST   SUNSET   538 PM CST


-  INDICATES NEGATIVE NUMBERS.
R  INDICATES RECORD WAS SET OR TIED.
MM INDICATES DATA IS MISSING.
T  INDICATES TRACE AMOUNT.

$$
