000
CDUS43 KDMX 160639
CLIMCW

CLIMATE REPORT
NATIONAL WEATHER SERVICE DES MOINES IA
130 AM CDT WED JUL 16 2014

...................................

...THE MASON CITY IA CLIMATE SUMMARY FOR JULY 15 2014...

CLIMATE NORMAL PERIOD 1981 TO 2010
CLIMATE RECORD PERIOD 1893 TO 2014

WEATHER ITEM   OBSERVED TIME   RECORD YEAR NORMAL DEPARTURE LAST
                VALUE   (LST)  VALUE       VALUE  FROM      YEAR
                                                  NORMAL
..................................................................
TEMPERATURE (F)
 YESTERDAY
  MAXIMUM         71    419 PM 102    1936  83    -12       87
  MINIMUM         50   1143 PM  43    1930  61    -11       59
  AVERAGE         61                        72    -11       73

PRECIPITATION (IN)
  YESTERDAY        0.00          1.20 1995   0.15  -0.15     0.00
  MONTH TO DATE    0.40                      2.29  -1.89     1.57
  SINCE JUN 1      9.04                      7.43   1.61     8.01
  SINCE JAN 1     23.08                     19.91   3.17    29.45

SNOWFALL (IN)
  YESTERDAY        0.0          MM      MM   0.0    0.0      0.0
  MONTH TO DATE    0.0                       0.0    0.0      0.0
  SINCE JUN 1      0.0                       0.0    0.0      0.0
  SINCE JUL 1      0.0                       0.0    0.0      0.0
  SNOW DEPTH       0

DEGREE DAYS
 HEATING
  YESTERDAY        4                         0      4        0
  MONTH TO DATE   17                         0     17        0
  SINCE JUN 1     30                        44    -14       53
  SINCE JUL 1     17                         0     17        0

 COOLING
  YESTERDAY        0                         7     -7        8
  MONTH TO DATE   51                       107    -56      123
  SINCE JUN 1    187                       245    -58      269
  SINCE JAN 1    240                       280    -40      306
..................................................................

WIND (MPH)
  HIGHEST WIND SPEED    23   HIGHEST WIND DIRECTION     N (340)
  HIGHEST GUST SPEED    30   HIGHEST GUST DIRECTION     N (340)
  AVERAGE WIND SPEED    11.2

SKY COVER
  POSSIBLE SUNSHINE  MM
  AVERAGE SKY COVER 0.4

WEATHER CONDITIONS
 THE FOLLOWING WEATHER WAS RECORDED YESTERDAY.
  NO SIGNIFICANT WEATHER WAS OBSERVED.

RELATIVE HUMIDITY (PERCENT)
 HIGHEST    96           200 AM
 LOWEST     45           500 PM
 AVERAGE    71
..........................................................

THE MASON CITY IA CLIMATE NORMALS FOR TODAY
                         NORMAL    RECORD    YEAR
 MAXIMUM TEMPERATURE (F)   83       103      1901
 MINIMUM TEMPERATURE (F)   61        44      1912

SUNRISE AND SUNSET
JULY 16 2014..........SUNRISE   548 AM CDT   SUNSET   850 PM CDT
JULY 17 2014..........SUNRISE   549 AM CDT   SUNSET   849 PM CDT

-  INDICATES NEGATIVE NUMBERS.
R  INDICATES RECORD WAS SET OR TIED.
MM INDICATES DATA IS MISSING.
T  INDICATES TRACE AMOUNT.

$$

FAB
