000
CDUS43 KDMX 070634
CLIMCW

CLIMATE REPORT
NATIONAL WEATHER SERVICE DES MOINES IA
133 AM CDT MON APR 7 2014


...................................

...THE MASON CITY IA CLIMATE SUMMARY FOR APRIL 6 2014...

CLIMATE NORMAL PERIOD 1981 TO 2010
CLIMATE RECORD PERIOD 1893 TO 2014


WEATHER ITEM   OBSERVED TIME   RECORD YEAR NORMAL DEPARTURE LAST
                VALUE   (LST)  VALUE       VALUE  FROM      YEAR
                                                  NORMAL
..................................................................
TEMPERATURE (F)
 YESTERDAY
  MAXIMUM         61    115 PM  89    1991  54      7       61
  MINIMUM         31    246 AM   6    1982  31      0       38
  AVERAGE         46                        42      4       50

PRECIPITATION (IN)
  YESTERDAY        0.06          1.15 1938   0.11  -0.05     0.11
  MONTH TO DATE    0.64                      0.63   0.01     0.11
  SINCE MAR 1      1.85                      2.86  -1.01     3.49
  SINCE JAN 1      4.87                      4.68   0.19     5.20

SNOWFALL (IN)
  YESTERDAY        0.0          12.0  1938   0.1   -0.1      0.0
  MONTH TO DATE    4.0                       0.8    3.2      0.0
  SINCE MAR 1     10.9                       6.8    4.1     23.8
  SINCE JUL 1     57.0                      39.3   17.7     45.8
  SNOW DEPTH       0

DEGREE DAYS
 HEATING
  YESTERDAY       19                        23     -4       15
  MONTH TO DATE  172                       143     29      170
  SINCE MAR 1   1366                      1137    229     1407
  SINCE JUL 1   7912                      6988    924     6968

 COOLING
  YESTERDAY        0                         0      0        0
  MONTH TO DATE    0                         0      0        0
  SINCE MAR 1      0                         0      0        0
  SINCE JAN 1      0                         0      0        0
..................................................................


WIND (MPH)
  HIGHEST WIND SPEED    24   HIGHEST WIND DIRECTION    SW (220)
  HIGHEST GUST SPEED    30   HIGHEST GUST DIRECTION    SW (210)
  AVERAGE WIND SPEED    12.5


SKY COVER
  POSSIBLE SUNSHINE  MM
  AVERAGE SKY COVER 0.6


WEATHER CONDITIONS
 THE FOLLOWING WEATHER WAS RECORDED YESTERDAY.
  LIGHT RAIN
  FOG


RELATIVE HUMIDITY (PERCENT)
 HIGHEST    93           900 PM
 LOWEST     53           100 PM
 AVERAGE    73

..........................................................


THE MASON CITY IA CLIMATE NORMALS FOR TODAY
                         NORMAL    RECORD    YEAR
 MAXIMUM TEMPERATURE (F)   54        80      1991
 MINIMUM TEMPERATURE (F)   32        10      1936


SUNRISE AND SUNSET
APRIL  7 2014.........SUNRISE   645 AM CDT   SUNSET   747 PM CDT
APRIL  8 2014.........SUNRISE   643 AM CDT   SUNSET   748 PM CDT


-  INDICATES NEGATIVE NUMBERS.
R  INDICATES RECORD WAS SET OR TIED.
MM INDICATES DATA IS MISSING.
T  INDICATES TRACE AMOUNT.




$$
