000
CDUS43 KDMX 240629
CLIMCW

CLIMATE REPORT
NATIONAL WEATHER SERVICE DES MOINES IA
127 AM CDT WED JUN 24 2015


...................................

...THE MASON CITY IA CLIMATE SUMMARY FOR JUNE 23 2015...

CLIMATE NORMAL PERIOD 1981 TO 2010
CLIMATE RECORD PERIOD 1893 TO 2015


WEATHER ITEM   OBSERVED TIME   RECORD YEAR NORMAL DEPARTURE LAST
                VALUE   (LST)  VALUE       VALUE  FROM      YEAR
                                                  NORMAL
..................................................................
TEMPERATURE (F)
 YESTERDAY
  MAXIMUM         77    115 PM 101    1934  82     -5       82
  MINIMUM         57   1159 PM  40    1972  59     -2       60
  AVERAGE         67                        70     -3       71

PRECIPITATION (IN)
  YESTERDAY        T             3.58 1981   0.16  -0.16     0.00
  MONTH TO DATE    4.81                      3.99   0.82     6.76
  SINCE JUN 1      4.81                      3.99   0.82     6.76
  SINCE JAN 1     15.81                     16.47  -0.66    20.80

SNOWFALL (IN)
  YESTERDAY        0.0          MM      MM   0.0    0.0      0.0
  MONTH TO DATE    0.0                       0.0    0.0      0.0
  SINCE JUN 1      0.0                       0.0    0.0      0.0
  SINCE JUL 1     40.0                      41.2   -1.2     58.0
  SNOW DEPTH       0

DEGREE DAYS
 HEATING
  YESTERDAY        0                         1     -1        0
  MONTH TO DATE   12                        42    -30       13
  SINCE JUN 1     12                        42    -30       13
  SINCE JUL 1   7696                      7677     19     8624

 COOLING
  YESTERDAY        2                         6     -4        6
  MONTH TO DATE  102                        93      9       91
  SINCE JUN 1    102                        93      9       91
  SINCE JAN 1    132                       128      4      144
..................................................................


WIND (MPH)
  HIGHEST WIND SPEED    14   HIGHEST WIND DIRECTION     N (10)
  HIGHEST GUST SPEED    17   HIGHEST GUST DIRECTION    NE (40)
  AVERAGE WIND SPEED     6.4


SKY COVER
  POSSIBLE SUNSHINE  MM
  AVERAGE SKY COVER 0.1


WEATHER CONDITIONS
 THE FOLLOWING WEATHER WAS RECORDED YESTERDAY.
  LIGHT RAIN
  FOG


RELATIVE HUMIDITY (PERCENT)
 HIGHEST    93          1100 PM
 LOWEST     49           200 PM
 AVERAGE    71

..........................................................


THE MASON CITY IA CLIMATE NORMALS FOR TODAY
                         NORMAL    RECORD    YEAR
 MAXIMUM TEMPERATURE (F)   82        97      1988
 MINIMUM TEMPERATURE (F)   59        40      1972


SUNRISE AND SUNSET
JUNE 24 2015..........SUNRISE   534 AM CDT   SUNSET   857 PM CDT
JUNE 25 2015..........SUNRISE   535 AM CDT   SUNSET   857 PM CDT


-  INDICATES NEGATIVE NUMBERS.
R  INDICATES RECORD WAS SET OR TIED.
MM INDICATES DATA IS MISSING.
T  INDICATES TRACE AMOUNT.




$$
