000
CDUS43 KDMX 050647 RRA
CLIMCW

CLIMATE REPORT
NATIONAL WEATHER SERVICE DES MOINES IA
1245 AM CST FRI FEB 5 2016

...................................

...THE MASON CITY IA CLIMATE SUMMARY FOR FEBRUARY 4 2016...

CLIMATE NORMAL PERIOD 1981 TO 2010
CLIMATE RECORD PERIOD 1893 TO 2016


WEATHER ITEM   OBSERVED TIME   RECORD YEAR NORMAL DEPARTURE LAST
                VALUE   (LST)  VALUE       VALUE  FROM      YEAR
                                                  NORMAL
..................................................................
TEMPERATURE (F)
 YESTERDAY
  MAXIMUM         26    442 PM  55    2005  26      0       15
  MINIMUM         -1    231 AM -23    1895   8     -9       -7
  AVERAGE         13                        17     -4        4

PRECIPITATION (IN)
  YESTERDAY        T             0.81 1997   0.03  -0.03      T
  MONTH TO DATE    0.33                      0.13   0.20     0.70
  SINCE DEC 1      4.52                      2.19   2.33     2.73
  SINCE JAN 1      0.89                      0.95  -0.06     1.63

SNOWFALL (IN)
  YESTERDAY        T            10.1  1997   0.4   -0.4       T
  MONTH TO DATE   11.0                       1.4    9.6      7.6
  SINCE DEC 1     29.7                      21.5    8.2     23.0
  SINCE JUL 1     39.7                      26.2   13.5     31.0
  SNOW DEPTH      12

DEGREE DAYS
 HEATING
  YESTERDAY       52                        48      4       61
  MONTH TO DATE  171                       192    -21      235
  SINCE DEC 1   2741                      3123   -382     2875
  SINCE JUL 1   4096                      4803   -707     4774

 COOLING
  YESTERDAY        0                         0      0        0
  MONTH TO DATE    0                         0      0        0
  SINCE DEC 1      0                         0      0        0
  SINCE JAN 1      0                         0      0        0
..................................................................


WIND (MPH)
  HIGHEST WIND SPEED    24   HIGHEST WIND DIRECTION    NW (320)
  HIGHEST GUST SPEED    27   HIGHEST GUST DIRECTION    NW (320)
  AVERAGE WIND SPEED    10.2


SKY COVER
  POSSIBLE SUNSHINE  MM
  AVERAGE SKY COVER 0.6


WEATHER CONDITIONS
 THE FOLLOWING WEATHER WAS RECORDED YESTERDAY.
  LIGHT SNOW
  FOG
  HAZE


RELATIVE HUMIDITY (PERCENT)
 HIGHEST    95           200 AM
 LOWEST     71          1100 AM
 AVERAGE    83

..........................................................


THE MASON CITY IA CLIMATE NORMALS FOR TODAY
                         NORMAL    RECORD    YEAR
 MAXIMUM TEMPERATURE (F)   27        53      1964
 MINIMUM TEMPERATURE (F)    9       -28      1936


SUNRISE AND SUNSET
FEBRUARY  5 2016......SUNRISE   725 AM CST   SUNSET   530 PM CST
FEBRUARY  6 2016......SUNRISE   723 AM CST   SUNSET   532 PM CST


-  INDICATES NEGATIVE NUMBERS.
R  INDICATES RECORD WAS SET OR TIED.
MM INDICATES DATA IS MISSING.
T  INDICATES TRACE AMOUNT.




$$
