000
CDUS43 KDMX 170708
CLIMCW

CLIMATE REPORT
NATIONAL WEATHER SERVICE DES MOINES IA
150 AM CDT MON APR 17 2017

...................................

...THE MASON CITY IA CLIMATE SUMMARY FOR APRIL 16 2017...

CLIMATE NORMAL PERIOD 1981 TO 2010
CLIMATE RECORD PERIOD 1893 TO 2017

WEATHER ITEM   OBSERVED TIME   RECORD YEAR NORMAL DEPARTURE LAST
                VALUE   (LST)  VALUE       VALUE  FROM      YEAR
                                                  NORMAL
..................................................................
TEMPERATURE (F)
 YESTERDAY
  MAXIMUM         68    316 PM  88    2004  59      9       80
                                      1964
  MINIMUM         43   1025 PM  18    1928  35      8       52
  AVERAGE         56                        47      9       66

PRECIPITATION (IN)
  YESTERDAY        0.00          1.50 2006   0.13  -0.13     0.00
  MONTH TO DATE    2.06                      1.85   0.21     0.12
  SINCE MAR 1      3.97                      4.08  -0.11     3.34
  SINCE JAN 1      7.96                      5.90   2.06     4.63

SNOWFALL (IN)
  YESTERDAY        0.0           0.5  1928   0.1   -0.1      0.0
  MONTH TO DATE    0.0                       1.9   -1.9       T
  SINCE MAR 1      8.5                       7.9    0.6      8.2
  SINCE JUL 1     47.9                      40.4    7.5     50.9
  SNOW DEPTH       0

DEGREE DAYS
 HEATING
  YESTERDAY        9                        18     -9        0
  MONTH TO DATE  236                       345   -109      347
  SINCE MAR 1   1254                      1339    -85     1138
  SINCE JUL 1   6166                      7190  -1024     6237

 COOLING
  YESTERDAY        0                         0      0        1
  MONTH TO DATE    0                         0      0        1
  SINCE MAR 1      0                         0      0        1
  SINCE JAN 1      0                         0      0        1
..................................................................

WIND (MPH)
  HIGHEST WIND SPEED    22   HIGHEST WIND DIRECTION    NW (320)
  HIGHEST GUST SPEED    28   HIGHEST GUST DIRECTION     W (290)
  AVERAGE WIND SPEED    12.0

SKY COVER
  POSSIBLE SUNSHINE  MM
  AVERAGE SKY COVER 0.1

WEATHER CONDITIONS
 THE FOLLOWING WEATHER WAS RECORDED YESTERDAY.
  NO SIGNIFICANT WEATHER WAS OBSERVED.

RELATIVE HUMIDITY (PERCENT)
 HIGHEST    89           100 AM
 LOWEST     22           500 PM
 AVERAGE    56
..........................................................

THE MASON CITY IA CLIMATE NORMALS FOR TODAY
                         NORMAL    RECORD    YEAR
 MAXIMUM TEMPERATURE (F)   59        88      1985
 MINIMUM TEMPERATURE (F)   36        18      1907

SUNRISE AND SUNSET
APRIL 17 2017.........SUNRISE   628 AM CDT   SUNSET   759 PM CDT
APRIL 18 2017.........SUNRISE   626 AM CDT   SUNSET   800 PM CDT

-  INDICATES NEGATIVE NUMBERS.
R  INDICATES RECORD WAS SET OR TIED.
MM INDICATES DATA IS MISSING.
T  INDICATES TRACE AMOUNT.

$$

FAB
