632
CDUS43 KDMX 200633 RRA
CLIMCW

CLIMATE REPORT
NATIONAL WEATHER SERVICE DES MOINES IA
127 AM CDT TUE JUN 20 2017

...................................

...THE MASON CITY IA CLIMATE SUMMARY FOR JUNE 19 2017...

CLIMATE NORMAL PERIOD 1981 TO 2010
CLIMATE RECORD PERIOD 1893 TO 2017


WEATHER ITEM   OBSERVED TIME   RECORD YEAR NORMAL DEPARTURE LAST
                VALUE   (LST)  VALUE       VALUE  FROM      YEAR
                                                  NORMAL
..................................................................
TEMPERATURE (F)
 YESTERDAY
  MAXIMUM         78    418 PM  97    1956  81     -3       90
                                      1953
  MINIMUM         53    258 AM  40    1926  58     -5       63
  AVERAGE         66                        69     -3       77

PRECIPITATION (IN)
  YESTERDAY        0.00          1.65 2014   0.18  -0.18     0.00
  MONTH TO DATE    0.80                      3.32  -2.52     3.57
  SINCE JUN 1      0.80                      3.32  -2.52     3.57
  SINCE JAN 1     14.95                     15.80  -0.85    14.78

SNOWFALL (IN)
  YESTERDAY        0.0          MM      MM   0.0    0.0      0.0
  MONTH TO DATE    0.0                       0.0    0.0      0.0
  SINCE JUN 1      0.0                       0.0    0.0      0.0
  SINCE JUL 1     47.9                      41.2    6.7     50.9
  SNOW DEPTH       0

DEGREE DAYS
 HEATING
  YESTERDAY        0                         1     -1        0
  MONTH TO DATE    2                        38    -36        8
  SINCE JUN 1      2                        38    -36        8
  SINCE JUL 1   6673                      7673  -1000     6633

 COOLING
  YESTERDAY        1                         5     -4       12
  MONTH TO DATE  156                        70     86      127
  SINCE JUN 1    156                        70     86      127
  SINCE JAN 1    181                       105     76      168
..................................................................


WIND (MPH)
  HIGHEST WIND SPEED    30   HIGHEST WIND DIRECTION    NW (310)
  HIGHEST GUST SPEED    37   HIGHEST GUST DIRECTION    NW (330)
  AVERAGE WIND SPEED    14.0


SKY COVER
  POSSIBLE SUNSHINE  MM
  AVERAGE SKY COVER 0.1


WEATHER CONDITIONS
 THE FOLLOWING WEATHER WAS RECORDED YESTERDAY.
  NO SIGNIFICANT WEATHER WAS OBSERVED.


RELATIVE HUMIDITY (PERCENT)
 HIGHEST    93           100 AM
 LOWEST     31           400 PM
 AVERAGE    62

..........................................................


THE MASON CITY IA CLIMATE NORMALS FOR TODAY
                         NORMAL    RECORD    YEAR
 MAXIMUM TEMPERATURE (F)   81       101      1988
 MINIMUM TEMPERATURE (F)   58        42      1969


SUNRISE AND SUNSET
JUNE 20 2017..........SUNRISE   534 AM CDT   SUNSET   856 PM CDT
JUNE 21 2017..........SUNRISE   534 AM CDT   SUNSET   857 PM CDT


-  INDICATES NEGATIVE NUMBERS.
R  INDICATES RECORD WAS SET OR TIED.
MM INDICATES DATA IS MISSING.
T  INDICATES TRACE AMOUNT.

$$

ANSORGE
