729
CDUS43 KDMX 210632 RRA
CLIMCW

CLIMATE REPORT
NATIONAL WEATHER SERVICE DES MOINES IA
132 AM CDT TUE MAR 21 2017

...................................

...THE MASON CITY IA CLIMATE SUMMARY FOR MARCH 20 2017...

CLIMATE NORMAL PERIOD 1981 TO 2010
CLIMATE RECORD PERIOD 1893 TO 2017


WEATHER ITEM   OBSERVED TIME   RECORD YEAR NORMAL DEPARTURE LAST
                VALUE   (LST)  VALUE       VALUE  FROM      YEAR
                                                  NORMAL
..................................................................
TEMPERATURE (F)
 YESTERDAY
  MAXIMUM         61    242 PM  73    1934  44     17       42
  MINIMUM         31    309 AM -13    1965  25      6       24
  AVERAGE         46                        35     11       33

PRECIPITATION (IN)
  YESTERDAY        0.00          0.94 2011   0.08  -0.08     0.00
  MONTH TO DATE    0.85                      1.26  -0.41     0.93
  SINCE MAR 1      0.85                      1.26  -0.41     0.93
  SINCE JAN 1      4.84                      3.08   1.76     2.22

SNOWFALL (IN)
  YESTERDAY        0.0          10.0  1933   0.1   -0.1      0.0
  MONTH TO DATE   10.0                       4.2    5.8      3.2
  SINCE MAR 1     10.0                       4.2    5.8      3.2
  SINCE JUL 1     49.4                      36.7   12.7     45.9
  SNOW DEPTH       0

DEGREE DAYS
 HEATING
  YESTERDAY       19                        30    -11       32
  MONTH TO DATE  731                       690     41      519
  SINCE MAR 1    731                       690     41      519
  SINCE JUL 1   5643                      6541   -898     5618

 COOLING
  YESTERDAY        0                         0      0        0
  MONTH TO DATE    0                         0      0        0
  SINCE MAR 1      0                         0      0        0
  SINCE JAN 1      0                         0      0        0
..................................................................


WIND (MPH)
  HIGHEST WIND SPEED    22   HIGHEST WIND DIRECTION     N (20)
  HIGHEST GUST SPEED    26   HIGHEST GUST DIRECTION    NE (30)
  AVERAGE WIND SPEED    10.9


SKY COVER
  POSSIBLE SUNSHINE  MM
  AVERAGE SKY COVER 0.0


WEATHER CONDITIONS
 THE FOLLOWING WEATHER WAS RECORDED YESTERDAY.
  NO SIGNIFICANT WEATHER WAS OBSERVED.


RELATIVE HUMIDITY (PERCENT)
 HIGHEST    96           200 AM
 LOWEST     36           200 PM
 AVERAGE    66

..........................................................


THE MASON CITY IA CLIMATE NORMALS FOR TODAY
                         NORMAL    RECORD    YEAR
 MAXIMUM TEMPERATURE (F)   45        81      1938
 MINIMUM TEMPERATURE (F)   26        -8      1965


SUNRISE AND SUNSET
MARCH 21 2017.........SUNRISE   714 AM CDT   SUNSET   727 PM CDT
MARCH 22 2017.........SUNRISE   712 AM CDT   SUNSET   728 PM CDT


-  INDICATES NEGATIVE NUMBERS.
R  INDICATES RECORD WAS SET OR TIED.
MM INDICATES DATA IS MISSING.
T  INDICATES TRACE AMOUNT.

$$

SMALL
