000
CDUS43 KDMX 190715 RRA
CLIMCW

CLIMATE REPORT
NATIONAL WEATHER SERVICE DES MOINES IA
145 AM CDT TUE MAY 19 2015

...................................

...THE MASON CITY IA CLIMATE SUMMARY FOR MAY 18 2015...

CLIMATE NORMAL PERIOD 1981 TO 2010
CLIMATE RECORD PERIOD 1893 TO 2015


WEATHER ITEM   OBSERVED TIME   RECORD YEAR NORMAL DEPARTURE LAST
                VALUE   (LST)  VALUE       VALUE  FROM      YEAR
                                                  NORMAL
..................................................................
TEMPERATURE (F)
 YESTERDAY
  MAXIMUM         51   1209 AM  97    1934  71    -20       71
  MINIMUM         37   1159 PM  31    2002  48    -11       49
  AVERAGE         44                        59    -15       60

PRECIPITATION (IN)
  YESTERDAY        T             1.21 1921   0.16  -0.16      T
  MONTH TO DATE    2.44                      2.66  -0.22     2.04
  SINCE MAR 1      8.04                      8.64  -0.60    10.73
  SINCE JAN 1     10.11                     10.46  -0.35    13.75

SNOWFALL (IN)
  YESTERDAY       MM            MM      MM   0.0   MM        0.0
  MONTH TO DATE    0.0                       0.1   -0.1      0.0
  SINCE MAR 1      4.2                       8.8   -4.6     11.9
  SINCE JUL 1     40.0                      41.3   -1.3     58.0
  SNOW DEPTH       0

DEGREE DAYS
 HEATING
  YESTERDAY       21                         7     14        5
  MONTH TO DATE  129                       168    -39      229
  SINCE MAR 1   1544                      1717   -173     2047
  SINCE JUL 1   7607                      7568     39     8593

 COOLING
  YESTERDAY        0                         1     -1        0
  MONTH TO DATE   16                        10      6        4
  SINCE MAR 1     16                        15      1        4
  SINCE JAN 1     16                        15      1        4
..................................................................


WIND (MPH)
  HIGHEST WIND SPEED    35   HIGHEST WIND DIRECTION     W (280)
  HIGHEST GUST SPEED    41   HIGHEST GUST DIRECTION     W (280)
  AVERAGE WIND SPEED    22.7


SKY COVER
  POSSIBLE SUNSHINE  MM
  AVERAGE SKY COVER 1.0


WEATHER CONDITIONS
 THE FOLLOWING WEATHER WAS RECORDED YESTERDAY.
  LIGHT RAIN


RELATIVE HUMIDITY (PERCENT)
 HIGHEST    80           100 AM
 LOWEST     56           100 PM
 AVERAGE    68

..........................................................


THE MASON CITY IA CLIMATE NORMALS FOR TODAY
                         NORMAL    RECORD    YEAR
 MAXIMUM TEMPERATURE (F)   71        97      1934
 MINIMUM TEMPERATURE (F)   48        27      1929


SUNRISE AND SUNSET
MAY 19 2015...........SUNRISE   546 AM CDT   SUNSET   834 PM CDT
MAY 20 2015...........SUNRISE   545 AM CDT   SUNSET   835 PM CDT


-  INDICATES NEGATIVE NUMBERS.
R  INDICATES RECORD WAS SET OR TIED.
MM INDICATES DATA IS MISSING.
T  INDICATES TRACE AMOUNT.




$$
