000
CDUS43 KDMX 190631 RRB
CLIMCW

CLIMATE REPORT
NATIONAL WEATHER SERVICE DES MOINES IA
129 AM CDT SAT JUL 19 2014


...................................

...THE MASON CITY IA CLIMATE SUMMARY FOR JULY 18 2014...

CLIMATE NORMAL PERIOD 1981 TO 2010
CLIMATE RECORD PERIOD 1893 TO 2014


WEATHER ITEM   OBSERVED TIME   RECORD YEAR NORMAL DEPARTURE LAST
                VALUE   (LST)  VALUE       VALUE  FROM      YEAR
                                                  NORMAL
..................................................................
TEMPERATURE (F)
 YESTERDAY
  MAXIMUM         79    322 PM 100    1940  83     -4       93
  MINIMUM         54    403 AM  43    1914  61     -7       71
  AVERAGE         67                        72     -5       82

PRECIPITATION (IN)
  YESTERDAY        0.00          3.13 1999   0.16  -0.16     0.00
  MONTH TO DATE    0.40                      2.75  -2.35     1.57
  SINCE JUN 1      9.04                      7.89   1.15     8.01
  SINCE JAN 1     23.08                     20.37   2.71    29.45

SNOWFALL (IN)
  YESTERDAY        0.0          MM      MM   0.0    0.0      0.0
  MONTH TO DATE    0.0                       0.0    0.0      0.0
  SINCE JUN 1      0.0                       0.0    0.0      0.0
  SINCE JUL 1      0.0                       0.0    0.0      0.0
  SNOW DEPTH       0

DEGREE DAYS
 HEATING
  YESTERDAY        0                         0      0        0
  MONTH TO DATE   21                         0     21        0
  SINCE JUN 1     34                        44    -10       53
  SINCE JUL 1     21                         0     21        0

 COOLING
  YESTERDAY        2                         7     -5       17
  MONTH TO DATE   53                       128    -75      172
  SINCE JUN 1    189                       266    -77      318
  SINCE JAN 1    242                       301    -59      355
..................................................................


WIND (MPH)
  HIGHEST WIND SPEED    18   HIGHEST WIND DIRECTION     S (180)
  HIGHEST GUST SPEED    23   HIGHEST GUST DIRECTION     S (190)
  AVERAGE WIND SPEED     8.8


SKY COVER
  POSSIBLE SUNSHINE  MM
  AVERAGE SKY COVER 0.6


WEATHER CONDITIONS
 THE FOLLOWING WEATHER WAS RECORDED YESTERDAY.
  FOG


RELATIVE HUMIDITY (PERCENT)
 HIGHEST   100          1200 AM
 LOWEST     45           300 PM
 AVERAGE    73

..........................................................


THE MASON CITY IA CLIMATE NORMALS FOR TODAY
                         NORMAL    RECORD    YEAR
 MAXIMUM TEMPERATURE (F)   83       101      1940
 MINIMUM TEMPERATURE (F)   61        46      1912


SUNRISE AND SUNSET
JULY 19 2014..........SUNRISE   551 AM CDT   SUNSET   848 PM CDT
JULY 20 2014..........SUNRISE   552 AM CDT   SUNSET   847 PM CDT


-  INDICATES NEGATIVE NUMBERS.
R  INDICATES RECORD WAS SET OR TIED.
MM INDICATES DATA IS MISSING.
T  INDICATES TRACE AMOUNT.




$$
