000
CDUS43 KDMX 250821
CLIMCW

CLIMATE REPORT
NATIONAL WEATHER SERVICE DES MOINES IA
220 AM CST WED FEB 25 2015

...................................

...THE MASON CITY IA CLIMATE SUMMARY FOR FEBRUARY 24 2015...

CLIMATE NORMAL PERIOD 1981 TO 2010
CLIMATE RECORD PERIOD 1893 TO 2015


WEATHER ITEM   OBSERVED TIME   RECORD YEAR NORMAL DEPARTURE LAST
                VALUE   (LST)  VALUE       VALUE  FROM      YEAR
                                                  NORMAL
..................................................................
TEMPERATURE (F)
 YESTERDAY
  MAXIMUM         36   1245 PM  58    1918  33      3       12
  MINIMUM         15   1225 AM -20    1913  16     -1        1
  AVERAGE         26                        24      2        7

PRECIPITATION (IN)
  YESTERDAY        0.00          0.87 2007   0.04  -0.04     0.06
  MONTH TO DATE    0.17                      0.82  -0.65     2.12
  SINCE DEC 1      2.20                      2.88  -0.68     4.12
  SINCE JAN 1      1.10                      1.64  -0.54     2.95

SNOWFALL (IN)
  YESTERDAY        0.0           5.3  2007   0.3   -0.3      1.0
  MONTH TO DATE    7.6                       6.8    0.8     19.4
  SINCE DEC 1     23.0                      26.9   -3.9     43.5
  SINCE JUL 1     31.0                      31.6   -0.6     45.0
  SNOW DEPTH       6

DEGREE DAYS
 HEATING
  YESTERDAY       39                        41     -2       58
  MONTH TO DATE 1262                      1080    182     1320
  SINCE DEC 1   3902                      4011   -109     4626
  SINCE JUL 1   5801                      5691    110     6290

 COOLING
  YESTERDAY        0                         0      0        0
  MONTH TO DATE    0                         0      0        0
  SINCE DEC 1      0                         0      0        0
  SINCE JAN 1      0                         0      0        0
..................................................................


WIND (MPH)
  HIGHEST WIND SPEED    35   HIGHEST WIND DIRECTION    NW (310)
  HIGHEST GUST SPEED    41   HIGHEST GUST DIRECTION    NW (320)
  AVERAGE WIND SPEED    20.3


SKY COVER
  POSSIBLE SUNSHINE  MM
  AVERAGE SKY COVER 0.5


WEATHER CONDITIONS
 THE FOLLOWING WEATHER WAS RECORDED YESTERDAY.
  NO SIGNIFICANT WEATHER WAS OBSERVED.


RELATIVE HUMIDITY (PERCENT)
 HIGHEST    71           800 AM
 LOWEST     43           300 PM
 AVERAGE    57

..........................................................


THE MASON CITY IA CLIMATE NORMALS FOR TODAY
                         NORMAL    RECORD    YEAR
 MAXIMUM TEMPERATURE (F)   33        62      2000
 MINIMUM TEMPERATURE (F)   16       -23      1940


SUNRISE AND SUNSET
FEBRUARY 25 2015......SUNRISE   656 AM CST   SUNSET   557 PM CST
FEBRUARY 26 2015......SUNRISE   655 AM CST   SUNSET   558 PM CST


-  INDICATES NEGATIVE NUMBERS.
R  INDICATES RECORD WAS SET OR TIED.
MM INDICATES DATA IS MISSING.
T  INDICATES TRACE AMOUNT.

$$

SMALL
