000
CDUS43 KDMX 210710 RRC
CLIMCW

CLIMATE REPORT
NATIONAL WEATHER SERVICE DES MOINES IA
208 AM CDT MON JUL 21 2014


...................................

...THE MASON CITY IA CLIMATE SUMMARY FOR JULY 20 2014...

CLIMATE NORMAL PERIOD 1981 TO 2010
CLIMATE RECORD PERIOD 1893 TO 2014


WEATHER ITEM   OBSERVED TIME   RECORD YEAR NORMAL DEPARTURE LAST
                VALUE   (LST)  VALUE       VALUE  FROM      YEAR
                                                  NORMAL
..................................................................
TEMPERATURE (F)
 YESTERDAY
  MAXIMUM         84    327 PM 104    1930  83      1       85
  MINIMUM         68    556 AM  45    1970  61      7       59
  AVERAGE         76                        72      4       72

PRECIPITATION (IN)
  YESTERDAY        0.00          2.04 1912   0.15  -0.15     0.00
  MONTH TO DATE    0.40                      3.05  -2.65     1.57
  SINCE JUN 1      9.04                      8.19   0.85     8.01
  SINCE JAN 1     23.08                     20.67   2.41    29.45

SNOWFALL (IN)
  YESTERDAY        0.0           0.0  2002   0.0    0.0      0.0
                                      2001
  MONTH TO DATE    0.0                       0.0    0.0      0.0
  SINCE JUN 1      0.0                       0.0    0.0      0.0
  SINCE JUL 1      0.0                       0.0    0.0      0.0
  SNOW DEPTH       0

DEGREE DAYS
 HEATING
  YESTERDAY        0                         0      0        0
  MONTH TO DATE   21                         0     21        0
  SINCE JUN 1     34                        44    -10       53
  SINCE JUL 1     21                         0     21        0

 COOLING
  YESTERDAY       11                         7      4        7
  MONTH TO DATE   68                       142    -74      190
  SINCE JUN 1    204                       280    -76      336
  SINCE JAN 1    257                       315    -58      373
..................................................................


WIND (MPH)
  HIGHEST WIND SPEED    24   HIGHEST WIND DIRECTION     S (170)
  HIGHEST GUST SPEED    29   HIGHEST GUST DIRECTION    SE (150)
  AVERAGE WIND SPEED    12.4


SKY COVER
  POSSIBLE SUNSHINE  MM
  AVERAGE SKY COVER 0.5


WEATHER CONDITIONS
 THE FOLLOWING WEATHER WAS RECORDED YESTERDAY.
  NO SIGNIFICANT WEATHER WAS OBSERVED.


RELATIVE HUMIDITY (PERCENT)
 HIGHEST    87          1200 AM
 LOWEST     55          1200 PM
 AVERAGE    71

..........................................................


THE MASON CITY IA CLIMATE NORMALS FOR TODAY
                         NORMAL    RECORD    YEAR
 MAXIMUM TEMPERATURE (F)   83       100      1901
 MINIMUM TEMPERATURE (F)   61        45      1992


SUNRISE AND SUNSET
JULY 21 2014..........SUNRISE   553 AM CDT   SUNSET   846 PM CDT
JULY 22 2014..........SUNRISE   554 AM CDT   SUNSET   845 PM CDT


-  INDICATES NEGATIVE NUMBERS.
R  INDICATES RECORD WAS SET OR TIED.
MM INDICATES DATA IS MISSING.
T  INDICATES TRACE AMOUNT.




$$
