000
CDUS43 KDMX 210637
CLIMCW

CLIMATE REPORT
NATIONAL WEATHER SERVICE DES MOINES IA
1234 AM CST MON NOV 21 2016

...................................

...THE MASON CITY IA CLIMATE SUMMARY FOR NOVEMBER 20 2016...

CLIMATE NORMAL PERIOD 1981 TO 2010
CLIMATE RECORD PERIOD 1893 TO 2016


WEATHER ITEM   OBSERVED TIME   RECORD YEAR NORMAL DEPARTURE LAST
                VALUE   (LST)  VALUE       VALUE  FROM      YEAR
                                                  NORMAL
..................................................................
TEMPERATURE (F)
 YESTERDAY
  MAXIMUM         36    238 PM  72    1897  40     -4       33
  MINIMUM         15    333 AM  -2    2014  22     -7       23
  AVERAGE         26                        31     -5       28

PRECIPITATION (IN)
  YESTERDAY        0.00          1.48 1973   0.06  -0.06     0.53
  MONTH TO DATE    0.04                      1.32  -1.28     2.06
  SINCE SEP 1     13.23                      7.04   6.19     7.60
  SINCE JAN 1     44.49                     33.40  11.09    35.41

SNOWFALL (IN)
  YESTERDAY        0.0           9.0  2015   0.2   -0.2      9.8
  MONTH TO DATE    0.0                       2.1   -2.1      9.8
  SINCE SEP 1      0.0                       2.5   -2.5      9.8
  SINCE JUL 1      0.0                       2.5   -2.5      9.8
  SNOW DEPTH       0

DEGREE DAYS
 HEATING
  YESTERDAY       39                        34      5       37
  MONTH TO DATE  383                       569   -186      384
  SINCE SEP 1    856                      1271   -415      911
  SINCE JUL 1    874                      1307   -433      969

 COOLING
  YESTERDAY        0                         0      0        0
  MONTH TO DATE    0                         0      0        0
  SINCE SEP 1     89                        60     29      135
  SINCE JAN 1    697                       616     81      652
..................................................................


WIND (MPH)
  HIGHEST WIND SPEED    10   HIGHEST WIND DIRECTION    SE (120)
  HIGHEST GUST SPEED    14   HIGHEST GUST DIRECTION     E (110)
  AVERAGE WIND SPEED     5.1


SKY COVER
  POSSIBLE SUNSHINE  MM
  AVERAGE SKY COVER 0.0


WEATHER CONDITIONS
 THE FOLLOWING WEATHER WAS RECORDED YESTERDAY.
  NO SIGNIFICANT WEATHER WAS OBSERVED.


RELATIVE HUMIDITY (PERCENT)
 HIGHEST    88          1200 AM
 LOWEST     47           200 PM
 AVERAGE    68

..........................................................


THE MASON CITY IA CLIMATE NORMALS FOR TODAY
                         NORMAL    RECORD    YEAR
 MAXIMUM TEMPERATURE (F)   39        71      2012
 MINIMUM TEMPERATURE (F)   21        -3      2014
                                             1937


SUNRISE AND SUNSET
NOVEMBER 21 2016......SUNRISE   714 AM CST   SUNSET   444 PM CST
NOVEMBER 22 2016......SUNRISE   715 AM CST   SUNSET   443 PM CST


-  INDICATES NEGATIVE NUMBERS.
R  INDICATES RECORD WAS SET OR TIED.
MM INDICATES DATA IS MISSING.
T  INDICATES TRACE AMOUNT.

$$

REV
