000
CDUS43 KDMX 190630 RRA
CLIMCW

CLIMATE REPORT
NATIONAL WEATHER SERVICE DES MOINES IA
1228 AM CST MON JAN 19 2015

...................................

...THE MASON CITY IA CLIMATE SUMMARY FOR JANUARY 18 2015...

CLIMATE NORMAL PERIOD 1981 TO 2010
CLIMATE RECORD PERIOD 1893 TO 2015


WEATHER ITEM   OBSERVED TIME   RECORD YEAR NORMAL DEPARTURE LAST
                VALUE   (LST)  VALUE       VALUE  FROM      YEAR
                                                  NORMAL
..................................................................
TEMPERATURE (F)
 YESTERDAY
  MAXIMUM         39    340 PM  50    1944  25     14       19
  MINIMUM         22    928 PM -30    1967   7     15        8
  AVERAGE         31                        16     15       14

PRECIPITATION (IN)
  YESTERDAY        0.00          0.90 2014   0.02  -0.02     0.09
  MONTH TO DATE    0.33                      0.46  -0.13     0.20
  SINCE DEC 1      1.43                      1.70  -0.27     1.37
  SINCE JAN 1      0.33                      0.46  -0.13     0.20

SNOWFALL (IN)
  YESTERDAY        0.0           5.5  1931   0.4   -0.4      1.0
  MONTH TO DATE    7.6                       6.0    1.6      1.4
  SINCE DEC 1     13.3                      15.3   -2.0     16.3
  SINCE JUL 1     21.3                      20.0    1.3     17.8
  SNOW DEPTH       3

DEGREE DAYS
 HEATING
  YESTERDAY       34                        49    -15       51
  MONTH TO DATE  950                       882     68      992
  SINCE DEC 1   2176                      2291   -115     2572
  SINCE JUL 1   4075                      3971    104     4236

 COOLING
  YESTERDAY        0                         0      0        0
  MONTH TO DATE    0                         0      0        0
  SINCE DEC 1      0                         0      0        0
  SINCE JAN 1      0                         0      0        0
..................................................................


WIND (MPH)
  HIGHEST WIND SPEED    17   HIGHEST WIND DIRECTION     W (280)
  HIGHEST GUST SPEED    22   HIGHEST GUST DIRECTION     W (280)
  AVERAGE WIND SPEED     9.2


SKY COVER
  POSSIBLE SUNSHINE  MM
  AVERAGE SKY COVER 0.0


WEATHER CONDITIONS
 THE FOLLOWING WEATHER WAS RECORDED YESTERDAY.
  FOG
  FOG W/VISIBILITY <= 1/4 MILE


RELATIVE HUMIDITY (PERCENT)
 HIGHEST    96           900 PM
 LOWEST     70           100 PM
 AVERAGE    83

..........................................................


THE MASON CITY IA CLIMATE NORMALS FOR TODAY
                         NORMAL    RECORD    YEAR
 MAXIMUM TEMPERATURE (F)   25        50      1981
 MINIMUM TEMPERATURE (F)    7       -26      1970


SUNRISE AND SUNSET
JANUARY 19 2015.......SUNRISE   740 AM CST   SUNSET   508 PM CST
JANUARY 20 2015.......SUNRISE   739 AM CST   SUNSET   510 PM CST


-  INDICATES NEGATIVE NUMBERS.
R  INDICATES RECORD WAS SET OR TIED.
MM INDICATES DATA IS MISSING.
T  INDICATES TRACE AMOUNT.




$$
